000
CXUS55 KSEW 011809
CF6OLM
PRELIMINARY LOCAL CLIMATOLOGICAL DATA (WS FORM: F-6)
STATION: OLYMPIA WA AIRPORT
MONTH: OCTOBER
YEAR: 2023
LATITUDE: 46 58 N
LONGITUDE: 122 54 W
TEMPERATURE IN F: :PCPN: SNOW: WIND :SUNSHINE: SKY :PK WND
================================================================================
1 2 3 4 5 6A 6B 7 8 9 10 11 12 13 14 15 16 17 18
12Z AVG MX 2MIN
DY MAX MIN AVG DEP HDD CDD WTR SNW DPTH SPD SPD DIR MIN PSBL S-S WX SPD DR
================================================================================
1 67 38 53 -2 12 0 0.00 M M 1.2 9 330 M M 4 128 14 60
2 56 44 50 -5 15 0 0.29 M M 7.1 14 200 M M 9 1 21 210
3 62 53 58 4 7 0 0.03 M M 2.4 9 20 M M 10 1 12 20
4 69 48 59 5 6 0 0.00 M M 2.3 10 20 M M 5 1 17 40
5 70 47 59 5 6 0 0.00 M M 6.9 17 40 M M 2 12 27 40
6 76 45 61 8 4 0 0.00 M M 3.5 10 30 M M 2 12 16 20
7 84 43 64 11 1 0 0.00 M M 1.9 8 20 M M 2 12 9 220
8 77 46 62 9 3 0 0.00 M M 1.6 9 30 M M 4 12 11 40
9 64 49 57 5 8 0 0.04 M M 5.2 20 200 M M 5 1 29 200
10 60 49 55 3 10 0 0.85 M M 8.5 22 170 M M 9 1 33 170
11 61 52 57 5 8 0 0.47 M M 8.5 24 160 M M 10 1 33 160
12 66 41 54 3 11 0 T M M 2.5 12 20 M M 5 12 16 20
13 65 38 52 1 13 0 0.17 M M 1.6 14 180 M M 7 12 19 170
14 62 52 57 6 8 0 0.06 M M 2.1 8 200 M M 7 12 12 190
15 59 48 54 4 11 0 0.01 M M 2.2 8 10 M M 7 12 10 10
16 62 47 55 5 10 0 0.63 M M 6.1 22 230 M M 8 12 33 230
17 60 43 52 2 13 0 0.06 M M 2.4 7 20 M M 8 12 9 270
18 74 47 61 11 4 0 0.00 M M 4.3 9 220 M M 4 128 14 240
19 71 45 58 9 7 0 0.00 M M 5.3 14 200 M M 6 12 19 210
20 65 50 58 9 7 0 0.00 M M 6.3 16 20 M M 6 1 22 30
21 56 47 52 3 13 0 0.01 M M 2.6 9 30 M M 9 12 12 10
22 59 43 51 3 14 0 T M M 3.2 10 20 M M 8 1 17 20
23 57 42 50 2 15 0 0.00 M M 9.3 21 230 M M 7 32 240
24 49 40 45 -3 20 0 0.66 M M 8.2 21 170 M M 7 1 29 160
25 M M M M M M 0.13 M M 2.9 12 350 M M 8 18 18 170
26 51 27 39 -9 26 0 0.00 M M 2.1 7 190 M M 6 128 11 250
27 54 20 37 -10 28 0 0.00 M M 3.5 14 30 M M 2 128 21 30
28 54 24 39 -8 26 0 0.00 M M 1.9 12 50 M M 0 18 17 30
29 57 25 41 -6 24 0 T M M 1.3 8 50 M M 2 12 11 60
30 60 27 44 -3 21 0 0.00 M M 1.6 8 350 M M 3 18 12 80
31 57 27 42 -4 23 0 0.00 M M 0.5 5 80 M M 4 128 6 220
================================================================================
SM 1884 1247 374 0 3.41 M 119.0 M 176
================================================================================
AV 62.8 41.6 3.8 FASTST M M 6 MAX(MPH)
MISC ----> 24 160 # 33 170
================================================================================
NOTES:
# LAST OF SEVERAL OCCURRENCES
COLUMN 17 PEAK WIND IN M.P.H.
PRELIMINARY LOCAL CLIMATOLOGICAL DATA (WS FORM: F-6) , PAGE 2
STATION: OLYMPIA WA AIRPORT
MONTH: OCTOBER
YEAR: 2023
LATITUDE: 46 58 N
LONGITUDE: 122 54 W
[TEMPERATURE DATA] [PRECIPITATION DATA] SYMBOLS USED IN COLUMN 16
AVERAGE MONTHLY: 52.2 TOTAL FOR MONTH: 3.41 1 = FOG OR MIST
DPTR FM NORMAL: 1.9 DPTR FM NORMAL: -1.66 2 = FOG REDUCING VISIBILITY
HIGHEST: 84 ON 7 GRTST 24HR 1.02 ON 10-11 TO 1/4 MILE OR LESS
LOWEST: 20 ON 27 3 = THUNDER
SNOW, ICE PELLETS, HAIL 4 = ICE PELLETS
TOTAL MONTH: M 5 = HAIL
GRTST 24HR M ON M 6 = FREEZING RAIN OR DRIZZLE
GRTST DEPTH: M ON M 7 = DUSTSTORM OR SANDSTORM:
VSBY 1/2 MILE OR LESS
8 = SMOKE OR HAZE
[NO. OF DAYS WITH] [WEATHER - DAYS WITH] 9 = BLOWING SNOW
X = TORNADO
MAX 32 OR BELOW: 0 0.01 INCH OR MORE: 13
MAX 90 OR ABOVE: 0 0.10 INCH OR MORE: 7
MIN 32 OR BELOW: 6 0.50 INCH OR MORE: 3
MIN 0 OR BELOW: 0 1.00 INCH OR MORE: 0
[HDD (BASE 65) ]
TOTAL THIS MO. 374 CLEAR (SCALE 0-3) 7
DPTR FM NORMAL -80 PTCLDY (SCALE 4-7) 17
TOTAL FM JUL 1 594 CLOUDY (SCALE 8-10) 7
DPTR FM NORMAL -182
[CDD (BASE 65) ]
TOTAL THIS MO. 0
DPTR FM NORMAL 0 [PRESSURE DATA]
TOTAL FM JAN 1 203 HIGHEST SLP 30.56 ON 28
DPTR FM NORMAL 90 LOWEST SLP 29.43 ON 10
[REMARKS]
#FINAL-10-23#
CORRECTED LOW TEMP ON THE 27TH AND PRECIP ON THE 29TH