000
CXUS53 KOAX 010930
CF6OMA
PRELIMINARY LOCAL CLIMATOLOGICAL DATA (WS FORM: F-6)
STATION: OMAHA NE
MONTH: APRIL
YEAR: 2023
LATITUDE: 41 17 N
LONGITUDE: 95 54 W
TEMPERATURE IN F: :PCPN: SNOW: WIND :SUNSHINE: SKY :PK WND
================================================================================
1 2 3 4 5 6A 6B 7 8 9 10 11 12 13 14 15 16 17 18
12Z AVG MX 2MIN
DY MAX MIN AVG DEP HDD CDD WTR SNW DPTH SPD SPD DIR MIN PSBL S-S WX SPD DR
================================================================================
1 55 28 42 -6 23 0 T T 0 13.8 35 310 M M 5 1 49 300
2 73 38 56 8 9 0 0.00 0.0 0 13.2 22 170 M M 7 31 50
3 61 35 48 0 17 0 0.00 0.0 0 12.3 25 50 M M 8 35 60
4 75 36 56 7 9 0 0.00 0.0 0 12.3 28 310 M M 7 37 310
5 46 27 37 -12 28 0 0.00 0.0 0 18.6 31 310 M M 5 43 300
6 59 21 40 -10 25 0 0.00 0.0 0 7.7 20 170 M M 2 28 160
7 70 33 52 2 13 0 0.00 0.0 0 12.1 24 210 M M 1 34 220
8 73 45 59 9 6 0 0.00 0.0 0 17.3 25 160 M M 4 36 170
9 77 42 60 10 5 0 0.03 0.0 0 13.5 24 150 M M 9 3 35 150
10 73 50 62 11 3 0 0.08 0.0 0 7.2 22 180 M M 4 3 29 180
11 83 49 66 15 0 1 0.00 0.0 0 13.3 26 200 M M 5 35 200
12 88 57 73 21 0 8 0.00 0.0 0 16.9 26 180 M M 0 37 210
13 87 56 72 20 0 7 0.00 0.0 0 21.0 35 170 M M 1 48 160
14 84 53 69 17 0 4 1.09 0.0 0 15.8 35 40 M M 6 13 42 30
15 53 38 46 -6 19 0 0.13 0.0 0 18.4 29 330 M M 10 13 39 340
16 56 37 47 -6 18 0 0.00 0.0 0 23.6 38 320 M M 7 52 320
17 67 32 50 -3 15 0 0.00 0.0 0 7.2 18 310 M M 1 26 320
18 72 42 57 4 8 0 T 0.0 0 16.5 29 130 M M 6 3 40 130
19 78 53 66 12 0 1 0.21 0.0 0 14.3 26 160 M M 9 13 35 120
20 57 41 49 -5 16 0 1.74 0.0 0 15.5 35 60 M M 7 13 44 300
21 48 34 41 -13 24 0 T T 0 16.1 28 310 M M 6 37 270
22 46 30 38 -17 27 0 T T 0 15.0 26 330 M M 8 38 310
23 56 26 41 -14 24 0 0.00 0.0 0 4.2 18 320 M M 3 23 330
24 67 36 52 -3 13 0 T 0.0 0 6.8 17 50 M M 7 20 50
25 64 41 53 -3 12 0 0.00 0.0 0 7.0 16 70 M M 5 21 80
26 68 42 55 -1 10 0 0.00 0.0 0 7.5 15 170 M M 5 20 140
27 70 44 57 1 8 0 0.00 0.0 0 9.6 21 180 M M 6 29 180
28 56 41 49 -8 16 0 0.03 0.0 0 10.7 25 350 M M 8 1 34 350
29 70 36 53 -4 12 0 0.00 0.0 0 9.2 31 340 M M 3 42 30
30 61 40 51 -7 14 0 0.00 0.0 0 22.0 38 320 M M 3 57 360
================================================================================
SM 1993 1183 374 21 3.31 T 398.6 M 158
================================================================================
AV 66.4 39.4 13.3 FASTST M M 5 MAX(MPH)
MISC ----> # 38 320 57 360
================================================================================
NOTES:
# LAST OF SEVERAL OCCURRENCES
COLUMN 17 PEAK WIND IN M.P.H.
PRELIMINARY LOCAL CLIMATOLOGICAL DATA (WS FORM: F-6) , PAGE 2
STATION: OMAHA NE
MONTH: APRIL
YEAR: 2023
LATITUDE: 41 17 N
LONGITUDE: 95 54 W
[TEMPERATURE DATA] [PRECIPITATION DATA] SYMBOLS USED IN COLUMN 16
AVERAGE MONTHLY: 52.9 TOTAL FOR MONTH: 3.31 1 = FOG OR MIST
DPTR FM NORMAL: 0.3 DPTR FM NORMAL: 0.14 2 = FOG REDUCING VISIBILITY
HIGHEST: 88 ON 12 GRTST 24HR 1.74 ON 20-20 TO 1/4 MILE OR LESS
LOWEST: 21 ON 6 3 = THUNDER
SNOW, ICE PELLETS, HAIL 4 = ICE PELLETS
TOTAL MONTH: T 5 = HAIL
GRTST 24HR T ON 1- 1 6 = FREEZING RAIN OR DRIZZLE
GRTST DEPTH: 0 7 = DUSTSTORM OR SANDSTORM:
VSBY 1/2 MILE OR LESS
8 = SMOKE OR HAZE
[NO. OF DAYS WITH] [WEATHER - DAYS WITH] 9 = BLOWING SNOW
X = TORNADO
MAX 32 OR BELOW: 0 0.01 INCH OR MORE: 7
MAX 90 OR ABOVE: 0 0.10 INCH OR MORE: 4
MIN 32 OR BELOW: 6 0.50 INCH OR MORE: 2
MIN 0 OR BELOW: 0 1.00 INCH OR MORE: 2
[HDD (BASE 65) ]
TOTAL THIS MO. 374 CLEAR (SCALE 0-3) 6
DPTR FM NORMAL -12 PTCLDY (SCALE 4-7) 19
TOTAL FM JUL 1 5868 CLOUDY (SCALE 8-10) 5
DPTR FM NORMAL 179
[CDD (BASE 65) ]
TOTAL THIS MO. 21
DPTR FM NORMAL 7 [PRESSURE DATA]
TOTAL FM JAN 1 21 HIGHEST SLP 30.47 ON 6
DPTR FM NORMAL 5 LOWEST SLP 29.25 ON 4
[REMARKS]
#FINAL-04-23#