000
CXUS53 KOAX 011224
CLMOMA
CLIMATE REPORT
NATIONAL WEATHER SERVICE OMAHA/VALLEY NE
624 AM CST THU FEB 01 2024
...................................
...THE OMAHA NE CLIMATE SUMMARY FOR THE MONTH OF JANUARY 2024...
CLIMATE NORMAL PERIOD 1991 TO 2020
CLIMATE RECORD PERIOD 1871 TO 2024
WEATHER OBSERVED NORMAL DEPART
VALUE DATE(S) VALUE FROM
NORMAL
................................................
TEMPERATURE (F)
HIGHEST 57 01/31
LOWEST -16 01/14
AVG. MAXIMUM 28.1 33.6 -5.5
AVG. MINIMUM 13.6 15.2 -1.6
MEAN 20.9 24.4 -3.5
DAYS MAX >= 90 0
DAYS MAX <= 32 14
DAYS MIN <= 32 31
DAYS MIN <= 0 8
PRECIPITATION (INCHES)
RECORD
MAXIMUM 3.70 1949
MINIMUM T 1986
TOTALS 0.88 0.75 0.13
DAYS >= .01 6
DAYS >= .10 3
DAYS >= .50 0
DAYS >= 1.00 0
GREATEST
24 HR. TOTAL 0.42 01/08 TO 01/09
SNOWFALL (INCHES)
RECORDS
TOTAL 25.7 1936
TOTALS 13.8 7.2 6.6
SINCE 7/1 17.3
DAYS >= 1.0 5
GREATEST
SNOW DEPTH 10 01/20
01/21
01/22
24 HR TOTAL 6.2 01/12 TO 01/12
DEGREE DAYS
HEATING TOTAL 1361 1258 103
SINCE 7/1 3315 3550 -235
COOLING TOTAL 0 0 0
SINCE 1/1 0 0 0
................................................
WIND (MPH)
AVERAGE WIND SPEED 9.7
HIGHEST WIND SPEED/DIRECTION 33/340 DATE 01/09
33/340 01/12
HIGHEST GUST SPEED/DIRECTION 45/330 DATE 01/09
45/350 01/12
SKY COVER
AVERAGE SKY COVER 0.65
WEATHER CONDITIONS. NUMBER OF DAYS WITH
THUNDERSTORM 0 MIXED PRECIP 0
HEAVY RAIN 0 RAIN 0
LIGHT RAIN 4 FREEZING RAIN 0
LT FREEZING RAIN 0 HAIL 0
HEAVY SNOW 2 SNOW 3
LIGHT SNOW 10 SLEET 1
FOG 22 FOG W/VIS <= 1/4 MILE 6
HAZE 4
- INDICATES NEGATIVE NUMBERS.
R INDICATES RECORD WAS SET OR TIED.
MM INDICATES DATA IS MISSING.
T INDICATES TRACE AMOUNT.
&&
JANUARY IN OMAHA WAS COOLER AND WETTER THAN NORMAL. THE MONTH ENDED
UP 3.5 DEGREES BELOW NORMAL FOR AVERAGE TEMPERATURE AND 0.13 INCHES
ABOVE NORMAL FOR PRECIPITATION. IT WAS THE 18TH SNOWIEST DECEMBER ON
RECORD. SNOWFALL WAS 6.6 INCHES ABOVE NORMAL.
NEW DAILY RECORDS FOR JANUARY
DATE RECORD VALUE PREVIOUS RECORD
JAN 12 SNOWFALL 6.2 6.0 IN 1890
$$
DEWALD