000
CXUS53 KARX 010900
CF6ONA
PRELIMINARY LOCAL CLIMATOLOGICAL DATA (WS FORM: F-6)
STATION: WINONA_MUNI_(AWOS) MN
MONTH: MAY
YEAR: 2021
LATITUDE: 44 4 N
LONGITUDE: 91 42 W
TEMPERATURE IN F: :PCPN: SNOW: WIND :SUNSHINE: SKY :PK WND
================================================================================
1 2 3 4 5 6A 6B 7 8 9 10 11 12 13 14 15 16 17 18
12Z AVG MX 2MIN
DY MAX MIN AVG DEP HDD CDD WTR SNW DPTH SPD SPD DIR MIN PSBL S-S WX SPD DR
================================================================================
1 86 50 68 M 0 3 0.00 0.0 0 5.4 14 230 M M 1 21 260
2 81 59 70 M 0 5 0.58 0.0 0 3.7 8 70 M M 4 38 18 60
3 68 54 61 M 4 0 0.69 0.0 0 7.6 21 320 M M 8 13 27 320
4 57 37 47 M 18 0 0.00 0.0 0 8.3 20 310 M M 6 24 310
5 59 34 47 M 18 0 M 0.0 0 2.9 12 280 M M 5 17 0
6 61 39 50 M 15 0 M 0.0 0 6.0 14 310 M M 4 31 300
7 55 37 46 M 19 0 0.00 0.0 0 4.7 12 360 M M 4 21 360
8 55 32 44 M 21 0 0.00 0.0 0 2.4 9 90 M M 0 16 90
9 64 36 50 M 15 0 0.00 0.0 0 4.6 12 340 M M 2 21 300
10 55 34 45 M 20 0 0.00 0.0 0 3.7 9 40 M M 5 17 110
11 61 30 46 M 19 0 0.00 0.0 0 1.5 8 330 M M 0 M M
12 68 32 50 M 15 0 0.00 0.0 0 1.8 10 220 M M 1 M M
13 70 37 54 M 11 0 0.00 0.0 0 2.1 8 220 M M 2 M M
14 68 43 56 M 9 0 0.02 0.0 0 3.9 10 220 M M 5 18 180
15 68 52 60 M 5 0 0.01 0.0 0 4.6 10 120 M M 7 M M
16 73 54 64 M 1 0 M 0.0 M 3.7 8 210 M M 7 1 17 130
17 77 46 62 M 3 0 0.00 0.0 0 4.3 13 120 M M 1 1 16 130
18 72 50 61 M 4 0 0.10 M M 8.3 20 130 M M 7 23 130
19 70 63 67 M 0 2 0.16 0.0 M 4.2 8 130 M M 8 1 M M
20 73 64 69 M 0 4 0.51 0.0 M 3.9 8 140 M M 9 1 M M
21 79 64 72 M 0 7 0.16 0.0 0 2.5 10 230 M M 7 22 190
22 82 66 74 M 0 9 0.00 0.0 0 5.0 9 240 M M 6 16 220
23 77 64 71 M 0 6 0.14 0.0 0 2.4 10 130 M M 9 M M
24 84 63 74 M 0 9 0.11 0.0 0 7.2 14 210 M M 4 1 23 210
25 84 70 77 M 0 12 T 0.0 0 7.4 16 310 M M 5 25 200
26 70 54 62 M 3 0 0.00 0.0 0 7.3 14 340 M M 1 22 330
27 54 41 48 M 17 0 0.82 M M 9.0 18 100 M M 9 1 28 100
28 59 37 48 M 17 0 0.05 M M 6.3 10 90 M M 6 1 18 50
29 64 36 50 M 15 0 0.00 0.0 0 2.0 9 100 M M 2 1 M M
30 59 43 51 M 14 0 0.02 0.0 0 0.9 6 130 M M 6 M M
31 75 45 60 M 5 0 0.22 M M 2.9 10 220 M M 3 12 31 220
================================================================================
SM 2128 1466 268 57 3.59 0.0 140.6 M 144
================================================================================
AV 68.6 47.3 4.5 FASTST M M 5 MAX(MPH)
MISC ----> 21 320 # 31 300
================================================================================
NOTES:
# LAST OF SEVERAL OCCURRENCES
COLUMN 17 PEAK WIND IN M.P.H.
PRELIMINARY LOCAL CLIMATOLOGICAL DATA (WS FORM: F-6) , PAGE 2
STATION: WINONA_MUNI_(AWOS) MN
MONTH: MAY
YEAR: 2021
LATITUDE: 44 4 N
LONGITUDE: 91 42 W
[TEMPERATURE DATA] [PRECIPITATION DATA] SYMBOLS USED IN COLUMN 16
AVERAGE MONTHLY: 58.0 TOTAL FOR MONTH: 3.59 1 = FOG OR MIST
DPTR FM NORMAL: 0.0 DPTR FM NORMAL: M 2 = FOG REDUCING VISIBILITY
HIGHEST: 86 ON 1 GRTST 24HR 0.82 ON 27-27 TO 1/4 MILE OR LESS
LOWEST: 30 ON 11 3 = THUNDER
SNOW, ICE PELLETS, HAIL 4 = ICE PELLETS
TOTAL MONTH: 0.0 INCH 5 = HAIL
GRTST 24HR 0.0 6 = FREEZING RAIN OR DRIZZLE
GRTST DEPTH: 0 7 = DUSTSTORM OR SANDSTORM:
VSBY 1/2 MILE OR LESS
8 = SMOKE OR HAZE
[NO. OF DAYS WITH] [WEATHER - DAYS WITH] 9 = BLOWING SNOW
X = TORNADO
MAX 32 OR BELOW: 0 0.01 INCH OR MORE: 14
MAX 90 OR ABOVE: 0 0.10 INCH OR MORE: 10
MIN 32 OR BELOW: 3 0.50 INCH OR MORE: 4
MIN 0 OR BELOW: 0 1.00 INCH OR MORE: 0
[HDD (BASE 65) ]
TOTAL THIS MO. 268 CLEAR (SCALE 0-3) 9
DPTR FM NORMAL M PTCLDY (SCALE 4-7) 17
TOTAL FM JUL 1 6896 CLOUDY (SCALE 8-10) 5
DPTR FM NORMAL M
[CDD (BASE 65) ]
TOTAL THIS MO. 57
DPTR FM NORMAL M [PRESSURE DATA]
TOTAL FM JAN 1 65 HIGHEST SLP M ON M
DPTR FM NORMAL M LOWEST SLP M ON M
[REMARKS]
#FINAL-05-21#