000
CXUS53 KARX 181946
CF6ONA
PRELIMINARY LOCAL CLIMATOLOGICAL DATA (WS FORM: F-6)
STATION: WINONA_MUNI_(AWOS) MN
MONTH: JANUARY
YEAR: 2024
LATITUDE: 44 4 N
LONGITUDE: 91 42 W
TEMPERATURE IN F: :PCPN: SNOW: WIND :SUNSHINE: SKY :PK WND
================================================================================
1 2 3 4 5 6A 6B 7 8 9 10 11 12 13 14 15 16 17 18
12Z AVG MX 2MIN
DY MAX MIN AVG DEP HDD CDD WTR SNW DPTH SPD SPD DIR MIN PSBL S-S WX SPD DR
================================================================================
1 28 23 26 M 39 0 0.00 0.0 0 4.0 7 240 M M 9 M M
2 34 25 30 M 35 0 0.00 0.0 0 3.4 9 310 M M 7 M M
3 34 28 31 M 34 0 0.00 0.0 0 6.2 13 330 M M 10 17 320
4 30 27 29 M 36 0 0.00 0.0 0 2.4 6 310 M M 10 M M
5 37 27 32 M 33 0 0.00 0.0 0 3.2 7 120 M M 5 M M
6 32 30 31 M 34 0 0.00 0.0 0 1.3 6 280 M M 10 M M
7 32 28 30 M 35 0 0.00 0.0 0 3.5 8 320 M M 10 M M
8 32 27 30 M 35 0 T T 0 6.7 13 110 M M 10 16 130
9 32 32 32 M 33 0 M M M 6.9 10 360 M M 10 18 340
10 32 27 30 M 35 0 0.03 M M 4.6 10 320 M M 10 20 320
11 27 14 21 M 44 0 0.02 M M 3.4 8 340 M M 8 1 M M
12 21 14 18 M 47 0 M M M 10.0 20 330 M M 10 24 330
13 21 -2 10 M 55 0 M M M 13.8 24 320 M M 10 18 31 320
14 1 -8 -3 M 68 0 M M M 9.3 14 290 M M 7 8 22 300
15 5 -9 -2 M 67 0 0.00 0.0 M 7.2 12 300 M M 0 22 300
16 9 -4 3 M 62 0 0.00 0.0 M 8.1 12 260 M M 0 23 260
17 14 0 7 M 58 0 0.00 0.0 M 3.7 10 290 M M 1 17 290
18 12 0 6 M 59 0 M M M 4.7 14 320 M M 4 18 350
19 9 1 5 M 60 0 M M M 7.7 13 330 M M 4 8 18 320
20 12 -9 2 M 63 0 0.00 0.0 M 2.1 8 320 M M 0 M M
21 23 0 12 M 53 0 0.00 0.0 M 5.9 9 160 M M 3 20 190
22 34 23 29 M 36 0 0.00 0.0 M 4.3 10 190 M M 4 18 190
23 34 32 33 M 32 0 0.00 0.0 M 2.5 7 120 M M 10 M M
24 34 32 33 M 32 0 0.00 0.0 M 1.9 7 130 M M 10 1 M M
25 36 32 34 M 31 0 0.03 0.0 M 1.5 5 130 M M 10 1 M M
26 36 34 35 M 30 0 0.02 0.0 M 1.2 5 330 M M 10 1 M M
27 34 32 33 M 32 0 0.00 0.0 M 3.3 9 330 M M 10 1 M M
28 34 30 32 M 33 0 0.00 0.0 M 4.0 8 320 M M 10 1 M M
29 46 30 38 M 27 0 0.00 0.0 M 3.2 9 330 M M 6 17 310
30 41 34 38 M 27 0 M M 0 7.0 13 330 M M 10 21 320
31 52 32 42 M 23 0 0.00 0.0 0 3.2 8 270 M M 4 1 16 270
================================================================================
SM 858 582 1288 0 0.10 T 150.2 M 222
================================================================================
AV 27.7 18.8 4.8 FASTST M M 7 MAX(MPH)
MISC ----> 24 320 31 320
================================================================================
NOTES:
# LAST OF SEVERAL OCCURRENCES
COLUMN 17 PEAK WIND IN M.P.H.
PRELIMINARY LOCAL CLIMATOLOGICAL DATA (WS FORM: F-6) , PAGE 2
STATION: WINONA_MUNI_(AWOS) MN
MONTH: JANUARY
YEAR: 2024
LATITUDE: 44 4 N
LONGITUDE: 91 42 W
[TEMPERATURE DATA] [PRECIPITATION DATA] SYMBOLS USED IN COLUMN 16
AVERAGE MONTHLY: 23.2 TOTAL FOR MONTH: 0.10 1 = FOG OR MIST
DPTR FM NORMAL: 0.0 DPTR FM NORMAL: M 2 = FOG REDUCING VISIBILITY
HIGHEST: 52 ON 31 GRTST 24HR 0.24 ON 12-12 TO 1/4 MILE OR LESS
LOWEST: -9 ON 20,15 3 = THUNDER
SNOW, ICE PELLETS, HAIL 4 = ICE PELLETS
TOTAL MONTH: T 5 = HAIL
GRTST 24HR T ON 8- 8 6 = FREEZING RAIN OR DRIZZLE
GRTST DEPTH: 0 7 = DUSTSTORM OR SANDSTORM:
VSBY 1/2 MILE OR LESS
8 = SMOKE OR HAZE
[NO. OF DAYS WITH] [WEATHER - DAYS WITH] 9 = BLOWING SNOW
X = TORNADO
MAX 32 OR BELOW: 18 0.01 INCH OR MORE: 4
MAX 90 OR ABOVE: 0 0.10 INCH OR MORE: 0
MIN 32 OR BELOW: 29 0.50 INCH OR MORE: 0
MIN 0 OR BELOW: 8 1.00 INCH OR MORE: 0
[HDD (BASE 65) ]
TOTAL THIS MO. 1288 CLEAR (SCALE 0-3) 4
DPTR FM NORMAL M PTCLDY (SCALE 4-7) 10
TOTAL FM JUL 1 3512 CLOUDY (SCALE 8-10) 17
DPTR FM NORMAL M
[CDD (BASE 65) ]
TOTAL THIS MO. 0
DPTR FM NORMAL M [PRESSURE DATA]
TOTAL FM JAN 1 0 HIGHEST SLP M ON M
DPTR FM NORMAL M LOWEST SLP M ON M
[REMARKS]
#FINAL-01-24#