000
CXUS56 KBOI 011002
CF6ONO
PRELIMINARY LOCAL CLIMATOLOGICAL DATA (WS FORM: F-6)
STATION: ONTARIO OR
MONTH: JULY
YEAR: 2021
LATITUDE: 44 1 N
LONGITUDE: 117 1 W
TEMPERATURE IN F: :PCPN: SNOW: WIND :SUNSHINE: SKY :PK WND
================================================================================
1 2 3 4 5 6A 6B 7 8 9 10 11 12 13 14 15 16 17 18
12Z AVG MX 2MIN
DY MAX MIN AVG DEP HDD CDD WTR SNW DPTH SPD SPD DIR MIN PSBL S-S WX SPD DR
================================================================================
1 105 68 87 13 0 22 0.00 M M 2.7 15 220 M M 0 21 220
2 104 67 86 11 0 21 0.00 M M 3.9 13 340 M M 0 18 340
3 107 72 90 15 0 25 T M M 4.9 18 260 M M 0 3 26 340
4 104 71 88 13 0 23 0.00 M M 6.9 18 270 M M 0 8 27 270
5 103 68 86 10 0 21 0.00 M M 4.7 14 300 M M 0 22 270
6 107 66 87 11 0 22 0.00 M M 4.1 33 190 M M 0 8 47 190
7 102 72 87 11 0 22 0.00 M M 8.5 16 340 M M 0 8 30 310
8 101 69 85 8 0 20 0.00 M M 8.1 23 320 M M 0 31 320
9 100 67 84 7 0 19 0.00 M M 7.1 22 320 M M 0 31 310
10 105 60 83 6 0 18 0.00 M M 3.2 10 330 M M 0 15 330
11 102 78 90 12 0 25 0.00 M M 6.4 17 330 M M 0 23 320
12 106 68 87 9 0 22 0.00 M M 6.9 25 330 M M 0 36 330
13 104 73 89 11 0 24 0.00 M M 9.1 23 320 M M 0 8 31 320
14 101 64 83 5 0 18 0.00 M M 3.5 10 270 M M 0 8 16 180
15 102 62 82 3 0 17 0.00 M M 6.5 23 330 M M 0 31 330
16 100 68 84 5 0 19 0.00 M M 9.2 21 320 M M 0 8 30 330
17 99 69 84 5 0 19 0.00 M M 6.3 20 320 M M 0 27 320
18 102 67 85 6 0 20 0.00 M M 3.9 12 300 M M 0 8 15 320
19 99 71 85 5 0 20 0.00 M M 4.6 16 250 M M 0 8 22 250
20 94 69 82 2 0 17 0.00 M M 3.4 8 260 M M 0 12 70
21 100 67 84 4 0 19 0.00 M M 8.9 25 330 M M 0 8 34 330
22 96 68 82 2 0 17 0.00 M M 9.0 22 320 M M 0 31 320
23 98 68 83 3 0 18 0.00 M M 7.4 20 330 M M 0 27 330
24 99 67 83 3 0 18 0.00 M M 3.7 13 320 M M 0 18 320
25 103 63 83 3 0 18 0.00 M M 2.0 7 170 M M 0 8 10 150
26 101 68 85 5 0 20 0.00 M M 4.8 13 310 M M 0 8 16 340
27 104 76 90 10 0 25 0.00 M M 9.7 31 320 M M 0 8 40 320
28 101 72 87 7 0 22 0.00 M M 5.5 22 320 M M 0 8 31 320
29 104 63 84 4 0 19 0.00 M M 2.3 7 330 M M 0 10 100
30 104 69 87 7 0 22 0.00 M M 4.7 14 170 M M 0 8 19 180
31 98 73 86 6 0 21 0.41 M M 7.2 26 180 M M 2 38 35 180
================================================================================
SM 3155 2123 0 633 0.41 M 179.1 M 2
================================================================================
AV101.8 68.5 5.8 FASTST M M 0 MAX(MPH)
MISC ----> 33 190 47 190
================================================================================
NOTES:
# LAST OF SEVERAL OCCURRENCES
COLUMN 17 PEAK WIND IN M.P.H.
PRELIMINARY LOCAL CLIMATOLOGICAL DATA (WS FORM: F-6) , PAGE 2
STATION: ONTARIO OR
MONTH: JULY
YEAR: 2021
LATITUDE: 44 1 N
LONGITUDE: 117 1 W
[TEMPERATURE DATA] [PRECIPITATION DATA] SYMBOLS USED IN COLUMN 16
AVERAGE MONTHLY: 85.1 TOTAL FOR MONTH: 0.41 1 = FOG OR MIST
DPTR FM NORMAL: 6.8 DPTR FM NORMAL: 0.15 2 = FOG REDUCING VISIBILITY
HIGHEST: 107 ON 6, 3 GRTST 24HR 0.41 ON 31-31 TO 1/4 MILE OR LESS
LOWEST: 60 ON 10 3 = THUNDER
SNOW, ICE PELLETS, HAIL 4 = ICE PELLETS
TOTAL MONTH: M 5 = HAIL
GRTST 24HR M ON M 6 = FREEZING RAIN OR DRIZZLE
GRTST DEPTH: M ON M 7 = DUSTSTORM OR SANDSTORM:
VSBY 1/2 MILE OR LESS
8 = SMOKE OR HAZE
[NO. OF DAYS WITH] [WEATHER - DAYS WITH] 9 = BLOWING SNOW
X = TORNADO
MAX 32 OR BELOW: 0 0.01 INCH OR MORE: 1
MAX 90 OR ABOVE: 31 0.10 INCH OR MORE: 1
MIN 32 OR BELOW: 0 0.50 INCH OR MORE: 0
MIN 0 OR BELOW: 0 1.00 INCH OR MORE: 0
[HDD (BASE 65) ]
TOTAL THIS MO. 0 CLEAR (SCALE 0-3) 31
DPTR FM NORMAL -2 PTCLDY (SCALE 4-7) 0
TOTAL FM JUL 1 0 CLOUDY (SCALE 8-10) 0
DPTR FM NORMAL 0
[CDD (BASE 65) ]
TOTAL THIS MO. 633
DPTR FM NORMAL 219 [PRESSURE DATA]
TOTAL FM JAN 1 1068 HIGHEST SLP M ON M
DPTR FM NORMAL 419 LOWEST SLP 29.68 ON 1
[REMARKS]
#FINAL-07-21#