000
CXUS52 KMFL 011030
CF6OPF
PRELIMINARY LOCAL CLIMATOLOGICAL DATA (WS FORM: F-6)
STATION: OPA-LOCKA ARPT
MONTH: JULY
YEAR: 2022
LATITUDE: 25 53 N
LONGITUDE: 80 17 W
TEMPERATURE IN F: :PCPN: SNOW: WIND :SUNSHINE: SKY :PK WND
================================================================================
1 2 3 4 5 6A 6B 7 8 9 10 11 12 13 14 15 16 17 18
12Z AVG MX 2MIN
DY MAX MIN AVG DEP HDD CDD WTR SNW DPTH SPD SPD DIR MIN PSBL S-S WX SPD DR
================================================================================
1 91 80 86 3 0 21 T 0.0 0 10.9 18 140 M M 2 23 130
2 92 80 86 3 0 21 T 0.0 0 10.5 18 140 M M 1 21 130
3 92 80 86 3 0 21 0.00 0.0 0 9.8 17 120 M M 2 22 120
4 92 80 86 3 0 21 T 0.0 0 8.3 18 80 M M 2 22 90
5 93 80 87 4 0 22 0.26 0.0 0 8.4 16 100 M M 2 38 20 110
6 92 79 86 3 0 21 0.14 0.0 0 6.6 23 160 M M 3 138 28 160
7 92 79 86 3 0 21 0.00 0.0 0 7.7 17 130 M M 2 22 120
8 92 78 85 2 0 20 0.60 0.0 0 9.2 24 150 M M 3 8 29 160
9 92 78 85 2 0 20 0.02 0.0 0 9.6 18 160 M M 3 24 150
10 93 77 85 2 0 20 0.35 0.0 0 7.2 22 260 M M 3 3 27 270
11 93 78 86 3 0 21 0.00 0.0 M 6.7 20 170 M M 2 3 23 160
12 93 79 86 2 0 21 0.00 0.0 0 6.8 16 140 M M 2 22 140
13 94 81 88 4 0 23 0.00 0.0 0 5.8 21 260 M M 3 3 26 270
14 93 77 85 1 0 20 0.00 0.0 0 7.4 17 110 M M 2 3 23 130
15 89 78 84 0 0 19 0.14 0.0 0 10.9 28 100 M M 3 3 36 110
16 92 77 85 1 0 20 0.20 0.0 0 7.8 17 120 M M 3 13 22 140
17 92 77 85 1 0 20 0.01 M M 8.1 20 170 M M 2 3 25 160
18 92 80 86 2 0 21 T 0.0 0 9.4 22 150 M M 3 25 160
19 92 78 85 1 0 20 0.00 0.0 0 6.5 16 150 M M 1 21 120
20 93 79 86 2 0 21 0.00 0.0 0 8.9 15 140 M M 1 21 150
21 93 82 88 4 0 23 0.00 M M 10.6 16 100 M M 2 21 110
22 93 76 85 1 0 20 0.26 M M 8.6 22 110 M M 2 38 27 110
23 92 79 86 2 0 21 0.01 M M 9.7 22 130 M M 2 27 130
24 92 77 85 1 0 20 0.32 M M 10.1 29 110 M M 2 3 37 100
25 90 79 85 1 0 20 0.02 0.0 0 10.5 25 110 M M 2 3 32 110
26 88 75 82 -2 0 17 2.30 M M 8.0 28 190 M M 5 138 34 190
27 91 72 82 -2 0 17 0.71 0.0 0 8.4 31 190 M M 2 138 39 180
28 92 78 85 1 0 20 0.00 M M 8.2 16 80 M M 1 22 90
29 91 80 86 2 0 21 T 0.0 0 10.6 18 120 M M 2 23 130
30 91 81 86 2 0 21 T 0.0 0 12.0 23 120 M M 2 3 30 120
31 92 79 86 2 0 21 T M M 11.0 18 90 M M 2 23 100
================================================================================
SM 2849 2433 0 635 5.34 0.0 274.2 M 69
================================================================================
AV 91.9 78.5 8.8 FASTST M M 2 MAX(MPH)
MISC ----> 31 190 39 180
================================================================================
NOTES:
# LAST OF SEVERAL OCCURRENCES
COLUMN 17 PEAK WIND IN M.P.H.
PRELIMINARY LOCAL CLIMATOLOGICAL DATA (WS FORM: F-6) , PAGE 2
STATION: OPA-LOCKA ARPT
MONTH: JULY
YEAR: 2022
LATITUDE: 25 53 N
LONGITUDE: 80 17 W
[TEMPERATURE DATA] [PRECIPITATION DATA] SYMBOLS USED IN COLUMN 16
AVERAGE MONTHLY: 85.2 TOTAL FOR MONTH: 5.34 1 = FOG OR MIST
DPTR FM NORMAL: 1.6 DPTR FM NORMAL: -2.79 2 = FOG REDUCING VISIBILITY
HIGHEST: 94 ON 13 GRTST 24HR 3.00 ON 26-27 TO 1/4 MILE OR LESS
LOWEST: 72 ON 27 3 = THUNDER
SNOW, ICE PELLETS, HAIL 4 = ICE PELLETS
TOTAL MONTH: 0.0 INCH 5 = HAIL
GRTST 24HR 0.0 6 = FREEZING RAIN OR DRIZZLE
GRTST DEPTH: 0 7 = DUSTSTORM OR SANDSTORM:
VSBY 1/2 MILE OR LESS
8 = SMOKE OR HAZE
[NO. OF DAYS WITH] [WEATHER - DAYS WITH] 9 = BLOWING SNOW
X = TORNADO
MAX 32 OR BELOW: 0 0.01 INCH OR MORE: 14
MAX 90 OR ABOVE: 29 0.10 INCH OR MORE: 10
MIN 32 OR BELOW: 0 0.50 INCH OR MORE: 3
MIN 0 OR BELOW: 0 1.00 INCH OR MORE: 1
[HDD (BASE 65) ]
TOTAL THIS MO. 0 CLEAR (SCALE 0-3) 30
DPTR FM NORMAL 0 PTCLDY (SCALE 4-7) 1
TOTAL FM JUL 1 0 CLOUDY (SCALE 8-10) 0
DPTR FM NORMAL 0
[CDD (BASE 65) ]
TOTAL THIS MO. 635
DPTR FM NORMAL 58 [PRESSURE DATA]
TOTAL FM JAN 1 2784 HIGHEST SLP 30.20 ON 31
DPTR FM NORMAL 341 LOWEST SLP 29.92 ON 11
[REMARKS]
#FINAL-07-22#