000
CXUS51 KBOX 010810
CF6ORH
PRELIMINARY LOCAL CLIMATOLOGICAL DATA (WS FORM: F-6)
STATION: WORCESTER MA
MONTH: JULY
YEAR: 2023
LATITUDE: 42 16 N
LONGITUDE: 71 52 W
TEMPERATURE IN F: :PCPN: SNOW: WIND :SUNSHINE: SKY :PK WND
================================================================================
1 2 3 4 5 6A 6B 7 8 9 10 11 12 13 14 15 16 17 18
12Z AVG MX 2MIN
DY MAX MIN AVG DEP HDD CDD WTR SNW DPTH SPD SPD DIR MIN PSBL S-S WX SPD DR
================================================================================
1 80 63 72 3 0 7 0.00 0.0 M 4.9 15 190 M M 3 128 22 180
2 75 61 68 -2 0 3 2.24 0.0 M 6.2 16 150 M M 9 1238 23 220
3 80 63 72 2 0 7 1.42 0.0 M 5.1 12 10 M M 8 123 16 300
4 74 68 71 1 0 6 0.39 0.0 M 2.6 12 250 M M 10 1238 15 250
5 88 68 78 8 0 13 0.00 0.0 M 6.9 14 290 M M 3 12 18 290
6 89 70 80 10 0 15 0.00 0.0 M 6.0 13 230 M M 3 3 19 220
7 85 66 76 6 0 11 0.00 0.0 M 8.2 14 190 M M 1 19 180
8 85 71 78 8 0 13 0.00 0.0 M 5.8 13 150 M M 6 1 17 280
9 80 69 75 4 0 10 0.03 0.0 M 6.3 13 140 M M 7 1 19 200
10 75 64 70 -1 0 5 2.74 0.0 M 8.2 24 360 M M 8 123 31 360
11 83 63 73 2 0 8 0.00 0.0 M 10.6 22 310 M M 1 29 290
12 87 68 78 7 0 13 0.01 0.0 M 7.6 23 300 M M 1 30 300
13 84 65 75 4 0 10 0.52 0.0 M 9.6 26 300 M M 2 13 37 300
14 79 65 72 1 0 7 0.63 0.0 M 6.7 18 190 M M 7 123 28 240
15 85 70 78 7 0 13 0.01 0.0 M 8.1 15 200 M M 6 12 20 180
16 76 71 74 3 0 9 1.46 0.0 M 11.0 26 220 M M 9 13 41 220
17 84 70 77 6 0 12 0.00 0.0 M 8.1 14 240 M M 2 18 20 280
18 83 67 75 4 0 10 0.44 0.0 M 7.5 20 250 M M 5 1238 29 240
19 81 67 74 3 0 9 0.00 0.0 M 8.6 14 290 M M 1 1 19 300
20 83 68 76 5 0 11 0.00 0.0 M 6.0 13 260 M M 0 16 260
21 78 64 71 0 0 6 1.23 0.0 M 6.7 22 170 M M 7 123 28 170
22 79 61 70 -1 0 5 0.00 0.0 M 7.6 15 300 M M 3 12 22 320
23 82 65 74 3 0 9 0.00 0.0 M 6.9 14 290 M M 0 18 330
24 83 67 75 4 0 10 0.00 0.0 M 8.1 17 230 M M 2 25 230
25 81 65 73 2 0 8 0.38 0.0 M 7.3 36 300 M M 7 13 48 310
26 84 63 74 3 0 9 0.00 0.0 M 9.4 16 220 M M 1 24 200
27 86 66 76 5 0 11 T 0.0 M 11.9 32 230 M M 3 13 43 220
28 86 70 78 7 0 13 0.00 0.0 M 8.1 15 280 M M 1 22 310
29 83 63 73 2 0 8 0.80 0.0 M 8.3 25 320 M M 4 13 34 330
30 75 57 66 -5 0 1 0.00 0.0 M 10.3 23 320 M M 3 30 320
31 77 59 68 -3 0 3 T 0.0 M 9.3 18 330 M M 2 27 350
================================================================================
SM 2530 2037 0 275 12.30 0.0 237.9 M 125
================================================================================
AV 81.6 65.7 7.7 FASTST M M 4 MAX(MPH)
MISC ----> 36 300 48 310
================================================================================
NOTES:
# LAST OF SEVERAL OCCURRENCES
COLUMN 17 PEAK WIND IN M.P.H.
PRELIMINARY LOCAL CLIMATOLOGICAL DATA (WS FORM: F-6) , PAGE 2
STATION: WORCESTER MA
MONTH: JULY
YEAR: 2023
LATITUDE: 42 16 N
LONGITUDE: 71 52 W
[TEMPERATURE DATA] [PRECIPITATION DATA] SYMBOLS USED IN COLUMN 16
AVERAGE MONTHLY: 73.7 TOTAL FOR MONTH: 12.30 1 = FOG OR MIST
DPTR FM NORMAL: 2.9 DPTR FM NORMAL: 8.37 2 = FOG REDUCING VISIBILITY
HIGHEST: 89 ON 6 GRTST 24HR 3.48 ON 2- 3 TO 1/4 MILE OR LESS
LOWEST: 57 ON 30 3 = THUNDER
SNOW, ICE PELLETS, HAIL 4 = ICE PELLETS
TOTAL MONTH: 0.0 INCH 5 = HAIL
GRTST 24HR 0.0 6 = FREEZING RAIN OR DRIZZLE
GRTST DEPTH: M ON M 7 = DUSTSTORM OR SANDSTORM:
VSBY 1/2 MILE OR LESS
8 = SMOKE OR HAZE
[NO. OF DAYS WITH] [WEATHER - DAYS WITH] 9 = BLOWING SNOW
X = TORNADO
MAX 32 OR BELOW: 0 0.01 INCH OR MORE: 14
MAX 90 OR ABOVE: 0 0.10 INCH OR MORE: 11
MIN 32 OR BELOW: 0 0.50 INCH OR MORE: 8
MIN 0 OR BELOW: 0 1.00 INCH OR MORE: 5
[HDD (BASE 65) ]
TOTAL THIS MO. 0 CLEAR (SCALE 0-3) 16
DPTR FM NORMAL -12 PTCLDY (SCALE 4-7) 11
TOTAL FM JUL 1 0 CLOUDY (SCALE 8-10) 4
DPTR FM NORMAL -4
[CDD (BASE 65) ]
TOTAL THIS MO. 275
DPTR FM NORMAL 85 [PRESSURE DATA]
TOTAL FM JAN 1 390 HIGHEST SLP 30.13 ON 24
DPTR FM NORMAL 92 LOWEST SLP 29.62 ON 29
[REMARKS]
#FINAL-07-23#