000
CXUS52 KMLB 010623
CF6ORL
PRELIMINARY LOCAL CLIMATOLOGICAL DATA (WS FORM: F-6)
STATION: ORLANDO EXEC
MONTH: OCTOBER
YEAR: 2022
LATITUDE: 28 32 N
LONGITUDE: 81 20 W
TEMPERATURE IN F: :PCPN: SNOW: WIND :SUNSHINE: SKY :PK WND
================================================================================
1 2 3 4 5 6A 6B 7 8 9 10 11 12 13 14 15 16 17 18
12Z AVG MX 2MIN
DY MAX MIN AVG DEP HDD CDD WTR SNW DPTH SPD SPD DIR MIN PSBL S-S WX SPD DR
================================================================================
1 84 66 75 -5 0 10 0.00 0.0 0 5.3 12 300 M M 1 14 320
2 87 66 77 -3 0 12 0.00 0.0 0 6.5 16 290 M M 0 21 260
3 83 66 75 -5 0 10 0.00 0.0 0 8.1 18 30 M M 2 24 10
4 81 63 72 -7 0 7 0.00 0.0 0 9.9 18 10 M M 2 23 40
5 84 64 74 -5 0 9 0.00 0.0 0 5.7 14 80 M M 1 16 80
6 85 64 75 -4 0 10 0.00 0.0 0 2.8 12 70 M M 0 14 10
7 86 65 76 -3 0 11 0.00 0.0 0 3.5 14 90 M M 0 16 100
8 86 66 76 -2 0 11 0.00 0.0 0 6.1 16 80 M M 0 19 80
9 86 66 76 -2 0 11 0.00 0.0 0 7.0 15 60 M M 3 19 40
10 87 73 80 2 0 15 0.00 0.0 0 7.2 18 70 M M 4 22 60
11 90 72 81 3 0 16 0.00 0.0 0 6.4 15 70 M M 1 17 90
12 86 73 80 2 0 15 T 0.0 0 5.0 21 70 M M 2 3 25 80
13 85 73 79 2 0 14 0.00 0.0 0 5.8 10 230 M M 3 14 230
14 88 72 80 3 0 15 0.00 0.0 0 7.2 16 70 M M 1 20 30
15 87 73 80 3 0 15 0.00 0.0 0 8.6 17 70 M M 2 24 80
16 88 69 79 3 0 14 0.00 0.0 0 6.4 15 70 M M 1 19 70
17 87 70 79 3 0 14 0.05 0.0 0 4.9 23 250 M M 3 3 28 250
18 83 64 74 -2 0 9 0.00 0.0 0 8.8 17 340 M M 2 23 330
19 69 52 61 -15 4 0 0.00 0.0 0 10.0 15 310 M M 1 21 340
20 74 53 64 -11 1 0 0.00 0.0 0 6.7 12 350 M M 5 21 30
21 78 58 68 -7 0 3 0.00 0.0 0 7.8 15 10 M M 1 20 20
22 82 60 71 -4 0 6 0.00 0.0 0 8.3 18 10 M M 0 24 10
23 84 63 74 -1 0 9 0.00 0.0 0 6.4 16 70 M M 0 19 80
24 86 67 77 3 0 12 0.00 0.0 0 6.2 14 60 M M 3 22 80
25 86 65 76 2 0 11 0.00 0.0 0 2.9 13 90 M M 1 15 70
26 86 65 76 2 0 11 0.00 0.0 0 5.7 14 230 M M 2 19 230
27 88 69 79 5 0 14 M 0.0 0 4.6 18 50 M M 5 3 24 350
28 83 71 77 4 0 12 M 0.0 0 5.2 15 320 M M 9 3 18 300
29 87 72 80 7 0 15 T 0.0 0 7.9 16 70 M M 7 1 20 60
30 86 68 77 4 0 12 0.00 0.0 0 7.0 16 60 M M 4 1 20 70
31 89 69 79 7 0 14 0.00 0.0 0 3.1 12 90 M M 2 14 90
================================================================================
SM 2621 2057 5 337 0.05 0.0 197.0 M 68
================================================================================
AV 84.5 66.4 6.4 FASTST M M 2 MAX(MPH)
MISC ----> 23 250 28 250
================================================================================
NOTES:
# LAST OF SEVERAL OCCURRENCES
COLUMN 17 PEAK WIND IN M.P.H.
PRELIMINARY LOCAL CLIMATOLOGICAL DATA (WS FORM: F-6) , PAGE 2
STATION: ORLANDO EXEC
MONTH: OCTOBER
YEAR: 2022
LATITUDE: 28 32 N
LONGITUDE: 81 20 W
[TEMPERATURE DATA] [PRECIPITATION DATA] SYMBOLS USED IN COLUMN 16
AVERAGE MONTHLY: 75.5 TOTAL FOR MONTH: 0.05 1 = FOG OR MIST
DPTR FM NORMAL: -0.9 DPTR FM NORMAL: -3.19 2 = FOG REDUCING VISIBILITY
HIGHEST: 90 ON 11 GRTST 24HR 0.90 ON 27-28 TO 1/4 MILE OR LESS
LOWEST: 52 ON 19 3 = THUNDER
SNOW, ICE PELLETS, HAIL 4 = ICE PELLETS
TOTAL MONTH: 0.0 INCH 5 = HAIL
GRTST 24HR 0.0 6 = FREEZING RAIN OR DRIZZLE
GRTST DEPTH: 0 7 = DUSTSTORM OR SANDSTORM:
VSBY 1/2 MILE OR LESS
8 = SMOKE OR HAZE
[NO. OF DAYS WITH] [WEATHER - DAYS WITH] 9 = BLOWING SNOW
X = TORNADO
MAX 32 OR BELOW: 0 0.01 INCH OR MORE: 1
MAX 90 OR ABOVE: 1 0.10 INCH OR MORE: 0
MIN 32 OR BELOW: 0 0.50 INCH OR MORE: 0
MIN 0 OR BELOW: 0 1.00 INCH OR MORE: 0
[HDD (BASE 65) ]
TOTAL THIS MO. 5 CLEAR (SCALE 0-3) 23
DPTR FM NORMAL 1 PTCLDY (SCALE 4-7) 7
TOTAL FM JUL 1 5 CLOUDY (SCALE 8-10) 1
DPTR FM NORMAL 5
[CDD (BASE 65) ]
TOTAL THIS MO. 337
DPTR FM NORMAL -19 [PRESSURE DATA]
TOTAL FM JAN 1 4053 HIGHEST SLP M ON M
DPTR FM NORMAL 597 LOWEST SLP 29.78 ON 18
[REMARKS]
#FINAL-10-22#