000
CXUS52 KMLB 012206
CF6ORL
PRELIMINARY LOCAL CLIMATOLOGICAL DATA (WS FORM: F-6)
STATION: ORLANDO EXEC
MONTH: SEPTEMBER
YEAR: 2022
LATITUDE: 28 32 N
LONGITUDE: 81 20 W
TEMPERATURE IN F: :PCPN: SNOW: WIND :SUNSHINE: SKY :PK WND
================================================================================
1 2 3 4 5 6A 6B 7 8 9 10 11 12 13 14 15 16 17 18
12Z AVG MX 2MIN
DY MAX MIN AVG DEP HDD CDD WTR SNW DPTH SPD SPD DIR MIN PSBL S-S WX SPD DR
================================================================================
1 95 71 83 0 0 18 0.91 0.0 0 4.4 51 110 M M 2 123 62 120
2 91 75 83 0 0 18 0.01 0.0 0 5.5 21 80 M M 2 3 25 80
3 93 76 85 2 0 20 0.00 0.0 0 6.1 16 80 M M 1 3 21 80
4 92 78 85 2 0 20 0.35 0.0 0 3.5 14 10 M M 4 3 18 20
5 95 77 86 3 0 21 0.00 0.0 0 3.5 17 80 M M 2 3 20 70
6 96 78 87 4 0 22 0.00 0.0 0 3.6 17 300 M M 3 3 22 300
7 95 77 86 4 0 21 T 0.0 0 4.9 18 340 M M 2 3 24 360
8 90 73 82 0 0 17 0.92 0.0 0 4.1 26 270 M M 3 123 33 280
9 90 73 82 0 0 17 0.15 0.0 0 6.1 23 270 M M 2 13 31 270
10 92 75 84 2 0 19 0.09 0.0 0 5.5 25 260 M M 2 13 30 260
11 95 75 85 3 0 20 T 0.0 0 4.4 21 140 M M 0 3 24 130
12 93 76 85 3 0 20 0.06 0.0 0 5.2 25 310 M M 1 3 31 310
13 90 75 83 1 0 18 T 0.0 0 5.4 25 300 M M 1 31 300
14 91 73 82 0 0 17 0.86 0.0 0 3.7 18 90 M M 4 138 22 100
15 91 74 83 1 0 18 1.81 0.0 0 3.8 26 60 M M 3 123 34 60
16 90 75 83 1 0 18 0.35 0.0 0 4.0 23 90 M M 4 13 27 100
17 88 74 81 -1 0 16 0.23 0.0 0 4.5 21 20 M M 4 13 29 20
18 88 73 81 -1 0 16 0.00 0.0 0 4.9 12 210 M M 3 15 160
19 90 74 82 0 0 17 T 0.0 0 3.7 21 80 M M 3 3 26 50
20 91 75 83 2 0 18 1.32 0.0 0 3.1 23 320 M M 3 1238 34 320
21 87 75 81 0 0 16 0.07 0.0 0 7.1 20 70 M M 3 1 26 30
22 92 75 84 3 0 19 0.00 0.0 0 6.3 15 20 M M 1 18 20
23 90 75 83 2 0 18 0.03 0.0 0 8.4 20 10 M M 3 38 23 10
24 89 76 83 2 0 18 0.00 0.0 0 8.2 18 80 M M 4 21 70
25 91 75 83 2 0 18 0.00 0.0 0 6.3 16 80 M M 6 19 80
26 93 75 84 3 0 19 0.24 0.0 0 5.8 16 110 M M 3 3 20 100
27 85 76 81 1 0 16 0.13 0.0 0 5.8 14 50 M M 4 1 19 60
28 76 71 74 -6 0 9 6.74 0.0 0 20.6 43 20 M M 9 138 59 30
29 74 64 69 -11 0 4 5.39 0.0 0 18.8 24 310 M M 3 1 35 300
30 80 64 72 -8 0 7 0.00 0.0 0 9.6 20 300 M M 5 27 300
================================================================================
SM 2693 2223 0 515 19.66 0.0 186.8 M 90
================================================================================
AV 89.8 74.1 6.2 FASTST M M 3 MAX(MPH)
MISC ----> 51 110 62 120
================================================================================
NOTES:
# LAST OF SEVERAL OCCURRENCES
COLUMN 17 PEAK WIND IN M.P.H.
PRELIMINARY LOCAL CLIMATOLOGICAL DATA (WS FORM: F-6) , PAGE 2
STATION: ORLANDO EXEC
MONTH: SEPTEMBER
YEAR: 2022
LATITUDE: 28 32 N
LONGITUDE: 81 20 W
[TEMPERATURE DATA] [PRECIPITATION DATA] SYMBOLS USED IN COLUMN 16
AVERAGE MONTHLY: 81.9 TOTAL FOR MONTH: 19.66 1 = FOG OR MIST
DPTR FM NORMAL: 0.2 DPTR FM NORMAL: 13.11 2 = FOG REDUCING VISIBILITY
HIGHEST: 96 ON 6 GRTST 24HR 6.74 ON 28-28 TO 1/4 MILE OR LESS
LOWEST: 64 ON 30,29 3 = THUNDER
SNOW, ICE PELLETS, HAIL 4 = ICE PELLETS
TOTAL MONTH: 0.0 INCH 5 = HAIL
GRTST 24HR 0.0 6 = FREEZING RAIN OR DRIZZLE
GRTST DEPTH: 0 7 = DUSTSTORM OR SANDSTORM:
VSBY 1/2 MILE OR LESS
8 = SMOKE OR HAZE
[NO. OF DAYS WITH] [WEATHER - DAYS WITH] 9 = BLOWING SNOW
X = TORNADO
MAX 32 OR BELOW: 0 0.01 INCH OR MORE: 18
MAX 90 OR ABOVE: 22 0.10 INCH OR MORE: 13
MIN 32 OR BELOW: 0 0.50 INCH OR MORE: 7
MIN 0 OR BELOW: 0 1.00 INCH OR MORE: 4
[HDD (BASE 65) ]
TOTAL THIS MO. 0 CLEAR (SCALE 0-3) 20
DPTR FM NORMAL 0 PTCLDY (SCALE 4-7) 9
TOTAL FM JUL 1 0 CLOUDY (SCALE 8-10) 1
DPTR FM NORMAL 0
[CDD (BASE 65) ]
TOTAL THIS MO. 515
DPTR FM NORMAL 14 [PRESSURE DATA]
TOTAL FM JAN 1 3716 HIGHEST SLP 30.12 ON 11
DPTR FM NORMAL 616 LOWEST SLP 29.53 ON 28
[REMARKS]
#FINAL-09-22#
USED KMCO FOR MAX T, MIN T AND PRECIP ON 9/29 DUE TO ASOS OUTAGE.