000
CXUS53 KARX 011326
CF6OVS
PRELIMINARY LOCAL CLIMATOLOGICAL DATA (WS FORM: F-6)
STATION: BOSCOBEL_(ASOS) WI
MONTH: JANUARY
YEAR: 2023
LATITUDE: 43 9 N
LONGITUDE: 90 41 W
TEMPERATURE IN F: :PCPN: SNOW: WIND :SUNSHINE: SKY :PK WND
================================================================================
1 2 3 4 5 6A 6B 7 8 9 10 11 12 13 14 15 16 17 18
12Z AVG MX 2MIN
DY MAX MIN AVG DEP HDD CDD WTR SNW DPTH SPD SPD DIR MIN PSBL S-S WX SPD DR
================================================================================
1 40 27 34 13 31 0 0.00 0.0 M 2.9 8 230 M M 6 1 12 210
2 37 26 32 11 33 0 0.05 0.0 0 1.8 9 60 M M 2 168 16 60
3 37 33 35 14 30 0 0.17 0.0 0 4.7 14 70 M M 10 168 23 60
4 36 32 34 13 31 0 0.01 M 0 2.9 9 200 M M 10 18 14 220
5 35 29 32 12 33 0 0.03 M 0 4.2 12 290 M M 10 1 18 270
6 29 9 19 -1 46 0 0.00 0.0 0 3.1 9 290 M M 7 18 14 250
7 30 8 19 -1 46 0 0.00 0.0 0 1.4 8 360 M M 5 18 10 10
8 27 8 18 -2 47 0 0.00 0.0 0 2.8 9 220 M M 8 18 14 250
9 40 8 24 4 41 0 0.00 0.0 0 1.4 8 240 M M 1 18 13 170
10 34 22 28 8 37 0 0.00 0.0 0 2.3 7 310 M M 3 128 10 270
11 45 27 36 17 29 0 0.00 0.0 0 1.3 7 50 M M 5 18 11 40
12 37 30 34 15 31 0 T 0.0 0 6.5 15 330 M M 10 168 23 330
13 30 25 28 9 37 0 0.00 0.0 0 5.8 13 360 M M 10 21 350
14 33 23 28 9 37 0 0.00 0.0 0 4.8 9 190 M M 5 16 180
15 43 27 35 16 30 0 0.00 0.0 0 3.1 13 130 M M 1 23 110
16 42 37 40 21 25 0 0.70 0.0 0 2.6 13 230 M M 10 12 20 240
17 41 35 38 19 27 0 0.00 0.0 0 6.6 15 230 M M 10 1 22 260
18 38 32 35 16 30 0 M M 0 3.7 18 70 M M 10 1 36 60
19 36 32 34 15 31 0 M M M 4.5 12 280 M M 10 1 19 280
20 33 27 30 11 35 0 T M M 8.1 16 310 M M 10 27 310
21 28 20 24 5 41 0 0.00 0.0 M 3.9 12 220 M M 10 16 230
22 28 22 25 6 40 0 0.00 0.0 M 3.6 9 340 M M 10 1 14 30
23 30 18 24 5 41 0 0.00 0.0 M 7.9 17 230 M M 8 26 240
24 34 24 29 10 36 0 0.00 0.0 M 3.4 10 240 M M 9 1 17 240
25 35 27 31 12 34 0 0.01 M M 0.9 7 280 M M 10 18 10 290
26 31 10 21 2 44 0 T M M 6.9 13 230 M M 6 1 18 240
27 36 14 25 6 40 0 0.01 M M 9.3 22 280 M M 6 168 35 290
28 19 10 15 -4 50 0 0.11 M M 4.1 10 10 M M 8 1 17 30
29 18 3 11 -8 54 0 T M M 5.7 13 340 M M 5 8 17 320
30 11 -8 2 -17 63 0 0.00 0.0 M 6.3 14 310 M M 3 20 290
31 13 -16 -1 -21 66 0 0.00 0.0 M 3.7 14 240 M M 0 8 22 240
================================================================================
SM 1006 621 1196 0 1.09 0.0 130.2 M 218
================================================================================
AV 32.5 20.0 4.2 FASTST M M 7 MAX(MPH)
MISC ----> 22 280 36 60
================================================================================
NOTES:
# LAST OF SEVERAL OCCURRENCES
COLUMN 17 PEAK WIND IN M.P.H.
PRELIMINARY LOCAL CLIMATOLOGICAL DATA (WS FORM: F-6) , PAGE 2
STATION: BOSCOBEL_(ASOS) WI
MONTH: JANUARY
YEAR: 2023
LATITUDE: 43 9 N
LONGITUDE: 90 41 W
[TEMPERATURE DATA] [PRECIPITATION DATA] SYMBOLS USED IN COLUMN 16
AVERAGE MONTHLY: 26.2 TOTAL FOR MONTH: 1.09 1 = FOG OR MIST
DPTR FM NORMAL: 6.7 DPTR FM NORMAL: 0.11 2 = FOG REDUCING VISIBILITY
HIGHEST: 45 ON 11 GRTST 24HR 1.16 ON 2- 3 TO 1/4 MILE OR LESS
LOWEST: -16 ON 31 3 = THUNDER
SNOW, ICE PELLETS, HAIL 4 = ICE PELLETS
TOTAL MONTH: 0.0 INCH 5 = HAIL
GRTST 24HR 0.0 6 = FREEZING RAIN OR DRIZZLE
GRTST DEPTH: 0 7 = DUSTSTORM OR SANDSTORM:
VSBY 1/2 MILE OR LESS
8 = SMOKE OR HAZE
[NO. OF DAYS WITH] [WEATHER - DAYS WITH] 9 = BLOWING SNOW
X = TORNADO
MAX 32 OR BELOW: 12 0.01 INCH OR MORE: 8
MAX 90 OR ABOVE: 0 0.10 INCH OR MORE: 3
MIN 32 OR BELOW: 28 0.50 INCH OR MORE: 1
MIN 0 OR BELOW: 2 1.00 INCH OR MORE: 0
[HDD (BASE 65) ]
TOTAL THIS MO. 1196 CLEAR (SCALE 0-3) 4
DPTR FM NORMAL -216 PTCLDY (SCALE 4-7) 12
TOTAL FM JUL 1 3903 CLOUDY (SCALE 8-10) 15
DPTR FM NORMAL -165
[CDD (BASE 65) ]
TOTAL THIS MO. 0
DPTR FM NORMAL 0 [PRESSURE DATA]
TOTAL FM JAN 1 0 HIGHEST SLP 30.55 ON 31
DPTR FM NORMAL 0 LOWEST SLP 29.39 ON 16
[REMARKS]
#FINAL-01-23#