000
CXUS53 KDDC 021624
CF6P28
PRELIMINARY LOCAL CLIMATOLOGICAL DATA (WS FORM: F-6)
STATION: MEDICINE LODGE KS
MONTH: JULY
YEAR: 2021
LATITUDE: 37 17 N
LONGITUDE: 98 35 W
TEMPERATURE IN F: :PCPN: SNOW: WIND :SUNSHINE: SKY :PK WND
================================================================================
1 2 3 4 5 6A 6B 7 8 9 10 11 12 13 14 15 16 17 18
12Z AVG MX 2MIN
DY MAX MIN AVG DEP HDD CDD WTR SNW DPTH SPD SPD DIR MIN PSBL S-S WX SPD DR
================================================================================
1 83 68 76 -5 0 11 0.30 0.0 0 4.8 22 20 M M 0 29 20
2 87 69 78 -3 0 13 0.00 0.0 0 5.8 15 80 M M 0 22 70
3 87 65 76 -5 0 11 0.00 0.0 0 5.8 13 170 M M 0 20 120
4 87 66 77 -4 0 12 0.00 0.0 0 7.2 16 190 M M 0 24 170
5 89 68 79 -3 0 14 0.00 0.0 0 6.4 13 200 M M 0 17 190
6 90 65 78 -4 0 13 0.00 0.0 0 6.0 16 190 M M 0 22 180
7 91 69 80 -2 0 15 0.04 0.0 0 7.4 20 10 M M 0 25 340
8 93 63 78 -4 0 13 0.00 0.0 0 4.5 15 180 M M 0 22 190
9 97 72 85 3 0 20 0.00 0.0 0 12.5 25 190 M M 0 37 200
10 96 68 82 0 0 17 0.00 0.0 0 9.5 25 350 M M 0 42 350
11 83 61 72 -10 0 7 0.00 0.0 0 9.3 23 360 M M 0 33 10
12 90 54 72 -10 0 7 0.00 0.0 0 4.7 10 110 M M 0 16 80
13 98 67 83 1 0 18 0.00 0.0 0 9.7 21 200 M M 0 28 200
14 96 72 84 2 0 19 0.00 0.0 0 14.6 28 180 M M 0 41 160
15 91 72 82 0 0 17 0.04 0.0 0 9.7 21 190 M M 0 31 190
16 96 69 83 1 0 18 0.00 0.0 0 4.2 13 170 M M 0 21 160
17 92 71 82 0 0 17 0.00 0.0 0 8.0 26 50 M M 0 37 50
18 91 68 80 -2 0 15 0.01 0.0 0 6.2 18 40 M M 0 26 40
19 90 65 78 -4 0 13 0.00 0.0 0 6.6 17 50 M M 0 24 50
20 88 59 74 -8 0 9 0.00 0.0 0 4.9 13 100 M M 0 20 80
21 87 58 73 -9 0 8 0.00 0.0 0 5.4 15 170 M M 0 25 130
22 94 65 80 -2 0 15 0.00 0.0 0 9.9 20 190 M M 0 32 190
23 98 69 84 2 0 19 0.00 0.0 0 9.3 21 180 M M 0 28 190
24 101 72 87 5 0 22 0.00 0.0 0 5.7 17 20 M M 0 23 20
25 98 74 86 4 0 21 0.03 0.0 0 8.2 33 20 M M 0 48 20
26 94 70 82 0 0 17 0.55 0.0 0 4.5 21 250 M M 0 31 260
27 98 68 83 1 0 18 0.00 0.0 0 4.8 12 110 M M 0 26 240
28 100 75 88 6 0 23 0.00 0.0 0 7.2 17 170 M M 0 27 190
29 101 72 87 5 0 22 0.00 0.0 0 5.7 14 180 M M 0 22 180
30 101 71 86 4 0 21 0.00 0.0 0 6.0 16 180 M M 0 23 170
31 102 72 87 5 0 22 0.03 0.0 0 6.5 23 280 M M 0 35 120
================================================================================
SM 2889 2097 0 487 1.00 0.0 221.0 M 0
================================================================================
AV 93.2 67.6 7.1 FASTST M M 0 MAX(MPH)
MISC ----> 33 20 48 20
================================================================================
NOTES:
# LAST OF SEVERAL OCCURRENCES
COLUMN 17 PEAK WIND IN M.P.H.
PRELIMINARY LOCAL CLIMATOLOGICAL DATA (WS FORM: F-6) , PAGE 2
STATION: MEDICINE LODGE KS
MONTH: JULY
YEAR: 2021
LATITUDE: 37 17 N
LONGITUDE: 98 35 W
[TEMPERATURE DATA] [PRECIPITATION DATA] SYMBOLS USED IN COLUMN 16
AVERAGE MONTHLY: 80.4 TOTAL FOR MONTH: 1.00 1 = FOG OR MIST
DPTR FM NORMAL: -1.6 DPTR FM NORMAL: -2.13 2 = FOG REDUCING VISIBILITY
HIGHEST: 102 ON 31 GRTST 24HR 0.58 ON 25-26 TO 1/4 MILE OR LESS
LOWEST: 54 ON 12 3 = THUNDER
SNOW, ICE PELLETS, HAIL 4 = ICE PELLETS
TOTAL MONTH: 0.0 INCH 5 = HAIL
GRTST 24HR 0.0 6 = FREEZING RAIN OR DRIZZLE
GRTST DEPTH: 0 7 = DUSTSTORM OR SANDSTORM:
VSBY 1/2 MILE OR LESS
8 = SMOKE OR HAZE
[NO. OF DAYS WITH] [WEATHER - DAYS WITH] 9 = BLOWING SNOW
X = TORNADO
MAX 32 OR BELOW: 0 0.01 INCH OR MORE: 7
MAX 90 OR ABOVE: 23 0.10 INCH OR MORE: 2
MIN 32 OR BELOW: 0 0.50 INCH OR MORE: 1
MIN 0 OR BELOW: 0 1.00 INCH OR MORE: 0
[HDD (BASE 65) ]
TOTAL THIS MO. 0
DPTR FM NORMAL 0
TOTAL FM JUL 1 0
DPTR FM NORMAL 0
[CDD (BASE 65) ]
TOTAL THIS MO. 487
DPTR FM NORMAL -39 [PRESSURE DATA]
TOTAL FM JAN 1 993 HIGHEST SLP 30.15 ON 20
DPTR FM NORMAL -86 LOWEST SLP 29.71 ON 10
[REMARKS]
#FINAL-07-21#