000
CXUS53 KDDC 011829
CF6P28
PRELIMINARY LOCAL CLIMATOLOGICAL DATA (WS FORM: F-6)
STATION: MEDICINE LODGE KS
MONTH: MAY
YEAR: 2021
LATITUDE: 37 17 N
LONGITUDE: 98 35 W
TEMPERATURE IN F: :PCPN: SNOW: WIND :SUNSHINE: SKY :PK WND
================================================================================
1 2 3 4 5 6A 6B 7 8 9 10 11 12 13 14 15 16 17 18
12Z AVG MX 2MIN
DY MAX MIN AVG DEP HDD CDD WTR SNW DPTH SPD SPD DIR MIN PSBL S-S WX SPD DR
================================================================================
1 81 44 63 2 2 0 0.00 0.0 0 11.1 23 180 M M 0 35 170
2 76 56 66 4 0 1 0.21 0.0 0 10.0 25 350 M M 0 37 350
3 74 54 64 2 1 0 0.03 0.0 0 16.0 26 20 M M 0 38 10
4 68 43 56 -6 9 0 0.00 0.0 0 12.5 26 20 M M 0 37 10
5 70 40 55 -8 10 0 0.19 0.0 0 5.0 18 320 M M 0 29 300
6 73 43 58 -5 7 0 0.00 0.0 0 8.5 20 20 M M 0 27 20
7 83 48 66 3 0 1 0.00 0.0 0 10.9 23 170 M M 0 36 170
8 88 56 72 8 0 7 0.00 0.0 0 15.3 33 350 M M 0 51 330
9 63 47 55 -9 10 0 0.00 0.0 0 18.6 35 10 M M 0 54 360
10 60 46 53 -11 12 0 0.22 0.0 0 7.1 15 30 M M 0 20 30
11 63 47 55 -10 10 0 0.00 0.0 0 10.0 25 40 M M 0 35 40
12 66 40 53 -12 12 0 0.00 0.0 0 5.3 13 60 M M 0 18 100
13 70 39 55 -11 10 0 0.00 0.0 0 6.0 15 170 M M 0 22 170
14 78 50 64 -2 1 0 0.00 0.0 0 13.0 24 200 M M 0 33 180
15 76 58 67 1 0 2 0.41 0.0 0 8.1 25 150 M M 0 36 160
16 71 58 65 -2 0 0 0.00 0.0 0 8.1 18 180 M M 0 25 170
17 79 57 68 1 0 3 0.00 0.0 0 5.8 22 70 M M 0 29 60
18 78 58 68 0 0 3 0.20 0.0 0 5.5 22 50 M M 0 33 110
19 73 61 67 -1 0 2 0.12 0.0 0 5.7 13 130 M M 0 21 110
20 75 59 67 -1 0 2 0.05 0.0 0 8.4 17 140 M M 0 30 160
21 82 62 72 3 0 7 0.00 0.0 0 12.6 20 190 M M 0 29 170
22 81 67 74 5 0 9 0.00 0.0 0 10.6 17 140 M M 0 28 130
23 75 63 69 -1 0 4 0.00 0.0 0 10.6 21 170 M M 0 33 140
24 72 59 66 -4 0 1 0.01 0.0 0 9.7 18 170 M M 0 30 160
25 80 59 70 0 0 5 0.16 0.0 0 4.8 21 300 M M 0 33 290
26 87 63 75 4 0 10 0.06 0.0 0 10.5 46 200 M M 0 64 210
27 80 57 69 -2 0 4 0.30 0.0 0 11.9 25 360 M M 0 39 240
28 73 50 62 -10 3 0 0.00 0.0 0 9.1 22 20 M M 0 30 360
29 71 49 60 -12 5 0 0.00 0.0 0 7.5 14 130 M M 0 21 80
30 61 51 56 -16 9 0 0.53 0.0 0 6.6 14 150 M M 0 21 160
31 62 59 61 -12 4 0 1.30 0.0 0 5.1 13 30 M M 0 18 20
================================================================================
SM 2289 1643 105 61 3.79 0.0 289.9 M 0
================================================================================
AV 73.8 53.0 9.4 FASTST M M 0 MAX(MPH)
MISC ----> 46 200 64 210
================================================================================
NOTES:
# LAST OF SEVERAL OCCURRENCES
COLUMN 17 PEAK WIND IN M.P.H.
PRELIMINARY LOCAL CLIMATOLOGICAL DATA (WS FORM: F-6) , PAGE 2
STATION: MEDICINE LODGE KS
MONTH: MAY
YEAR: 2021
LATITUDE: 37 17 N
LONGITUDE: 98 35 W
[TEMPERATURE DATA] [PRECIPITATION DATA] SYMBOLS USED IN COLUMN 16
AVERAGE MONTHLY: 63.4 TOTAL FOR MONTH: 3.79 1 = FOG OR MIST
DPTR FM NORMAL: -3.6 DPTR FM NORMAL: 0.14 2 = FOG REDUCING VISIBILITY
HIGHEST: 88 ON 8 GRTST 24HR 1.83 ON 30-31 TO 1/4 MILE OR LESS
LOWEST: 39 ON 13 3 = THUNDER
SNOW, ICE PELLETS, HAIL 4 = ICE PELLETS
TOTAL MONTH: 0.0 INCH 5 = HAIL
GRTST 24HR 0.0 6 = FREEZING RAIN OR DRIZZLE
GRTST DEPTH: 0 7 = DUSTSTORM OR SANDSTORM:
VSBY 1/2 MILE OR LESS
8 = SMOKE OR HAZE
[NO. OF DAYS WITH] [WEATHER - DAYS WITH] 9 = BLOWING SNOW
X = TORNADO
MAX 32 OR BELOW: 0 0.01 INCH OR MORE: 14
MAX 90 OR ABOVE: 0 0.10 INCH OR MORE: 10
MIN 32 OR BELOW: 0 0.50 INCH OR MORE: 2
MIN 0 OR BELOW: 0 1.00 INCH OR MORE: 1
[HDD (BASE 65) ]
TOTAL THIS MO. 105
DPTR FM NORMAL 24
TOTAL FM JUL 1 4435
DPTR FM NORMAL 50
[CDD (BASE 65) ]
TOTAL THIS MO. 61
DPTR FM NORMAL -81 [PRESSURE DATA]
TOTAL FM JAN 1 76 HIGHEST SLP 30.38 ON 12
DPTR FM NORMAL -98 LOWEST SLP 29.39 ON 2
[REMARKS]
#FINAL-05-21#