000
CXUS53 KPAH 010700
CF6PAH
PRELIMINARY LOCAL CLIMATOLOGICAL DATA (WS FORM: F-6)
STATION: PADUCAH KY
MONTH: OCTOBER
YEAR: 2021
LATITUDE: 37 4 N
LONGITUDE: 88 46 W
TEMPERATURE IN F: :PCPN: SNOW: WIND :SUNSHINE: SKY :PK WND
================================================================================
1 2 3 4 5 6A 6B 7 8 9 10 11 12 13 14 15 16 17 18
12Z AVG MX 2MIN
DY MAX MIN AVG DEP HDD CDD WTR SNW DPTH SPD SPD DIR MIN PSBL S-S WX SPD DR
================================================================================
1 85 68 77 11 0 12 0.00 0.0 0 1.4 17 120 M M 7 3 24 130
2 76 69 73 8 0 8 0.66 0.0 0 4.4 12 230 M M 8 13 24 220
3 82 63 73 8 0 8 0.02 0.0 0 4.4 12 300 M M 5 1 24 270
4 83 60 72 8 0 7 0.00 0.0 0 0.9 8 330 M M 2 1 11 220
5 83 57 70 6 0 5 0.10 0.0 0 4.3 15 70 M M 4 1 21 60
6 79 66 73 9 0 8 0.01 0.0 0 5.5 12 80 M M 7 1 16 110
7 82 62 72 9 0 7 0.00 0.0 0 2.4 8 230 M M 4 1 14 220
8 85 59 72 9 0 7 T 0.0 0 0.5 9 300 M M 2 1 16 320
9 89 69 79 17 0 14 0.00 0.0 0 5.4 12 220 M M 2 23 230
10 88 68 78 16 0 13 0.00 0.0 0 6.4 14 220 M M 0 24 200
11 82 63 73 11 0 8 0.80 0.0 0 9.2 22 180 M M 2 1238 45 180
12 80 56 68 7 0 3 0.00 0.0 0 1.3 8 300 M M 0 11 280
13 82 60 71 10 0 6 0.11 0.0 0 5.6 12 210 M M 2 22 210
14 84 71 78 18 0 13 0.00 0.0 0 4.6 10 240 M M 4 18 250
15 81 54 68 8 0 3 0.05 0.0 0 7.0 22 330 M M 9 37 340
16 68 43 56 -4 9 0 0.00 0.0 0 5.0 17 350 M M 0 25 350
17 72 39 56 -3 9 0 0.00 0.0 0 1.4 9 300 M M 0 12 310
18 73 39 56 -3 9 0 0.00 0.0 0 1.3 9 200 M M 0 8 16 270
19 72 42 57 -2 8 0 0.00 0.0 0 1.9 10 180 M M 0 8 15 220
20 77 48 63 5 2 0 0.00 0.0 0 3.5 12 190 M M 0 19 170
21 70 51 61 3 4 0 0.00 0.0 0 6.7 15 300 M M 3 8 25 280
22 67 46 57 0 8 0 0.00 0.0 0 2.6 12 260 M M 3 1 17 300
23 61 45 53 -4 12 0 0.20 0.0 0 3.5 9 140 M M 6 1 13 190
24 83 58 71 14 0 6 0.07 0.0 0 9.2 17 240 M M 5 3 32 190
25 64 53 59 3 6 0 0.47 0.0 0 9.4 18 330 M M 9 13 32 310
26 64 45 55 -1 10 0 0.00 0.0 0 3.5 12 70 M M 2 17 80
27 68 44 56 1 9 0 T M 0 8.6 21 110 M M 1 29 110
28 67 54 61 6 4 0 0.25 0.0 0 6.5 17 110 M M 10 1 25 120
29 63 54 59 4 6 0 0.10 0.0 0 6.1 14 320 M M 10 1 24 330
30 57 49 53 -1 12 0 T 0.0 0 6.0 15 330 M M 10 18 23 310
31 68 42 55 1 10 0 0.00 0.0 0 3.7 18 320 M M 3 12 26 310
================================================================================
SM 2335 1697 118 128 2.84 0.0 142.2 M 120
================================================================================
AV 75.3 54.7 4.6 FASTST M M 4 MAX(MPH)
MISC ----> # 22 180 45 180
================================================================================
NOTES:
# LAST OF SEVERAL OCCURRENCES
COLUMN 17 PEAK WIND IN M.P.H.
PRELIMINARY LOCAL CLIMATOLOGICAL DATA (WS FORM: F-6) , PAGE 2
STATION: PADUCAH KY
MONTH: OCTOBER
YEAR: 2021
LATITUDE: 37 4 N
LONGITUDE: 88 46 W
[TEMPERATURE DATA] [PRECIPITATION DATA] SYMBOLS USED IN COLUMN 16
AVERAGE MONTHLY: 65.0 TOTAL FOR MONTH: 2.84 1 = FOG OR MIST
DPTR FM NORMAL: 5.3 DPTR FM NORMAL: -1.15 2 = FOG REDUCING VISIBILITY
HIGHEST: 89 ON 9 GRTST 24HR 0.80 ON 11-11 TO 1/4 MILE OR LESS
LOWEST: 39 ON 18,17 3 = THUNDER
SNOW, ICE PELLETS, HAIL 4 = ICE PELLETS
TOTAL MONTH: 0.0 INCH 5 = HAIL
GRTST 24HR 0.0 6 = FREEZING RAIN OR DRIZZLE
GRTST DEPTH: 0 7 = DUSTSTORM OR SANDSTORM:
VSBY 1/2 MILE OR LESS
8 = SMOKE OR HAZE
[NO. OF DAYS WITH] [WEATHER - DAYS WITH] 9 = BLOWING SNOW
X = TORNADO
MAX 32 OR BELOW: 0 0.01 INCH OR MORE: 12
MAX 90 OR ABOVE: 0 0.10 INCH OR MORE: 8
MIN 32 OR BELOW: 0 0.50 INCH OR MORE: 2
MIN 0 OR BELOW: 0 1.00 INCH OR MORE: 0
[HDD (BASE 65) ]
TOTAL THIS MO. 118 CLEAR (SCALE 0-3) 16
DPTR FM NORMAL -95 PTCLDY (SCALE 4-7) 9
TOTAL FM JUL 1 126 CLOUDY (SCALE 8-10) 6
DPTR FM NORMAL -116
[CDD (BASE 65) ]
TOTAL THIS MO. 128
DPTR FM NORMAL 79 [PRESSURE DATA]
TOTAL FM JAN 1 1760 HIGHEST SLP M ON M
DPTR FM NORMAL 82 LOWEST SLP 29.32 ON 28
[REMARKS]
#FINAL-10-21#