000
CXUS53 KPAH 010700
CF6PAH
PRELIMINARY LOCAL CLIMATOLOGICAL DATA (WS FORM: F-6)
STATION: PADUCAH KY
MONTH: APRIL
YEAR: 2021
LATITUDE: 37 4 N
LONGITUDE: 88 46 W
TEMPERATURE IN F: :PCPN: SNOW: WIND :SUNSHINE: SKY :PK WND
================================================================================
1 2 3 4 5 6A 6B 7 8 9 10 11 12 13 14 15 16 17 18
12Z AVG MX 2MIN
DY MAX MIN AVG DEP HDD CDD WTR SNW DPTH SPD SPD DIR MIN PSBL S-S WX SPD DR
================================================================================
1 49 31 40 -13 25 0 0.00 0.0 0 9.1 21 350 M M 0 29 360
2 55 26 41 -13 24 0 0.00 0.0 0 2.8 14 70 M M 0 17 80
3 66 37 52 -2 13 0 0.00 0.0 0 5.7 15 240 M M 0 21 220
4 74 41 58 4 7 0 0.00 0.0 0 4.2 12 250 M M 2 16 190
5 78 45 62 7 3 0 0.00 0.0 0 5.8 17 240 M M 0 24 240
6 80 54 67 12 0 2 0.00 0.0 0 6.5 17 250 M M 2 28 180
7 81 61 71 16 0 6 0.74 0.0 0 9.7 25 230 M M 6 13 38 230
8 64 55 60 4 5 0 0.06 0.0 0 11.1 24 240 M M 8 33 230
9 83 59 71 15 0 6 0.07 0.0 0 8.8 18 230 M M 2 3 29 210
10 69 54 62 6 3 0 0.04 0.0 0 14.7 30 240 M M 6 18 41 250
11 75 52 64 8 1 0 T 0.0 0 13.0 25 260 M M 2 38 250
12 76 44 60 3 5 0 0.00 0.0 0 2.7 12 40 M M 0 15 30
13 72 55 64 7 1 0 0.01 0.0 0 8.8 16 10 M M 8 3 26 70
14 66 48 57 -1 8 0 0.25 0.0 0 3.8 12 10 M M 8 1 16 10
15 63 43 53 -5 12 0 0.00 0.0 0 6.3 17 360 M M 0 27 350
16 64 38 51 -7 14 0 0.00 0.0 0 2.2 9 360 M M 4 14 120
17 60 47 54 -4 11 0 0.03 0.0 0 4.7 13 310 M M 9 1 19 320
18 66 40 53 -6 12 0 0.01 0.0 0 4.8 16 320 M M 5 18 24 330
19 69 43 56 -3 9 0 0.00 0.0 0 6.7 15 250 M M 1 1 22 250
20 65 34 50 -10 15 0 0.10 0.6 0 8.9 25 340 M M 4 18 35 350
21 56 34 45 -15 20 0 0.00 0.0 0 4.5 15 300 M M 7 18 22 310
22 60 37 49 -11 16 0 0.00 0.0 0 2.6 12 320 M M 2 19 340
23 66 47 57 -3 8 0 0.04 0.0 0 5.8 14 170 M M 8 21 160
24 57 50 54 -7 11 0 1.40 0.0 0 7.2 17 350 M M 9 18 26 350
25 71 44 58 -3 7 0 0.00 0.0 0 3.4 12 20 M M 3 128 16 10
26 78 46 62 1 3 0 0.00 0.0 0 6.9 17 170 M M 0 25 220
27 82 60 71 9 0 6 0.00 0.0 0 7.7 20 210 M M 1 31 200
28 78 66 72 10 0 7 0.80 0.0 0 5.7 15 210 M M 5 138 22 210
29 71 54 63 1 2 0 1.69 0.0 0 7.9 22 240 M M 6 138 30 220
30 78 54 66 3 0 1 0.00 0.0 0 5.4 15 340 M M 0 1 24 10
================================================================================
SM 2072 1399 235 28 5.24 0.6 197.4 M 108
================================================================================
AV 69.1 46.6 6.6 FASTST M M 4 MAX(MPH)
MISC ----> 30 240 41 250
================================================================================
NOTES:
# LAST OF SEVERAL OCCURRENCES
COLUMN 17 PEAK WIND IN M.P.H.
PRELIMINARY LOCAL CLIMATOLOGICAL DATA (WS FORM: F-6) , PAGE 2
STATION: PADUCAH KY
MONTH: APRIL
YEAR: 2021
LATITUDE: 37 4 N
LONGITUDE: 88 46 W
[TEMPERATURE DATA] [PRECIPITATION DATA] SYMBOLS USED IN COLUMN 16
AVERAGE MONTHLY: 57.9 TOTAL FOR MONTH: 5.24 1 = FOG OR MIST
DPTR FM NORMAL: -0.2 DPTR FM NORMAL: 0.48 2 = FOG REDUCING VISIBILITY
HIGHEST: 83 ON 9 GRTST 24HR 1.77 ON 28-29 TO 1/4 MILE OR LESS
LOWEST: 26 ON 2 3 = THUNDER
SNOW, ICE PELLETS, HAIL 4 = ICE PELLETS
TOTAL MONTH: 0.6 INCH 5 = HAIL
GRTST 24HR 0.6 ON 20-20 6 = FREEZING RAIN OR DRIZZLE
GRTST DEPTH: 0 7 = DUSTSTORM OR SANDSTORM:
VSBY 1/2 MILE OR LESS
8 = SMOKE OR HAZE
[NO. OF DAYS WITH] [WEATHER - DAYS WITH] 9 = BLOWING SNOW
X = TORNADO
MAX 32 OR BELOW: 0 0.01 INCH OR MORE: 13
MAX 90 OR ABOVE: 0 0.10 INCH OR MORE: 6
MIN 32 OR BELOW: 2 0.50 INCH OR MORE: 4
MIN 0 OR BELOW: 0 1.00 INCH OR MORE: 2
[HDD (BASE 65) ]
TOTAL THIS MO. 235 CLEAR (SCALE 0-3) 16
DPTR FM NORMAL -10 PTCLDY (SCALE 4-7) 11
TOTAL FM JUL 1 3794 CLOUDY (SCALE 8-10) 3
DPTR FM NORMAL -269
[CDD (BASE 65) ]
TOTAL THIS MO. 28
DPTR FM NORMAL -7 [PRESSURE DATA]
TOTAL FM JAN 1 29 HIGHEST SLP M ON M
DPTR FM NORMAL -13 LOWEST SLP 29.49 ON 10
[REMARKS]
#FINAL-04-21#