000
CXUS53 KPAH 010700
CF6PAH
PRELIMINARY LOCAL CLIMATOLOGICAL DATA (WS FORM: F-6)
STATION: PADUCAH KY
MONTH: MARCH
YEAR: 2020
LATITUDE: 37 4 N
LONGITUDE: 88 46 W
TEMPERATURE IN F: :PCPN: SNOW: WIND :SUNSHINE: SKY :PK WND
================================================================================
1 2 3 4 5 6A 6B 7 8 9 10 11 12 13 14 15 16 17 18
12Z AVG MX 2MIN
DY MAX MIN AVG DEP HDD CDD WTR SNW DPTH SPD SPD DIR MIN PSBL S-S WX SPD DR
================================================================================
1 69 36 53 9 12 0 0.43 0.0 0 9.6 22 210 M M 4 13 40 190
2 69 51 60 16 5 0 0.68 0.0 0 7.4 23 240 M M 8 13 31 240
3 65 41 53 9 12 0 T 0.0 0 6.4 17 310 M M M 13 26 250
4 65 38 52 7 13 0 0.00 0.0 0 6.4 16 300 M M 0 22 280
5 63 37 50 5 15 0 0.00 0.0 0 6.5 20 300 M M 1 32 290
6 53 31 42 -3 23 0 0.00 0.0 0 11.1 22 340 M M 1 31 350
7 57 26 42 -4 23 0 0.00 0.0 M 3.4 10 90 M M 0 15 80
8 67 38 53 7 12 0 0.00 0.0 0 7.6 20 220 M M 0 30 200
9 66 55 61 15 4 0 0.37 0.0 0 10.4 22 170 M M 5 1 36 180
10 63 44 54 8 11 0 T 0.0 0 9.6 22 290 M M 10 8 38 270
11 66 41 54 7 11 0 0.43 0.0 0 3.2 16 210 M M 5 1 27 220
12 70 43 57 10 8 0 0.36 0.0 0 8.1 21 240 M M 9 123 32 250
13 60 44 52 5 13 0 0.00 0.0 0 11.1 23 360 M M 4 30 330
14 47 41 44 -4 21 0 1.17 0.0 0 10.5 20 70 M M 10 1 25 70
15 43 39 41 -7 24 0 0.00 0.0 0 9.1 17 30 M M 10 23 20
16 47 41 44 -4 21 0 0.22 0.0 0 2.8 12 120 M M 10 18 15 110
17 61 45 53 4 12 0 0.22 0.0 0 7.5 15 40 M M 6 1 20 60
18 64 47 56 7 9 0 0.55 0.0 0 5.1 14 220 M M 9 123 20 210
19 73 56 65 16 0 0 0.26 0.0 0 9.0 16 210 M M 9 13 28 190
20 72 43 58 8 7 0 0.19 0.0 0 14.1 25 250 M M 6 13 39 180
21 50 37 44 -6 21 0 T 0.0 0 9.6 16 50 M M 6 21 50
22 49 36 43 -7 22 0 0.05 0.0 0 7.0 17 40 M M 7 1 22 50
23 61 44 53 3 12 0 0.00 0.0 0 4.9 13 60 M M 3 1 17 10
24 54 43 49 -2 16 0 0.39 0.0 0 7.6 18 20 M M 8 18 25 30
25 65 47 56 5 9 0 0.00 0.0 0 4.7 10 160 M M 5 18 16 160
26 83 45 64 12 1 0 0.00 0.0 0 8.2 21 230 M M 0 1 35 230
27 79 62 71 19 0 6 0.00 0.0 0 6.2 18 220 M M 4 1 27 230
28 79 65 72 20 0 7 0.88 0.0 0 12.5 37 240 M M 5 138 53 250
29 68 55 62 10 3 0 0.00 0.0 0 14.0 25 240 M M 0 36 240
30 66 43 55 2 10 0 0.00 0.0 0 1.7 8 50 M M 1 11 40
31 61 44 53 0 12 0 0.55 0.0 0 7.6 20 350 M M 6 1 26 30
================================================================================
SM 1955 1358 362 13 6.75 0.0 242.9 M 152
================================================================================
AV 63.1 43.8 7.8 FASTST M M 5 MAX(MPH)
MISC ----> 37 240 53 250
================================================================================
NOTES:
# LAST OF SEVERAL OCCURRENCES
COLUMN 17 PEAK WIND IN M.P.H.
PRELIMINARY LOCAL CLIMATOLOGICAL DATA (WS FORM: F-6) , PAGE 2
STATION: PADUCAH KY
MONTH: MARCH
YEAR: 2020
LATITUDE: 37 4 N
LONGITUDE: 88 46 W
[TEMPERATURE DATA] [PRECIPITATION DATA] SYMBOLS USED IN COLUMN 16
AVERAGE MONTHLY: 53.4 TOTAL FOR MONTH: 6.75 1 = FOG OR MIST
DPTR FM NORMAL: 5.1 DPTR FM NORMAL: 2.82 2 = FOG REDUCING VISIBILITY
HIGHEST: 83 ON 26 GRTST 24HR 1.17 ON 14-14 TO 1/4 MILE OR LESS
LOWEST: 26 ON 7 3 = THUNDER
SNOW, ICE PELLETS, HAIL 4 = ICE PELLETS
TOTAL MONTH: 0.0 INCH 5 = HAIL
GRTST 24HR 0.0 6 = FREEZING RAIN OR DRIZZLE
GRTST DEPTH: 0 7 = DUSTSTORM OR SANDSTORM:
VSBY 1/2 MILE OR LESS
8 = SMOKE OR HAZE
[NO. OF DAYS WITH] [WEATHER - DAYS WITH] 9 = BLOWING SNOW
X = TORNADO
MAX 32 OR BELOW: 0 0.01 INCH OR MORE: 15
MAX 90 OR ABOVE: 0 0.10 INCH OR MORE: 14
MIN 32 OR BELOW: 2 0.50 INCH OR MORE: 5
MIN 0 OR BELOW: 0 1.00 INCH OR MORE: 1
[HDD (BASE 65) ]
TOTAL THIS MO. 362 CLEAR (SCALE 0-3) 8
DPTR FM NORMAL -161 PTCLDY (SCALE 4-7) 15
TOTAL FM JUL 1 3389 CLOUDY (SCALE 8-10) 8
DPTR FM NORMAL -430
[CDD (BASE 65) ]
TOTAL THIS MO. 13
DPTR FM NORMAL 6 [PRESSURE DATA]
TOTAL FM JAN 1 13 HIGHEST SLP M ON M
DPTR FM NORMAL 6 LOWEST SLP 29.60 ON 2
[REMARKS]
#FINAL-03-20#