000
CXUS53 KPAH 011215
CLSPAH
CLIMATE REPORT
NATIONAL WEATHER SERVICE PADUCAH
609 AM CST MON MAR 01 2021
...................................
...THE PADUCAH KY CLIMATE SUMMARY FOR THE SEASON, FROM
12/1/2020 TO 2/28/2021...
CLIMATE NORMAL PERIOD 1981 TO 2010
CLIMATE RECORD PERIOD 1937 TO 2021
WEATHER OBSERVED NORMAL DEPART LAST YEAR`S
VALUE DATE(S) VALUE FROM VALUE
NORMAL
..............................................................
TEMPERATURE (F)
RECORD
HIGH 78 02/13/1962
LOW -15 01/20/1985
HIGHEST 71 02/28 45 26
LOWEST -2 02/16 27 -29
AVG. MAXIMUM 44.8 46.1 -1.3
AVG. MINIMUM 28.2 28.0 0.2
MEAN 36.5 37.0 -0.5
DAYS MAX >= 90 0 0.0 0.0
DAYS MAX <= 32 14 10.8 3.2
DAYS MIN <= 32 56 59.4 -3.4
DAYS MIN <= 0 2 1.1 0.9
PRECIPITATION (INCHES)
RECORD
MAXIMUM 27.23 1949
MINIMUM 3.98 1962
TOTALS 11.24 12.18 -0.94
DAILY AVG. 0.12 0.14 -0.02
DAYS >= .01 36 28.7 7.3
DAYS >= .10 18 18.6 -0.6
DAYS >= .50 7 8.4 -1.4
DAYS >= 1.00 2 3.3 -1.3
GREATEST
24 HR. TOTAL 3.15
STORM TOTAL 3.15
(MM/DD(HH))
SNOWFALL (INCHES)
RECORDS
TOTAL 24.7 1978
24 HR TOTAL 14.0 12/22/2004 TO 12/22/2004
TOTALS 13.4 8.4 5.0
LIQUID EQUIV 1.30
SINCE 7/1 13.4 8.5 4.9
LIQUID 7/1 1.34
SNOWDEPTH AVG. 0
DAYS >= TRACE 23
DAYS >= 1.0 2
GREATEST
SNOW DEPTH 5 02/16
02/18
02/19
24 HR TOTAL 9.0
STORM TOTAL 9.0
(MM/DD(HH))
DEGREE DAYS
HEATING TOTAL 2533 2519 14
SINCE 7/1 3196 3295 -99
COOLING TOTAL 0 1 -1
SINCE 1/1 0 0 0
FREEZE DATES
RECORD
EARLIEST 10/01/1984
LATEST 04/28/1992
EARLIEST 11/02
LATEST 04/15
..............................................................
WIND (MPH)
AVERAGE WIND SPEED 7.7
HIGHEST WIND SPEED/DIRECTION 30/250 DATE 01/15
HIGHEST GUST SPEED/DIRECTION 42/240 DATE 01/31
SKY COVER
POSSIBLE SUNSHINE (PERCENT) MM
AVERAGE SKY COVER 0.52
NUMBER OF DAYS FAIR 36
NUMBER OF DAYS PC 18
NUMBER OF DAYS CLOUDY 36
AVERAGE RH (PERCENT) 70
WEATHER CONDITIONS. NUMBER OF DAYS WITH
THUNDERSTORM 2 MIXED PRECIP 0
HEAVY RAIN 8 RAIN 16
LIGHT RAIN 29 FREEZING RAIN 1
LT FREEZING RAIN 2 HAIL 0
HEAVY SNOW 2 SNOW 3
LIGHT SNOW 16 SLEET 2
FOG 49 FOG W/VIS <= 1/4 MILE 4
HAZE 27
- INDICATES NEGATIVE NUMBERS.
R INDICATES RECORD WAS SET OR TIED.
MM INDICATES DATA IS MISSING.
T INDICATES TRACE AMOUNT.
[REMARKS:] 10TH SNOWIEST WINTER SEASON
$$