509
CXUS53 KPAH 031513
CLSPAH
SDFCLMPAS 000
TTAA00 KPAH 031503
CLIMATE REPORT
NATIONAL WEATHER SERVICE PADUCAH KY
1001 AM CDT MON JUN 3 2019
...................................
...THE PADUCAH KY CLIMATE SUMMARY FOR THE SPRING SEASON, FROM
3/1/2019 TO 5/31/2019...
CLIMATE NORMAL PERIOD 1981 TO 2010
CLIMATE RECORD PERIOD 1937 TO 2019
WEATHER OBSERVED NORMAL DEPART
VALUE DATE(S) VALUE FROM
NORMAL
................................................
TEMPERATURE (F)
RECORD
HIGH 96 05/26/1953
05/26/1944
05/22/1941
LOW -6 03/06/2015
HIGHEST 91 05/24 68 23
LOWEST 12 03/04 47 -35
AVG. MAXIMUM 68.9 68.8 0.1
AVG. MINIMUM 47.1 46.9 0.2
MEAN 58.0 57.8 0.2
DAYS MAX >= 90 3 0.8 2.2
DAYS MAX <= 32 1 0.3 0.7
DAYS MIN <= 32 15 12.0 3.0
DAYS MIN <= 0 0 0.0 0.0
PRECIPITATION (INCHES)
RECORD
MAXIMUM 31.21 2011
MINIMUM 4.95 2012
TOTALS 23.34 13.63 9.71
DAILY AVG. 0.25 0.15 0.10
DAYS >= .01 35 32.5 2.5
DAYS >= .10 27 22.1 4.9
DAYS >= .50 16 8.9 7.1
DAYS >= 1.00 8 3.4 4.6
GREATEST
24 HR. TOTAL 3.79 MM
STORM TOTAL MM
(MM/DD(HH)) MM
SNOWFALL (INCHES)
RECORDS
TOTAL 24.0 1960
24 HR TOTAL 8.1 MM
TOTALS 0.3 0.6 -0.3
LIQUID EQUIV 0.03
SINCE 7/1 6.1 9.1 -3.0
LIQUID 7/1 0.61
SNOWDEPTH AVG. 0
DAYS >= TRACE 1
DAYS >= 1.0 0
GREATEST
SNOW DEPTH 0 MM
24 HR TOTAL 0.3 MM
STORM TOTAL MM
(MM/DD(HH)) MM
DEGREE_DAYS
HEATING TOTAL 848 831 17
SINCE 7/1 3960 4128 -168
COOLING TOTAL 221 172 49
SINCE 1/1 221 172 49
FREEZE DATES
RECORD
EARLIEST 10/01/1984
LATEST 04/28/1992
EARLIEST 10/26
LATEST 04/04
.................................................
WIND (MPH)
AVERAGE WIND SPEED 7.0
HIGHEST WIND SPEED/DIRECTION 32/270 DATE 05/29
HIGHEST GUST SPEED/DIRECTION 47/260 DATE 05/29
SKY COVER
POSSIBLE SUNSHINE (PERCENT) MM
AVERAGE SKY COVER 0.40
NUMBER OF DAYS FAIR 49
NUMBER OF DAYS PC 24
NUMBER OF DAYS CLOUDY 19
AVERAGE RH (PERCENT) 66
WEATHER CONDITIONS. NUMBER OF DAYS WITH
THUNDERSTORM 13 MIXED PRECIP 0
HEAVY RAIN 18 RAIN 25
LIGHT RAIN 39 FREEZING RAIN 0
LT FREEZING RAIN 0 HAIL 0
HEAVY SNOW 0 SNOW 0
LIGHT SNOW 1 SLEET 0
FOG 51 FOG W/VIS <= 1/4 MILE 6
HAZE 20
- INDICATES NEGATIVE NUMBERS.
R INDICATES RECORD WAS SET OR TIED.
MM INDICATES DATA IS MISSING.
T INDICATES TRACE AMOUNT.
$$