000
CXUS54 KLZK 011330
CF6PBF
PRELIMINARY LOCAL CLIMATOLOGICAL DATA (WS FORM: F-6)
STATION: PINE BLUFF
MONTH: JANUARY
YEAR: 2024
LATITUDE: 34 10 N
LONGITUDE: 91 56 W
TEMPERATURE IN F: :PCPN: SNOW: WIND :SUNSHINE: SKY :PK WND
================================================================================
1 2 3 4 5 6A 6B 7 8 9 10 11 12 13 14 15 16 17 18
12Z AVG MX 2MIN
DY MAX MIN AVG DEP HDD CDD WTR SNW DPTH SPD SPD DIR MIN PSBL S-S WX SPD DR
================================================================================
1 46 32 39 -4 26 0 0.00 0.0 0 8.8 17 10 M M 0 24 10
2 47 25 36 -7 29 0 0.00 0.0 0 2.0 8 110 M M 0 10 80
3 50 32 41 -2 24 0 0.00 0.0 0 0.5 7 310 M M 1 8 300
4 46 30 38 -5 27 0 0.00 0.0 0 8.0 15 40 M M 0 21 40
5 41 31 36 -7 29 0 1.02 T 0 8.2 17 80 M M 7 1 24 30
6 46 38 42 -1 23 0 0.00 0.0 0 5.5 10 290 M M 10 1 15 300
7 56 34 45 3 20 0 0.00 0.0 0 5.3 13 250 M M 0 19 230
8 50 36 43 1 22 0 1.24 0.0 0 10.3 25 120 M M 7 13 34 110
9 49 36 43 1 22 0 0.01 0.0 0 16.0 29 250 M M 8 1 43 260
10 58 28 43 1 22 0 0.00 0.0 0 8.8 22 170 M M 0 28 190
11 64 35 50 8 15 0 0.02 0.0 0 8.1 26 180 M M 5 39 170
12 65 30 48 6 17 0 0.49 0.0 0 14.7 46 230 M M 6 13 73 210
13 53 26 40 -2 25 0 0.00 0.0 0 6.7 21 330 M M 0 29 340
14 32 13 23 -19 42 0 0.10 T 0 13.7 20 20 M M 8 8 25 30
15 17 12 15 -27 50 0 0.11 0.5 0 13.4 21 360 M M 9 1 26 30
16 23 9 16 -26 49 0 0.00 0.0 0 9.4 23 330 M M 0 33 330
17 39 9 24 -19 41 0 0.00 0.0 0 6.8 16 190 M M 0 19 190
18 37 21 29 -14 36 0 0.00 0.0 0 5.5 18 190 M M 8 12 24 180
19 36 23 30 -13 35 0 0.00 0.0 0 9.8 21 10 M M 2 1 28 360
20 26 18 22 -21 43 0 0.00 0.0 0 9.9 17 10 M M 0 24 10
21 33 17 25 -18 40 0 0.00 0.0 0 6.7 12 130 M M 3 8 16 80
22 45 32 39 -4 26 0 0.58 0.0 0 9.4 20 110 M M 10 1 27 110
23 58 42 50 7 15 0 1.98 0.0 0 8.1 16 110 M M 10 12 20 100
24 61 51 56 13 9 0 0.20 0.0 0 4.3 20 100 M M 10 12 25 100
25 68 49 59 16 6 0 0.31 0.0 0 2.9 13 240 M M 7 1 17 250
26 54 42 48 5 17 0 0.10 0.0 0 5.9 20 20 M M 9 1 26 10
27 54 45 50 7 15 0 1.17 0.0 0 13.3 21 330 M M 10 1 30 330
28 59 42 51 8 14 0 0.00 0.0 0 8.2 18 310 M M 5 24 320
29 60 32 46 2 19 0 0.00 0.0 0 3.8 13 120 M M 0 15 120
30 74 42 58 14 7 0 0.00 0.0 0 6.7 15 330 M M 0 23 280
31 57 38 48 4 17 0 0.00 0.0 0 3.3 12 50 M M 0 16 50
================================================================================
SM 1504 950 782 0 7.33 0.5 244.0 M 135
================================================================================
AV 48.5 30.6 7.9 FASTST M M 4 MAX(MPH)
MISC ----> 46 230 73 210
================================================================================
NOTES:
# LAST OF SEVERAL OCCURRENCES
COLUMN 17 PEAK WIND IN M.P.H.
PRELIMINARY LOCAL CLIMATOLOGICAL DATA (WS FORM: F-6) , PAGE 2
STATION: PINE BLUFF
MONTH: JANUARY
YEAR: 2024
LATITUDE: 34 10 N
LONGITUDE: 91 56 W
[TEMPERATURE DATA] [PRECIPITATION DATA] SYMBOLS USED IN COLUMN 16
AVERAGE MONTHLY: 39.6 TOTAL FOR MONTH: 7.33 1 = FOG OR MIST
DPTR FM NORMAL: -3.2 DPTR FM NORMAL: 3.51 2 = FOG REDUCING VISIBILITY
HIGHEST: 74 ON 30 GRTST 24HR 2.17 ON 23-24 TO 1/4 MILE OR LESS
LOWEST: 9 ON 17,16 3 = THUNDER
SNOW, ICE PELLETS, HAIL 4 = ICE PELLETS
TOTAL MONTH: 0.5 INCH 5 = HAIL
GRTST 24HR 0.5 ON 15-15 6 = FREEZING RAIN OR DRIZZLE
GRTST DEPTH: 0 7 = DUSTSTORM OR SANDSTORM:
VSBY 1/2 MILE OR LESS
8 = SMOKE OR HAZE
[NO. OF DAYS WITH] [WEATHER - DAYS WITH] 9 = BLOWING SNOW
X = TORNADO
MAX 32 OR BELOW: 4 0.01 INCH OR MORE: 13
MAX 90 OR ABOVE: 0 0.10 INCH OR MORE: 11
MIN 32 OR BELOW: 18 0.50 INCH OR MORE: 5
MIN 0 OR BELOW: 0 1.00 INCH OR MORE: 4
[HDD (BASE 65) ]
TOTAL THIS MO. 782 CLEAR (SCALE 0-3) 14
DPTR FM NORMAL 92 PTCLDY (SCALE 4-7) 9
TOTAL FM JUL 1 1650 CLOUDY (SCALE 8-10) 8
DPTR FM NORMAL -177
[CDD (BASE 65) ]
TOTAL THIS MO. 0
DPTR FM NORMAL -2 [PRESSURE DATA]
TOTAL FM JAN 1 0 HIGHEST SLP 30.70 ON 20
DPTR FM NORMAL -2 LOWEST SLP 29.32 ON 12
[REMARKS]
#FINAL-01-24#