000
CXUS51 KBTV 110241
CF6PBG
PRELIMINARY LOCAL CLIMATOLOGICAL DATA (WS FORM: F-6)
STATION: PLATTSBURGH NY
MONTH: FEBRUARY
YEAR: 2021
LATITUDE: 44 39 N
LONGITUDE: 73 28 W
TEMPERATURE IN F: :PCPN: SNOW: WIND :SUNSHINE: SKY :PK WND
================================================================================
1 2 3 4 5 6A 6B 7 8 9 10 11 12 13 14 15 16 17 18
12Z AVG MX 2MIN
DY MAX MIN AVG DEP HDD CDD WTR SNW DPTH SPD SPD DIR MIN PSBL S-S WX SPD DR
================================================================================
1 20 -12 4 -14 61 0 0.00 M M 2.5 15 360 M M 0 18 350
2 27 20 24 6 41 0 0.08 M M 22.8 31 10 M M 9 12 38 10
3 32 27 30 11 35 0 T M M 14.0 25 350 M M 10 16 31 350
4 34 11 23 4 42 0 T M M 5.5 15 340 M M 4 18 340
5 38 9 24 5 41 0 0.02 M M 7.1 23 150 M M 5 1 43 210
6 31 18 25 6 40 0 T M M 6.2 21 220 M M 7 32 220
7 32 3 18 -1 47 0 T M M 3.8 18 180 M M 6 1 29 170
8 21 1 11 -8 54 0 0.00 M M 4.2 14 350 M M 1 19 320
9 23 2 13 -7 52 0 0.02 M M 1.2 9 340 M M 9 18 10 340
10 24 4 14 -6 51 0 T M M 3.3 15 320 M M 7 1 18 340
11 22 4 13 -7 52 0 T M M 6.6 18 340 M M 5 24 330
12 8 -9 0 -20 65 0 0.00 M M 4.3 12 310 M M 0 8 17 310
13 10 -14 -2 -22 67 0 T M M 2.3 10 10 M M 3 12 20
14 24 10 17 -4 48 0 T M M 3.5 12 160 M M 8 15 160
15 22 4 13 -8 52 0 0.01 M M 1.4 8 10 M M 8 1 9 360
16 32 14 23 2 42 0 0.40 M M 6.7 21 250 M M 10 168 38 260
17 20 7 14 -7 51 0 0.00 M M 4.6 16 270 M M 0 25 280
18 24 2 13 -9 52 0 0.00 M M 1.9 6 300 M M 4 8 30
19 26 11 19 -3 46 0 0.02 M M 1.0 9 20 M M 9 1 10 30
20 28 3 16 -6 49 0 T M M 5.4 21 340 M M 7 18 25 330
21 27 4 16 -6 49 0 0.00 M M 5.1 16 340 M M 3 19 350
22 32 5 19 -4 46 0 T M M 8.8 23 160 M M 8 30 140
23 38 32 35 12 30 0 0.01 M M 4.9 13 150 M M 10 1 21 240
24 44 34 39 16 26 0 0.02 M M 7.1 16 160 M M 8 23 230
25 42 19 31 7 34 0 0.01 M M 10.1 26 330 M M 6 1 39 330
26 30 13 22 -2 43 0 0.00 M M 4.4 15 140 M M 3 19 130
27 45 8 27 3 38 0 0.04 M M 11.9 32 150 M M 5 40 150
28 42 27 35 10 30 0 0.00 M M 8.5 29 170 M M 5 38 170
================================================================================
SM 798 257 1284 0 0.63 M 169.1 M 160
================================================================================
AV 28.5 9.2 6.0 FASTST M M 6 MAX(MPH)
MISC ----> 32 150 43 210
================================================================================
NOTES:
# LAST OF SEVERAL OCCURRENCES
COLUMN 17 PEAK WIND IN M.P.H.
PRELIMINARY LOCAL CLIMATOLOGICAL DATA (WS FORM: F-6) , PAGE 2
STATION: PLATTSBURGH NY
MONTH: FEBRUARY
YEAR: 2021
LATITUDE: 44 39 N
LONGITUDE: 73 28 W
[TEMPERATURE DATA] [PRECIPITATION DATA] SYMBOLS USED IN COLUMN 16
AVERAGE MONTHLY: 18.8 TOTAL FOR MONTH: 0.63 1 = FOG OR MIST
DPTR FM NORMAL: -2.2 DPTR FM NORMAL: -0.59 2 = FOG REDUCING VISIBILITY
HIGHEST: 45 ON 27 GRTST 24HR 0.40 ON 16-16 TO 1/4 MILE OR LESS
LOWEST: -14 ON 13 3 = THUNDER
SNOW, ICE PELLETS, HAIL 4 = ICE PELLETS
TOTAL MONTH: M 5 = HAIL
GRTST 24HR M ON M 6 = FREEZING RAIN OR DRIZZLE
GRTST DEPTH: M ON M 7 = DUSTSTORM OR SANDSTORM:
VSBY 1/2 MILE OR LESS
8 = SMOKE OR HAZE
[NO. OF DAYS WITH] [WEATHER - DAYS WITH] 9 = BLOWING SNOW
X = TORNADO
MAX 32 OR BELOW: 21 0.01 INCH OR MORE: 10
MAX 90 OR ABOVE: 0 0.10 INCH OR MORE: 1
MIN 32 OR BELOW: 27 0.50 INCH OR MORE: 0
MIN 0 OR BELOW: 3 1.00 INCH OR MORE: 0
[HDD (BASE 65) ]
TOTAL THIS MO. 1284 CLEAR (SCALE 0-3) 6
DPTR FM NORMAL 52 PTCLDY (SCALE 4-7) 15
TOTAL FM JUL 1 4934 CLOUDY (SCALE 8-10) 7
DPTR FM NORMAL -513
[CDD (BASE 65) ]
TOTAL THIS MO. 0
DPTR FM NORMAL 0 [PRESSURE DATA]
TOTAL FM JAN 1 0 HIGHEST SLP 30.54 ON 18
DPTR FM NORMAL 0 LOWEST SLP 29.46 ON 23
[REMARKS]
#FINAL-02-21#