000
CXUS52 KMFL 011311
CLMPBI
CLIMATE REPORT
NATIONAL WEATHER SERVICE MIAMI, FL
911 AM EDT MON APR 01 2024
...................................
...THE WEST PALM BEACH CLIMATE SUMMARY FOR THE MONTH OF MARCH 2024...
CLIMATE NORMAL PERIOD: 1991 TO 2020
CLIMATE RECORD PERIOD: 1888 TO 2024
WEATHER OBSERVED NORMAL DEPART LAST YEAR`S
VALUE DATE(S) VALUE FROM VALUE
NORMAL
..............................................................
TEMPERATURE (F)
RECORD
HIGH 95 03/31/2011
03/26/1928
LOW 26 03/02/1920
HIGHEST 90 03/17 94
03/18
LOWEST 57 03/20 57
AVG. MAXIMUM 81.5 79.2 2.3 84.4
AVG. MINIMUM 67.1 63.0 4.1 67.2
MEAN 74.3 71.1 3.2 75.8
DAYS MAX >= 90 2 3
DAYS MAX <= 32 0 0
DAYS MIN <= 32 0 0
DAYS MIN <= 0 0 0
PRECIPITATION (INCHES)
RECORD
MAXIMUM 16.78 1982
MINIMUM 0.00 1922
TOTALS 8.01 3.31 4.70 0.12
DAILY AVG. 0.26 0.11 0.15 0.00
DAYS >= .01 6 5
DAYS >= .10 5 0
DAYS >= .50 3 0
DAYS >= 1.00 2 0
GREATEST
24 HR. TOTAL 3.47 03/22 TO 03/22 0.05
DEGREE DAYS
HEATING TOTAL 0 21 -21 0
SINCE 7/1 88 197 -109 MM
COOLING TOTAL 297 210 87 344
SINCE 1/1 544 464 80 MM
..............................................................
WIND (MPH)
AVERAGE WIND SPEED 9.5
HIGHEST WIND SPEED/DIRECTION 30/130 DATE 03/23
HIGHEST GUST SPEED/DIRECTION 40/140 DATE 03/23
SKY COVER
POSSIBLE SUNSHINE (PERCENT) MM
AVERAGE SKY COVER 0.54
NUMBER OF DAYS FAIR 5
NUMBER OF DAYS PC 20
NUMBER OF DAYS CLOUDY 6
AVERAGE RH (PERCENT) 72
WEATHER CONDITIONS. NUMBER OF DAYS WITH
THUNDERSTORM 3 MIXED PRECIP 0
HEAVY RAIN 3 RAIN 4
LIGHT RAIN 7 FREEZING RAIN 0
LT FREEZING RAIN 0 HAIL 0
HEAVY SNOW 0 SNOW 0
LIGHT SNOW 0 SLEET 0
FOG 5 FOG W/VIS <= 1/4 MILE 0
HAZE 2
- INDICATES NEGATIVE NUMBERS.
R INDICATES RECORD WAS SET OR TIED.
MM INDICATES DATA IS MISSING.
T INDICATES TRACE AMOUNT.
$$