000
CXUS53 KARX 010900
CF6PDC
PRELIMINARY LOCAL CLIMATOLOGICAL DATA (WS FORM: F-6)
STATION: PRAIRIE_DU_CHIEN_MUN
MONTH: MARCH
YEAR: 2021
LATITUDE: 43 1 N
LONGITUDE: 91 7 W
TEMPERATURE IN F: :PCPN: SNOW: WIND :SUNSHINE: SKY :PK WND
================================================================================
1 2 3 4 5 6A 6B 7 8 9 10 11 12 13 14 15 16 17 18
12Z AVG MX 2MIN
DY MAX MIN AVG DEP HDD CDD WTR SNW DPTH SPD SPD DIR MIN PSBL S-S WX SPD DR
================================================================================
1 30 17 24 M 41 0 M M M 7.0 14 330 M M 2 17 330
2 42 14 28 M 37 0 0.00 0.0 M 4.5 14 180 M M 0 18 180
3 51 24 38 M 27 0 0.00 0.0 M 1.3 7 220 M M 0 M M
4 44 26 35 M 30 0 0.00 0.0 M 2.8 9 100 M M 3 M M
5 43 22 33 M 32 0 0.00 0.0 M 1.0 5 240 M M 7 M M
6 49 24 37 M 28 0 0.00 0.0 M 1.1 5 150 M M 1 M M
7 53 26 40 M 25 0 0.00 0.0 M 5.8 12 150 M M 2 17 150
8 63 36 50 M 15 0 0.00 0.0 M 2.1 6 300 M M 1 M M
9 67 36 52 M 13 0 0.00 0.0 M 7.4 16 130 M M 2 27 130
10 65 42 54 M 11 0 M M M 9.7 17 230 M M 8 29 230
11 52 31 42 M 23 0 0.00 0.0 M 10.9 17 280 M M 5 28 240
12 49 27 38 M 27 0 0.00 0.0 0 2.9 10 320 M M 0 M M
13 60 26 43 M 22 0 0.00 0.0 0 1.3 6 280 M M 0 M M
14 49 30 40 M 25 0 0.00 0.0 0 7.5 20 100 M M 0 27 90
15 34 30 32 M 33 0 M M M 10.8 16 90 M M 9 25 90
16 36 30 33 M 32 0 0.00 0.0 M 3.2 8 80 M M 10 1 M M
17 39 33 36 M 29 0 M M M 4.2 9 90 M M 9 18 M M
18 51 34 43 M 22 0 0.00 0.0 M 8.7 16 30 M M 0 25 10
19 51 24 38 M 27 0 0.00 0.0 M 2.8 9 220 M M 0 M M
20 58 28 43 M 22 0 0.00 0.0 M 5.3 10 140 M M 0 18 160
21 65 43 54 M 11 0 0.00 0.0 0 10.0 20 190 M M 1 29 190
22 56 44 50 M 15 0 M 0.0 0 3.6 9 180 M M 6 M M
23 54 39 47 M 18 0 0.48 M M 4.8 14 80 M M 7 1 18 110
24 54 42 48 M 17 0 0.10 M M 9.4 21 260 M M 10 18 24 260
25 45 38 42 M 23 0 0.32 M M 3.2 9 40 M M 9 M M
26 49 37 43 M 22 0 0.01 0.0 0 1.9 7 200 M M 10 M M
27 50 39 45 M 20 0 0.16 0.0 0 6.9 21 300 M M 10 1 30 300
28 43 30 37 M 28 0 0.00 0.0 0 12.9 23 300 M M 4 31 300
29 70 32 51 M 14 0 0.00 0.0 0 12.3 27 190 M M 1 35 190
30 58 34 46 M 19 0 0.00 0.0 0 13.1 22 290 M M 2 29 270
31 39 28 34 M 31 0 M M 0 14.1 22 290 M M 4 30 310
================================================================================
SM 1569 966 739 0 1.07 0.0 192.5 M 123
================================================================================
AV 50.6 31.2 6.2 FASTST M M 4 MAX(MPH)
MISC ----> 27 190 35 190
================================================================================
NOTES:
# LAST OF SEVERAL OCCURRENCES
COLUMN 17 PEAK WIND IN M.P.H.
PRELIMINARY LOCAL CLIMATOLOGICAL DATA (WS FORM: F-6) , PAGE 2
STATION: PRAIRIE_DU_CHIEN_MUN
MONTH: MARCH
YEAR: 2021
LATITUDE: 43 1 N
LONGITUDE: 91 7 W
[TEMPERATURE DATA] [PRECIPITATION DATA] SYMBOLS USED IN COLUMN 16
AVERAGE MONTHLY: 40.9 TOTAL FOR MONTH: 1.07 1 = FOG OR MIST
DPTR FM NORMAL: 0.0 DPTR FM NORMAL: M 2 = FOG REDUCING VISIBILITY
HIGHEST: 70 ON 29 GRTST 24HR 0.48 ON 23-23 TO 1/4 MILE OR LESS
LOWEST: 14 ON 2 3 = THUNDER
SNOW, ICE PELLETS, HAIL 4 = ICE PELLETS
TOTAL MONTH: 0.0 INCH 5 = HAIL
GRTST 24HR 0.0 6 = FREEZING RAIN OR DRIZZLE
GRTST DEPTH: 0 7 = DUSTSTORM OR SANDSTORM:
VSBY 1/2 MILE OR LESS
8 = SMOKE OR HAZE
[NO. OF DAYS WITH] [WEATHER - DAYS WITH] 9 = BLOWING SNOW
X = TORNADO
MAX 32 OR BELOW: 1 0.01 INCH OR MORE: 5
MAX 90 OR ABOVE: 0 0.10 INCH OR MORE: 4
MIN 32 OR BELOW: 18 0.50 INCH OR MORE: 0
MIN 0 OR BELOW: 0 1.00 INCH OR MORE: 0
[HDD (BASE 65) ]
TOTAL THIS MO. 739 CLEAR (SCALE 0-3) 17
DPTR FM NORMAL M PTCLDY (SCALE 4-7) 7
TOTAL FM JUL 1 5905 CLOUDY (SCALE 8-10) 7
DPTR FM NORMAL M
[CDD (BASE 65) ]
TOTAL THIS MO. 0
DPTR FM NORMAL M [PRESSURE DATA]
TOTAL FM JAN 1 0 HIGHEST SLP M ON M
DPTR FM NORMAL M LOWEST SLP M ON M
[REMARKS]
#FINAL-03-21#