000
CXUS56 KPDT 011810
CF6PDT
PRELIMINARY LOCAL CLIMATOLOGICAL DATA (WS FORM: F-6)
STATION: PENDLETON OR
MONTH: JULY
YEAR: 2023
LATITUDE: 45 40 N
LONGITUDE: 118 51 W
TEMPERATURE IN F: :PCPN: SNOW: WIND :SUNSHINE: SKY :PK WND
================================================================================
1 2 3 4 5 6A 6B 7 8 9 10 11 12 13 14 15 16 17 18
12Z AVG MX 2MIN
DY MAX MIN AVG DEP HDD CDD WTR SNW DPTH SPD SPD DIR MIN PSBL S-S WX SPD DR
================================================================================
1 92 59 76 7 0 11 0.00 0.0 0 9.3 20 270 M M 0 29 260
2 89 54 72 3 0 7 0.00 0.0 0 6.5 14 320 M M 0 23 20
3 91 52 72 2 0 7 0.00 0.0 0 8.0 20 350 M M 0 28 350
4 92 53 73 3 0 8 0.00 0.0 0 8.0 18 10 M M 0 28 360
5 96 57 77 7 0 12 0.00 0.0 0 7.8 17 330 M M 0 23 340
6 98 58 78 7 0 13 0.00 0.0 0 6.4 18 40 M M 0 8 26 50
7 100 59 80 9 0 15 0.00 0.0 0 6.4 15 40 M M 0 23 300
8 98 64 81 10 0 16 0.02 0.0 0 5.7 15 280 M M 0 22 300
9 99 62 81 9 0 16 0.00 0.0 0 5.9 17 290 M M 0 26 300
10 89 58 74 2 0 9 T 0.0 0 13.0 23 270 M M 1 3 32 290
11 88 54 71 -1 0 6 0.00 0.0 0 5.7 14 300 M M 0 20 280
12 91 58 75 2 0 10 0.00 0.0 0 10.8 23 260 M M 0 32 250
13 91 63 77 4 0 12 0.00 0.0 0 11.0 23 260 M M 1 31 250
14 94 59 77 4 0 12 0.00 0.0 0 6.3 14 270 M M 0 8 20 280
15 101 61 81 8 0 16 0.00 0.0 0 8.1 16 310 M M 0 8 23 340
16 99 64 82 8 0 17 0.00 0.0 0 9.5 25 260 M M 0 35 270
17 85 62 74 0 0 9 0.00 0.0 0 15.8 31 260 M M 0 39 270
18 88 54 71 -3 0 6 0.00 0.0 0 6.1 17 340 M M 0 21 330
19 97 54 76 2 0 11 0.00 0.0 0 6.8 15 10 M M 0 23 340
20 103 66 85 11 0 20 0.00 0.0 0 7.2 15 10 M M 0 21 10
21 98 68 83 9 0 18 0.00 0.0 0 7.2 16 300 M M 0 26 330
22 95 65 80 5 0 15 0.00 0.0 0 8.5 21 270 M M 0 32 270
23 96 63 80 5 0 15 0.00 0.0 0 7.6 22 270 M M 0 29 260
24 90 66 78 3 0 13 0.00 0.0 0 16.2 28 290 M M 0 41 280
25 85 58 72 -3 0 7 0.00 0.0 0 9.4 21 300 M M 1 27 290
26 85 52 69 -6 0 4 0.00 0.0 0 6.8 16 300 M M 0 22 340
27 89 54 72 -3 0 7 0.00 0.0 0 6.8 15 300 M M 0 23 270
28 90 56 73 -2 0 8 0.00 0.0 0 7.9 18 320 M M 0 25 330
29 92 59 76 1 0 11 0.00 0.0 0 9.2 23 260 M M 0 30 270
30 88 60 74 -1 0 9 0.00 0.0 0 9.6 20 240 M M 0 28 290
31 89 57 73 -2 0 8 0.00 0.0 0 6.5 15 280 M M 0 8 22 310
================================================================================
SM 2878 1829 0 348 0.02 0.0 260.0 M 3
================================================================================
AV 92.8 59.0 8.4 FASTST M M 0 MAX(MPH)
MISC ----> 31 260 41 280
================================================================================
NOTES:
# LAST OF SEVERAL OCCURRENCES
COLUMN 17 PEAK WIND IN M.P.H.
PRELIMINARY LOCAL CLIMATOLOGICAL DATA (WS FORM: F-6) , PAGE 2
STATION: PENDLETON OR
MONTH: JULY
YEAR: 2023
LATITUDE: 45 40 N
LONGITUDE: 118 51 W
[TEMPERATURE DATA] [PRECIPITATION DATA] SYMBOLS USED IN COLUMN 16
AVERAGE MONTHLY: 75.9 TOTAL FOR MONTH: 0.02 1 = FOG OR MIST
DPTR FM NORMAL: 2.9 DPTR FM NORMAL: -0.24 2 = FOG REDUCING VISIBILITY
HIGHEST: 103 ON 20 GRTST 24HR 0.02 ON 8- 8 TO 1/4 MILE OR LESS
LOWEST: 52 ON 26, 3 3 = THUNDER
SNOW, ICE PELLETS, HAIL 4 = ICE PELLETS
TOTAL MONTH: 0.0 INCH 5 = HAIL
GRTST 24HR 0.0 6 = FREEZING RAIN OR DRIZZLE
GRTST DEPTH: 0 7 = DUSTSTORM OR SANDSTORM:
VSBY 1/2 MILE OR LESS
8 = SMOKE OR HAZE
[NO. OF DAYS WITH] [WEATHER - DAYS WITH] 9 = BLOWING SNOW
X = TORNADO
MAX 32 OR BELOW: 0 0.01 INCH OR MORE: 1
MAX 90 OR ABOVE: 21 0.10 INCH OR MORE: 0
MIN 32 OR BELOW: 0 0.50 INCH OR MORE: 0
MIN 0 OR BELOW: 0 1.00 INCH OR MORE: 0
[HDD (BASE 65) ]
TOTAL THIS MO. 0 CLEAR (SCALE 0-3) 31
DPTR FM NORMAL -9 PTCLDY (SCALE 4-7) 0
TOTAL FM JUL 1 0 CLOUDY (SCALE 8-10) 0
DPTR FM NORMAL -5
[CDD (BASE 65) ]
TOTAL THIS MO. 348
DPTR FM NORMAL 93 [PRESSURE DATA]
TOTAL FM JAN 1 555 HIGHEST SLP 30.11 ON 25
DPTR FM NORMAL 206 LOWEST SLP 29.63 ON 9
[REMARKS]
#FINAL-07-23#