000
CXUS56 KPDT 011810
CF6PDT
PRELIMINARY LOCAL CLIMATOLOGICAL DATA (WS FORM: F-6)
STATION: PENDLETON OR
MONTH: JUNE
YEAR: 2023
LATITUDE: 45 40 N
LONGITUDE: 118 51 W
TEMPERATURE IN F: :PCPN: SNOW: WIND :SUNSHINE: SKY :PK WND
================================================================================
1 2 3 4 5 6A 6B 7 8 9 10 11 12 13 14 15 16 17 18
12Z AVG MX 2MIN
DY MAX MIN AVG DEP HDD CDD WTR SNW DPTH SPD SPD DIR MIN PSBL S-S WX SPD DR
================================================================================
1 74 43 59 -2 6 0 0.00 0.0 0 6.1 15 240 M M 0 20 250
2 80 44 62 0 3 0 0.00 0.0 0 6.1 14 270 M M 0 21 270
3 85 47 66 4 0 1 0.00 0.0 0 6.5 13 320 M M 0 19 320
4 88 50 69 7 0 4 0.00 0.0 0 6.3 13 40 M M 0 17 20
5 88 52 70 8 0 5 0.00 0.0 0 6.0 16 10 M M 0 24 20
6 90 53 72 10 0 7 0.00 0.0 0 6.8 15 10 M M 0 26 340
7 91 57 74 12 0 9 T 0.0 0 6.9 17 310 M M 2 23 290
8 77 60 69 6 0 4 0.01 0.0 0 5.0 14 100 M M 8 20 90
9 77 58 68 5 0 3 0.06 0.0 0 5.5 15 280 M M 10 20 280
10 81 56 69 6 0 4 0.00 0.0 0 6.8 13 280 M M 3 20 240
11 84 50 67 4 0 2 0.00 0.0 0 5.5 15 20 M M 0 22 330
12 91 59 75 12 0 10 0.00 0.0 0 7.1 18 340 M M 2 31 340
13 91 60 76 12 0 11 0.00 0.0 0 19.0 38 260 M M 1 51 260
14 73 51 62 -2 3 0 0.00 0.0 0 17.0 29 260 M M 0 41 270
15 78 44 61 -3 4 0 0.00 0.0 0 4.8 18 260 M M 0 8 29 260
16 87 47 67 3 0 2 0.00 0.0 0 8.5 23 270 M M 1 32 260
17 80 57 69 4 0 4 0.00 0.0 0 18.0 29 250 M M 4 40 240
18 70 45 58 -7 7 0 T 0.0 0 17.8 30 250 M M 3 41 240
19 69 42 56 -9 9 0 0.00 0.0 0 14.3 26 270 M M 4 37 280
20 70 46 58 -7 7 0 0.00 0.0 0 10.1 22 280 M M 4 30 300
21 77 43 60 -6 5 0 0.00 0.0 0 6.4 14 300 M M 1 22 10
22 84 46 65 -1 0 0 0.00 0.0 0 6.7 14 10 M M 0 21 340
23 86 46 66 0 0 1 0.00 0.0 0 5.8 17 330 M M 0 24 320
24 86 54 70 3 0 5 T 0.0 0 8.1 31 210 M M 1 3 41 200
25 90 55 73 6 0 8 0.00 0.0 0 6.0 16 310 M M 0 23 30
26 88 54 71 4 0 6 T 0.0 0 5.8 21 70 M M 1 3 28 70
27 86 65 76 8 0 11 T 0.0 0 5.6 17 160 M M 6 26 160
28 90 62 76 8 0 11 T 0.0 0 5.2 13 300 M M 3 20 310
29 96 62 79 11 0 14 0.00 0.0 0 6.6 16 310 M M 0 23 270
30 96 61 79 10 0 14 0.00 0.0 0 7.7 16 300 M M 0 25 330
================================================================================
SM 2503 1569 44 136 0.07 0.0 248.0 M 54
================================================================================
AV 83.4 52.3 8.3 FASTST M M 2 MAX(MPH)
MISC ----> 38 260 51 260
================================================================================
NOTES:
# LAST OF SEVERAL OCCURRENCES
COLUMN 17 PEAK WIND IN M.P.H.
PRELIMINARY LOCAL CLIMATOLOGICAL DATA (WS FORM: F-6) , PAGE 2
STATION: PENDLETON OR
MONTH: JUNE
YEAR: 2023
LATITUDE: 45 40 N
LONGITUDE: 118 51 W
[TEMPERATURE DATA] [PRECIPITATION DATA] SYMBOLS USED IN COLUMN 16
AVERAGE MONTHLY: 67.9 TOTAL FOR MONTH: 0.07 1 = FOG OR MIST
DPTR FM NORMAL: 3.3 DPTR FM NORMAL: -0.98 2 = FOG REDUCING VISIBILITY
HIGHEST: 96 ON 30,29 GRTST 24HR 0.06 ON 8- 9 TO 1/4 MILE OR LESS
LOWEST: 42 ON 19 3 = THUNDER
SNOW, ICE PELLETS, HAIL 4 = ICE PELLETS
TOTAL MONTH: 0.0 INCH 5 = HAIL
GRTST 24HR 0.0 6 = FREEZING RAIN OR DRIZZLE
GRTST DEPTH: 0 7 = DUSTSTORM OR SANDSTORM:
VSBY 1/2 MILE OR LESS
8 = SMOKE OR HAZE
[NO. OF DAYS WITH] [WEATHER - DAYS WITH] 9 = BLOWING SNOW
X = TORNADO
MAX 32 OR BELOW: 0 0.01 INCH OR MORE: 2
MAX 90 OR ABOVE: 8 0.10 INCH OR MORE: 0
MIN 32 OR BELOW: 0 0.50 INCH OR MORE: 0
MIN 0 OR BELOW: 0 1.00 INCH OR MORE: 0
[HDD (BASE 65) ]
TOTAL THIS MO. 44 CLEAR (SCALE 0-3) 22
DPTR FM NORMAL -42 PTCLDY (SCALE 4-7) 6
TOTAL FM JUL 1 5043 CLOUDY (SCALE 8-10) 2
DPTR FM NORMAL -298
[CDD (BASE 65) ]
TOTAL THIS MO. 136
DPTR FM NORMAL 63 [PRESSURE DATA]
TOTAL FM JAN 1 207 HIGHEST SLP 30.20 ON 21
DPTR FM NORMAL 113 LOWEST SLP 29.70 ON 13
[REMARKS]
#FINAL-06-23#