000
CXUS56 KPDT 011540
CLMPDT
CLIMATE REPORT
NATIONAL WEATHER SERVICE PENDLETON, OR
840 AM PDT MON APR 01 2024
...................................
...THE PENDLETON OR CLIMATE SUMMARY FOR THE MONTH OF MARCH 2024...
CLIMATE NORMAL PERIOD 1991 TO 2020
CLIMATE RECORD PERIOD 1890 TO 2024
WEATHER OBSERVED NORMAL DEPART LAST YEAR`S
VALUE DATE(S) VALUE FROM VALUE DATE(S)
NORMAL
................................................................
TEMPERATURE (F)
RECORD
HIGH 83 03/22/1911
03/29/2004
LOW 1 03/05/2019
03/01/1993
01/01/2000
HIGHEST 76 03/19 66 03/18
LOWEST 24 03/06 25 03/09
03/16
AVG. MAXIMUM 58.5 55.0 3.5 52.5
AVG. MINIMUM 34.6 33.7 0.9 32.9
MEAN 46.6 44.4 2.2 42.7
DAYS MAX >= 90 0 0.0 0.0 0
DAYS MAX <= 32 0 0.4 -0.4 0
DAYS MIN <= 32 11 12.4 -1.4 18
DAYS MIN <= 0 0 0.0 0.0 0
PRECIPITATION (INCHES)
RECORD
MAXIMUM 2.82 1983
MINIMUM 0.24 1941
TOTALS 1.08 1.33 -0.25 0.89
DAILY AVG. 0.03 0.04 -0.01 0.03
DAYS >= .01 10 11.6 -1.6 13
DAYS >= .10 2 4.7 -2.7 4
DAYS >= .50 1 0.3 0.7 0
DAYS >= 1.00 0 0.0 0.0 0
GREATEST
24 HR. TOTAL 0.61 03/27 TO 03/27 0.20 03/28 TO 03/29
DEGREE DAYS
HEATING TOTAL 562 640 -78 684
SINCE 7/1 4189 4567 -378
COOLING TOTAL 0 0 0 0
SINCE 1/1 0 0 0
................................................................
WIND (MPH)
AVERAGE WIND SPEED 9.0
RESULTANT WIND SPEED/DIRECTION 3/220
HIGHEST WIND SPEED/DIRECTION 44/270 DATE 03/01
HIGHEST GUST SPEED/DIRECTION 56/260 DATE 03/01
AVERAGE RH (PERCENT) 60
WEATHER CONDITIONS. NUMBER OF DAYS WITH
THUNDERSTORM 0 MIXED PRECIP 0
HEAVY RAIN 2 RAIN 4
LIGHT RAIN 15 FREEZING RAIN 0
LT FREEZING RAIN 0 HAIL 0
HEAVY SNOW 0 SNOW 0
LIGHT SNOW 3 SLEET 0
FOG 6 FOG W/VIS <= 1/4 MILE 1
HAZE 0
- INDICATES NEGATIVE NUMBERS.
R INDICATES RECORD WAS SET OR TIED.
MM INDICATES DATA IS MISSING.
T INDICATES TRACE AMOUNT.
$$