000
CXUS54 KEWX 011110
CF6PEZ
PRELIMINARY LOCAL CLIMATOLOGICAL DATA (WS FORM: F-6)
STATION: PLEASANTON MUNICIPAL AIRPORT
MONTH: DECEMBER
YEAR: 2023
LATITUDE: 28 57 N
LONGITUDE: 98 31 W
TEMPERATURE IN F: :PCPN: SNOW: WIND :SUNSHINE: SKY :PK WND
================================================================================
1 2 3 4 5 6A 6B 7 8 9 10 11 12 13 14 15 16 17 18
12Z AVG MX 2MIN
DY MAX MIN AVG DEP HDD CDD WTR SNW DPTH SPD SPD DIR MIN PSBL S-S WX SPD DR
================================================================================
1 74 54 64 M 1 0 0.00 M M 3.2 9 40 M M 3 1 16 20
2 73 50 62 M 3 0 0.00 M M 3.2 10 290 M M 3 17 290
3 77 44 61 M 4 0 0.00 M M 4.9 13 190 M M 0 20 210
4 75 41 58 M 7 0 0.00 M M 3.6 12 80 M M 0 18 50
5 76 41 59 M 6 0 0.00 M M 0.7 5 100 M M 0 M M
6 75 44 60 M 5 0 0.00 M M 2.3 9 100 M M 0 M M
7 78 46 62 M 3 0 0.00 M M 4.5 12 170 M M 8 18 190
8 79 58 69 M 0 4 0.00 M M 2.8 8 190 M M 5 M M
9 79 57 68 M 0 3 0.00 M M 5.8 12 360 M M 6 12 22 360
10 64 37 51 M 14 0 0.00 M M 5.8 13 310 M M 0 23 350
11 70 27 49 M 16 0 0.00 M M 2.6 7 160 M M 0 M M
12 74 39 57 M 8 0 0.00 M M 5.4 14 130 M M 7 21 140
13 63 56 60 M 5 0 0.27 M M 9.1 16 80 M M 10 24 80
14 65 52 59 M 6 0 0.02 M M 6.9 12 80 M M 10 17 70
15 71 61 66 M 0 1 0.00 M M 5.2 9 100 M M 10 1 M M
16 71 41 56 M 9 0 0.00 M M 6.2 12 360 M M 1 17 320
17 74 36 55 M 10 0 0.00 M M 1.3 6 210 M M 0 M M
18 76 38 57 M 8 0 0.00 M M 3.6 10 50 M M 0 M M
19 73 42 58 M 7 0 0.00 0.0 M 4.0 14 170 M M 0 18 170
20 76 49 63 M 2 0 0.00 M M 4.8 12 170 M M 4 1 18 170
21 71 60 66 M 0 1 0.11 M M 3.6 8 110 M M 9 M M
22 76 63 70 M 0 5 0.00 M M 2.1 6 140 M M 8 1 M M
23 73 66 70 M 0 5 0.00 M M 5.5 14 160 M M 9 22 160
24 78 59 69 M 0 4 0.09 M M 6.6 16 290 M M 5 22 300
25 61 44 53 M 12 0 0.00 M M 4.6 12 360 M M 2 17 350
26 64 37 51 M 14 0 0.00 M M 2.0 8 190 M M 3 M M
27 73 37 55 M 10 0 0.00 M M 3.4 8 30 M M 0 M M
28 65 33 49 M 16 0 0.00 M M 1.7 7 20 M M 0 M M
29 65 33 49 M 16 0 0.00 M M 4.8 14 310 M M 0 23 270
30 73 35 54 M 11 0 0.00 M M 1.9 8 230 M M 0 9 210
31 78 35 57 M 8 0 0.00 M M 3.3 12 170 M M 0 1 17 170
================================================================================
SM 2240 1415 201 23 0.49 0.0 125.4 M 103
================================================================================
AV 72.3 45.6 4.0 FASTST M M 3 MAX(MPH)
MISC ----> 16 290 24 80
================================================================================
NOTES:
# LAST OF SEVERAL OCCURRENCES
COLUMN 17 PEAK WIND IN M.P.H.
PRELIMINARY LOCAL CLIMATOLOGICAL DATA (WS FORM: F-6) , PAGE 2
STATION: PLEASANTON MUNICIPAL AIRPORT
MONTH: DECEMBER
YEAR: 2023
LATITUDE: 28 57 N
LONGITUDE: 98 31 W
[TEMPERATURE DATA] [PRECIPITATION DATA] SYMBOLS USED IN COLUMN 16
AVERAGE MONTHLY: 59.0 TOTAL FOR MONTH: 0.49 1 = FOG OR MIST
DPTR FM NORMAL: 0.0 DPTR FM NORMAL: M 2 = FOG REDUCING VISIBILITY
HIGHEST: 79 ON 9, 8 GRTST 24HR 0.27 ON 13-13 TO 1/4 MILE OR LESS
LOWEST: 27 ON 11 3 = THUNDER
SNOW, ICE PELLETS, HAIL 4 = ICE PELLETS
TOTAL MONTH: 0.0 INCH 5 = HAIL
GRTST 24HR 0.0 6 = FREEZING RAIN OR DRIZZLE
GRTST DEPTH: M ON M 7 = DUSTSTORM OR SANDSTORM:
VSBY 1/2 MILE OR LESS
8 = SMOKE OR HAZE
[NO. OF DAYS WITH] [WEATHER - DAYS WITH] 9 = BLOWING SNOW
X = TORNADO
MAX 32 OR BELOW: 0 0.01 INCH OR MORE: 4
MAX 90 OR ABOVE: 0 0.10 INCH OR MORE: 2
MIN 32 OR BELOW: 1 0.50 INCH OR MORE: 0
MIN 0 OR BELOW: 0 1.00 INCH OR MORE: 0
[HDD (BASE 65) ]
TOTAL THIS MO. 201 CLEAR (SCALE 0-3) 17
DPTR FM NORMAL M PTCLDY (SCALE 4-7) 8
TOTAL FM JUL 1 358 CLOUDY (SCALE 8-10) 6
DPTR FM NORMAL M
[CDD (BASE 65) ]
TOTAL THIS MO. 23
DPTR FM NORMAL M [PRESSURE DATA]
TOTAL FM JAN 1 4058 HIGHEST SLP M ON M
DPTR FM NORMAL M LOWEST SLP M ON M
[REMARKS]
#FINAL-12-23#