274
CXUS56 KFGZ 010910
CF6PGA
PRELIMINARY LOCAL CLIMATOLOGICAL DATA (WS FORM: F-6)
STATION: PAGE AZ AIRPORT
MONTH: JANUARY
YEAR: 2021
LATITUDE: 36 55 N
LONGITUDE: 111 27 W
TEMPERATURE IN F: :PCPN: SNOW: WIND :SUNSHINE: SKY :PK WND
================================================================================
1 2 3 4 5 6A 6B 7 8 9 10 11 12 13 14 15 16 17 18
12Z AVG MX 2MIN
DY MAX MIN AVG DEP HDD CDD WTR SNW DPTH SPD SPD DIR MIN PSBL S-S WX SPD DR
================================================================================
1 44 23 34 -2 31 0 0.00 M M 2.2 7 350 M M 0 8 8 360
2 45 25 35 -1 30 0 0.00 M M 2.1 7 30 M M 0 8 14 350
3 46 26 36 0 29 0 0.00 M M 2.4 7 350 M M 1 10 360
4 47 28 38 2 27 0 0.00 M M 2.2 7 50 M M 1 8 11 40
5 54 26 40 4 25 0 0.00 M M 2.3 9 40 M M 0 8 15 290
6 46 27 37 1 28 0 0.00 M M 3.1 9 30 M M 0 8 14 10
7 47 26 37 1 28 0 0.00 M M 2.5 7 130 M M 0 8 10 10
8 44 26 35 -1 30 0 0.00 M M 1.9 7 360 M M 0 8 8 220
9 49 24 37 0 28 0 0.00 M M 3.0 8 360 M M 2 8 10 300
10 43 26 35 -2 30 0 0.00 M M 1.9 8 70 M M 0 8 11 30
11 44 22 33 -4 32 0 0.00 M M 2.5 8 360 M M 0 8 13 360
12 42 20 31 -6 34 0 0.00 M M 2.7 7 50 M M 0 8 13 350
13 43 23 33 -4 32 0 0.00 M M 1.4 8 350 M M 0 8 10 340
14 50 26 38 1 27 0 0.00 M M 2.0 8 10 M M 0 8 10 10
15 50 28 39 2 26 0 0.00 M M 1.5 7 50 M M 0 8 9 30
16 56 30 43 6 22 0 0.00 M M 3.5 8 150 M M 0 8 11 320
17 53 28 41 4 24 0 0.00 M M 2.2 9 350 M M 0 8 11 350
18 54 32 43 6 22 0 0.00 M M 2.7 13 40 M M 1 8 15 50
19 45 36 41 4 24 0 T M M 10.5 20 70 M M 9 8 24 50
20 49 35 42 4 23 0 0.00 M M 4.1 7 210 M M 4 8 10 280
21 51 30 41 3 24 0 0.00 M M 2.6 8 140 M M 1 8 13 250
22 50 37 44 6 21 0 T M M 2.6 16 210 M M 6 8 25 210
23 50 35 43 5 22 0 0.02 M M 5.4 20 180 M M 4 8 28 190
24 43 33 38 0 27 0 0.03 M M 3.2 9 210 M M 8 18 13 220
25 44 29 37 -1 28 0 0.03 M M 5.1 22 150 M M 7 1 27 130
26 38 25 32 -6 33 0 0.00 M M 4.1 10 180 M M 5 8 13 210
27 36 23 30 -8 35 0 0.00 M M 5.6 15 160 M M 6 20 160
28 43 29 36 -2 29 0 0.00 M M 2.7 6 360 M M 2 8 8 20
29 48 28 38 -1 27 0 T M M 4.2 16 270 M M 3 8 26 220
30 50 31 41 2 24 0 0.00 M M 3.1 15 270 M M 1 23 260
31 50 27 39 0 26 0 0.00 M M 2.7 8 40 M M 0 8 11 40
================================================================================
SM 1454 864 848 0 0.08 M 98.0 M 61
================================================================================
AV 46.9 27.9 3.2 FASTST M M 2 MAX(MPH)
MISC ----> 22 150 28 190
================================================================================
NOTES:
# LAST OF SEVERAL OCCURRENCES
COLUMN 17 PEAK WIND IN M.P.H.
PRELIMINARY LOCAL CLIMATOLOGICAL DATA (WS FORM: F-6) , PAGE 2
STATION: PAGE AZ AIRPORT
MONTH: JANUARY
YEAR: 2021
LATITUDE: 36 55 N
LONGITUDE: 111 27 W
[TEMPERATURE DATA] [PRECIPITATION DATA] SYMBOLS USED IN COLUMN 16
AVERAGE MONTHLY: 37.4 TOTAL FOR MONTH: 0.08 1 = FOG OR MIST
DPTR FM NORMAL: 0.2 DPTR FM NORMAL: -0.99 2 = FOG REDUCING VISIBILITY
HIGHEST: 56 ON 16 GRTST 24HR 0.27 ON 25-26 TO 1/4 MILE OR LESS
LOWEST: 20 ON 12 3 = THUNDER
SNOW, ICE PELLETS, HAIL 4 = ICE PELLETS
TOTAL MONTH: M 5 = HAIL
GRTST 24HR M ON M 6 = FREEZING RAIN OR DRIZZLE
GRTST DEPTH: M ON M 7 = DUSTSTORM OR SANDSTORM:
VSBY 1/2 MILE OR LESS
8 = SMOKE OR HAZE
[NO. OF DAYS WITH] [WEATHER - DAYS WITH] 9 = BLOWING SNOW
X = TORNADO
MAX 32 OR BELOW: 0 0.01 INCH OR MORE: 3
MAX 90 OR ABOVE: 0 0.10 INCH OR MORE: 0
MIN 32 OR BELOW: 26 0.50 INCH OR MORE: 0
MIN 0 OR BELOW: 0 1.00 INCH OR MORE: 0
[HDD (BASE 65) ]
TOTAL THIS MO. 848 CLEAR (SCALE 0-3) 23
DPTR FM NORMAL -14 PTCLDY (SCALE 4-7) 7
TOTAL FM JUL 1 2326 CLOUDY (SCALE 8-10) 1
DPTR FM NORMAL -223
[CDD (BASE 65) ]
TOTAL THIS MO. 0
DPTR FM NORMAL 0 [PRESSURE DATA]
TOTAL FM JAN 1 0 HIGHEST SLP M ON M
DPTR FM NORMAL 0 LOWEST SLP 29.47 ON 25
[REMARKS]
#FINAL-01-21#