000
CXUS52 KTBW 021530
CF6PGD
PRELIMINARY LOCAL CLIMATOLOGICAL DATA (WS FORM: F-6)
STATION: PUNTA GORDA
MONTH: MARCH
YEAR: 2021
LATITUDE: 26 55 N
LONGITUDE: 82 0 W
TEMPERATURE IN F: :PCPN: SNOW: WIND :SUNSHINE: SKY :PK WND
================================================================================
1 2 3 4 5 6A 6B 7 8 9 10 11 12 13 14 15 16 17 18
12Z AVG MX 2MIN
DY MAX MIN AVG DEP HDD CDD WTR SNW DPTH SPD SPD DIR MIN PSBL S-S WX SPD DR
================================================================================
1 87 68 78 11 0 13 0.00 0.0 0 8.3 17 240 M M 2 1 22 250
2 85 66 76 9 0 11 0.00 0.0 0 6.0 16 240 M M 5 12 19 250
3 79 58 69 2 0 4 0.22 0.0 0 13.8 30 300 M M 4 1 35 300
4 76 57 67 0 0 2 0.00 0.0 0 7.6 16 320 M M 6 19 320
5 81 50 66 -1 0 1 0.00 0.0 0 4.7 12 60 M M 0 15 80
6 72 53 63 -4 2 0 0.30 0.0 0 7.2 17 130 M M 5 1 22 130
7 75 48 62 -5 3 0 0.00 0.0 0 13.5 22 10 M M 3 35 20
8 74 46 60 -8 5 0 0.00 0.0 0 13.3 25 70 M M 2 31 80
9 79 51 65 -3 0 0 0.00 0.0 0 11.4 23 110 M M 4 28 100
10 81 50 66 -2 0 1 0.00 0.0 0 10.3 23 80 M M 3 31 120
11 84 52 68 0 0 3 0.00 0.0 0 9.4 20 60 M M 2 25 80
12 85 54 70 2 0 5 0.00 0.0 0 8.4 18 60 M M 1 1 21 60
13 86 53 70 2 0 5 0.00 0.0 0 5.1 13 130 M M 0 1 18 80
14 84 55 70 2 0 5 0.00 0.0 0 5.6 14 290 M M 1 12 17 140
15 86 57 72 4 0 7 0.00 0.0 0 4.8 14 230 M M 1 1 17 260
16 87 58 73 5 0 8 0.00 0.0 0 8.9 20 160 M M 1 1 23 150
17 88 57 73 4 0 8 0.00 0.0 0 7.7 16 210 M M 3 12 22 160
18 88 65 77 8 0 12 0.05 0.0 0 13.6 26 190 M M 2 1 33 190
19 77 53 65 -4 0 0 T 0.0 0 10.1 20 330 M M 4 1 25 280
20 75 51 63 -6 2 0 0.00 0.0 0 9.2 20 30 M M 7 25 30
21 70 54 62 -7 3 0 0.00 0.0 0 10.9 20 320 M M 9 25 310
22 74 56 65 -4 0 0 0.00 0.0 0 8.0 14 10 M M 7 19 230
23 79 53 66 -3 0 1 0.00 0.0 0 4.0 15 260 M M 4 128 20 260
24 84 51 68 -1 0 3 0.00 0.0 0 3.9 15 270 M M 1 12 18 270
25 92 60 76 7 0 11 0.00 0.0 0 10.1 21 190 M M 3 12 26 210
26 90 69 80 10 0 15 0.00 0.0 0 8.8 17 260 M M 3 21 270
27 92 61 77 7 0 12 0.00 0.0 0 8.1 17 240 M M 4 12 25 120
28 89 65 77 7 0 12 0.00 0.0 0 8.6 20 250 M M 2 1 23 250
29 89 65 77 7 0 12 0.01 0.0 0 4.9 15 340 M M 6 128 17 280
30 93 69 81 11 0 16 0.01 0.0 0 7.9 17 150 M M 6 12 24 130
31 90 66 78 8 0 13 0.00 0.0 0 8.2 21 240 M M 2 12 25 240
================================================================================
SM 2571 1771 15 180 0.59 0.0 262.3 M 103
================================================================================
AV 82.9 57.1 8.5 FASTST M M 3 MAX(MPH)
MISC ----> 30 300 # 35 300
================================================================================
NOTES:
# LAST OF SEVERAL OCCURRENCES
COLUMN 17 PEAK WIND IN M.P.H.
PRELIMINARY LOCAL CLIMATOLOGICAL DATA (WS FORM: F-6) , PAGE 2
STATION: PUNTA GORDA
MONTH: MARCH
YEAR: 2021
LATITUDE: 26 55 N
LONGITUDE: 82 0 W
[TEMPERATURE DATA] [PRECIPITATION DATA] SYMBOLS USED IN COLUMN 16
AVERAGE MONTHLY: 70.0 TOTAL FOR MONTH: 0.59 1 = FOG OR MIST
DPTR FM NORMAL: 1.6 DPTR FM NORMAL: -2.72 2 = FOG REDUCING VISIBILITY
HIGHEST: 93 ON 30 GRTST 24HR 0.30 ON 6- 6 TO 1/4 MILE OR LESS
LOWEST: 46 ON 8 3 = THUNDER
SNOW, ICE PELLETS, HAIL 4 = ICE PELLETS
TOTAL MONTH: 0.0 INCH 5 = HAIL
GRTST 24HR 0.0 6 = FREEZING RAIN OR DRIZZLE
GRTST DEPTH: 0 7 = DUSTSTORM OR SANDSTORM:
VSBY 1/2 MILE OR LESS
8 = SMOKE OR HAZE
[NO. OF DAYS WITH] [WEATHER - DAYS WITH] 9 = BLOWING SNOW
X = TORNADO
MAX 32 OR BELOW: 0 0.01 INCH OR MORE: 5
MAX 90 OR ABOVE: 5 0.10 INCH OR MORE: 2
MIN 32 OR BELOW: 0 0.50 INCH OR MORE: 0
MIN 0 OR BELOW: 0 1.00 INCH OR MORE: 0
[HDD (BASE 65) ]
TOTAL THIS MO. 15 CLEAR (SCALE 0-3) 17
DPTR FM NORMAL -21 PTCLDY (SCALE 4-7) 13
TOTAL FM JUL 1 284 CLOUDY (SCALE 8-10) 1
DPTR FM NORMAL -110
[CDD (BASE 65) ]
TOTAL THIS MO. 180
DPTR FM NORMAL 39 [PRESSURE DATA]
TOTAL FM JAN 1 410 HIGHEST SLP 30.48 ON 9
DPTR FM NORMAL 133 LOWEST SLP 29.90 ON 6
[REMARKS]
#FINAL-03-21#