000
CXUS51 KPHI 011408
CF6PHL
PRELIMINARY LOCAL CLIMATOLOGICAL DATA (WS FORM: F-6)
STATION: PHILADELPHIA PA
MONTH: MAY
YEAR: 2021
LATITUDE: 39 52 N
LONGITUDE: 75 15 W
TEMPERATURE IN F: :PCPN: SNOW: WIND :SUNSHINE: SKY :PK WND
================================================================================
1 2 3 4 5 6A 6B 7 8 9 10 11 12 13 14 15 16 17 18
12Z AVG MX 2MIN
DY MAX MIN AVG DEP HDD CDD WTR SNW DPTH SPD SPD DIR MIN PSBL S-S WX SPD DR
================================================================================
1 67 45 56 -4 9 0 0.00 0.0 0 13.9 32 330 M M 4 40 330
2 84 55 70 10 0 5 T 0.0 0 12.2 22 220 M M 7 27 230
3 70 60 65 4 0 0 0.08 0.0 0 5.2 15 100 M M 10 1 17 100
4 83 58 71 10 0 6 0.03 0.0 0 6.5 14 170 M M 8 18 28 200
5 76 57 67 6 0 2 0.40 0.0 0 9.2 26 320 M M 8 1 33 350
6 66 50 58 -4 7 0 0.00 0.0 0 9.7 24 320 M M 5 30 320
7 69 49 59 -3 6 0 0.08 0.0 0 6.6 15 250 M M 8 1 23 320
8 59 48 54 -8 11 0 0.09 0.0 0 10.9 24 300 M M 7 29 300
9 57 47 52 -10 13 0 0.01 0.0 0 7.1 16 230 M M 8 21 190
10 63 52 58 -5 7 0 0.00 0.0 0 10.6 26 290 M M 7 33 320
11 67 48 58 -5 7 0 0.00 0.0 0 10.9 26 250 M M 6 35 280
12 69 46 58 -5 7 0 0.00 0.0 0 10.0 20 330 M M 5 26 340
13 72 47 60 -3 5 0 0.00 0.0 0 7.3 18 330 M M 2 25 330
14 76 50 63 -1 2 0 0.00 0.0 0 4.2 13 180 M M 2 18 170
15 78 49 64 0 1 0 T 0.0 0 4.9 21 120 M M 3 27 180
16 73 50 62 -2 3 0 0.00 0.0 0 5.9 17 250 M M 7 25 230
17 76 52 64 -1 1 0 0.00 0.0 0 5.1 13 190 M M 4 19 260
18 81 53 67 2 0 2 0.00 0.0 0 8.0 17 220 M M 1 23 210
19 89 59 74 9 0 9 0.00 0.0 0 5.9 14 360 M M 2 21 350
20 83 58 71 6 0 6 0.00 0.0 0 5.8 13 140 M M 5 17 180
21 83 56 70 4 0 5 0.00 0.0 0 5.8 15 230 M M 3 18 230
22 92 63 78 12 0 13 0.00 0.0 0 9.6 18 290 M M 9 23 320
23 92 74 83 17 0 18 0.00 0.0 0 11.6 22 20 M M 6 30 320
24 77 59 68 2 0 3 0.00 0.0 0 9.9 21 50 M M 10 29 50
25 75 59 67 0 0 2 0.00 0.0 0 7.9 15 200 M M 8 27 220
26 92 64 78 11 0 13 0.93 0.0 0 8.3 21 310 M M 7 138 28 310
27 83 67 75 8 0 10 0.00 0.0 0 10.5 22 40 M M 5 27 40
28 70 51 61 -7 4 0 0.67 0.0 0 13.8 24 40 M M 9 1 35 40
29 54 48 51 -17 14 0 0.66 0.0 0 15.0 23 40 M M 10 1 31 70
30 53 47 50 -18 15 0 0.29 0.0 0 12.1 18 20 M M 10 1 26 350
31 73 50 62 -7 3 0 0.00 0.0 0 8.5 20 340 M M 7 25 320
================================================================================
SM 2302 1671 115 94 3.24 0.0 272.9 M 193
================================================================================
AV 74.3 53.9 8.8 FASTST M M 6 MAX(MPH)
MISC ----> 32 330 40 330
================================================================================
NOTES:
# LAST OF SEVERAL OCCURRENCES
COLUMN 17 PEAK WIND IN M.P.H.
PRELIMINARY LOCAL CLIMATOLOGICAL DATA (WS FORM: F-6) , PAGE 2
STATION: PHILADELPHIA PA
MONTH: MAY
YEAR: 2021
LATITUDE: 39 52 N
LONGITUDE: 75 15 W
[TEMPERATURE DATA] [PRECIPITATION DATA] SYMBOLS USED IN COLUMN 16
AVERAGE MONTHLY: 64.1 TOTAL FOR MONTH: 3.24 1 = FOG OR MIST
DPTR FM NORMAL: -0.2 DPTR FM NORMAL: -0.10 2 = FOG REDUCING VISIBILITY
HIGHEST: 92 ON 26,23 GRTST 24HR 1.32 ON 28-29 TO 1/4 MILE OR LESS
LOWEST: 45 ON 1 3 = THUNDER
SNOW, ICE PELLETS, HAIL 4 = ICE PELLETS
TOTAL MONTH: 0.0 INCH 5 = HAIL
GRTST 24HR 0.0 6 = FREEZING RAIN OR DRIZZLE
GRTST DEPTH: 0 7 = DUSTSTORM OR SANDSTORM:
VSBY 1/2 MILE OR LESS
8 = SMOKE OR HAZE
[NO. OF DAYS WITH] [WEATHER - DAYS WITH] 9 = BLOWING SNOW
X = TORNADO
MAX 32 OR BELOW: 0 0.01 INCH OR MORE: 10
MAX 90 OR ABOVE: 3 0.10 INCH OR MORE: 5
MIN 32 OR BELOW: 0 0.50 INCH OR MORE: 3
MIN 0 OR BELOW: 0 1.00 INCH OR MORE: 0
[HDD (BASE 65) ]
TOTAL THIS MO. 115 CLEAR (SCALE 0-3) 6
DPTR FM NORMAL 11 PTCLDY (SCALE 4-7) 17
TOTAL FM JUL 1 4108 CLOUDY (SCALE 8-10) 8
DPTR FM NORMAL -393
[CDD (BASE 65) ]
TOTAL THIS MO. 94
DPTR FM NORMAL 12 [PRESSURE DATA]
TOTAL FM JAN 1 115 HIGHEST SLP 30.55 ON 21
DPTR FM NORMAL 17 LOWEST SLP 29.64 ON 5
[REMARKS]
#FINAL-05-21#
RERUN TO POPULATE MISSING SNOWFALL AND SNOW DEPTH VALUES.