000
CXUS53 KUNR 010930
CF6PHP
PRELIMINARY LOCAL CLIMATOLOGICAL DATA (WS FORM: F-6)
STATION: PHILIP SD
MONTH: MARCH
YEAR: 2021
LATITUDE: 44 3 N
LONGITUDE: 101 36 W
TEMPERATURE IN F: :PCPN: SNOW: WIND :SUNSHINE: SKY :PK WND
================================================================================
1 2 3 4 5 6A 6B 7 8 9 10 11 12 13 14 15 16 17 18
12Z AVG MX 2MIN
DY MAX MIN AVG DEP HDD CDD WTR SNW DPTH SPD SPD DIR MIN PSBL S-S WX SPD DR
================================================================================
1 41 10 26 -3 39 0 0.00 M M 5.9 15 40 M M 2 1 22 190
2 50 26 38 8 27 0 0.00 M M 7.9 25 280 M M 0 35 270
3 53 18 36 6 29 0 0.00 M M 4.7 12 240 M M 0 13 240
4 60 20 40 10 25 0 0.00 M M 4.0 12 90 M M 0 15 100
5 62 25 44 13 21 0 0.00 M M 5.6 13 80 M M 0 14 80
6 73 26 50 19 15 0 0.00 M M 9.0 22 180 M M 3 12 30 200
7 66 34 50 19 15 0 0.00 M M 8.1 16 340 M M 0 32 350
8 73 26 50 18 15 0 0.00 M M 10.0 22 160 M M 0 28 160
9 57 33 45 13 20 0 0.00 M M 12.7 28 310 M M 2 37 310
10 40 26 33 1 32 0 0.23 M M 12.2 24 350 M M 10 12 31 350
11 41 17 29 -4 36 0 0.00 M M 7.6 15 240 M M 1 18 250
12 47 26 37 4 28 0 0.00 M M 4.4 17 240 M M 7 22 240
13 50 23 37 3 28 0 T M M 5.8 14 120 M M 5 1 17 80
14 41 31 36 2 29 0 M M M 19.8 32 60 M M 8 12 42 50
15 33 29 31 -3 34 0 0.20 M M 7.8 22 80 M M 10 1 26 80
16 37 29 33 -2 32 0 T M M 5.7 13 280 M M 9 1 15 300
17 41 31 36 1 29 0 T M M 9.4 18 340 M M 10 24 330
18 40 27 34 -2 31 0 T M M 8.4 16 180 M M 5 21 180
19 56 28 42 6 23 0 0.00 M M 10.1 18 210 M M 0 25 180
20 74 39 57 21 8 0 0.00 M M 10.1 23 190 M M 0 32 230
21 59 28 44 7 21 0 0.00 M M 18.0 30 320 M M 6 44 320
22 61 22 42 5 23 0 0.00 M M 7.7 18 140 M M 2 28 220
23 54 24 39 2 26 0 0.00 M M 10.4 25 30 M M 2 32 10
24 50 30 40 2 25 0 0.00 M M 11.3 24 340 M M 5 30 350
25 62 31 47 9 18 0 0.00 M M 8.3 16 240 M M 1 22 160
26 52 32 42 3 23 0 T M M 7.9 20 350 M M 6 26 20
27 51 25 38 -1 27 0 0.00 M M 14.2 33 320 M M 4 44 340
28 74 18 46 7 19 0 0.00 M M 9.0 24 240 M M 0 33 230
29 77 30 54 14 11 0 T M M 27.0 48 310 M M 1 65 340
30 43 14 29 -11 36 0 0.00 M M 23.3 43 310 M M 0 57 310
31 51 12 32 -8 33 0 0.00 M M 9.9 26 340 M M 2 37 330
================================================================================
SM 1669 790 778 0 0.43 M 316.2 M 101
================================================================================
AV 53.8 25.5 10.2 FASTST M M 3 MAX(MPH)
MISC ----> 48 310 65 340
================================================================================
NOTES:
# LAST OF SEVERAL OCCURRENCES
COLUMN 17 PEAK WIND IN M.P.H.
PRELIMINARY LOCAL CLIMATOLOGICAL DATA (WS FORM: F-6) , PAGE 2
STATION: PHILIP SD
MONTH: MARCH
YEAR: 2021
LATITUDE: 44 3 N
LONGITUDE: 101 36 W
[TEMPERATURE DATA] [PRECIPITATION DATA] SYMBOLS USED IN COLUMN 16
AVERAGE MONTHLY: 39.7 TOTAL FOR MONTH: 0.43 1 = FOG OR MIST
DPTR FM NORMAL: 5.0 DPTR FM NORMAL: -0.84 2 = FOG REDUCING VISIBILITY
HIGHEST: 77 ON 29 GRTST 24HR 0.25 ON 14-15 TO 1/4 MILE OR LESS
LOWEST: 10 ON 1 3 = THUNDER
SNOW, ICE PELLETS, HAIL 4 = ICE PELLETS
TOTAL MONTH: M 5 = HAIL
GRTST 24HR M ON M 6 = FREEZING RAIN OR DRIZZLE
GRTST DEPTH: M ON M 7 = DUSTSTORM OR SANDSTORM:
VSBY 1/2 MILE OR LESS
8 = SMOKE OR HAZE
[NO. OF DAYS WITH] [WEATHER - DAYS WITH] 9 = BLOWING SNOW
X = TORNADO
MAX 32 OR BELOW: 0 0.01 INCH OR MORE: 2
MAX 90 OR ABOVE: 0 0.10 INCH OR MORE: 2
MIN 32 OR BELOW: 28 0.50 INCH OR MORE: 0
MIN 0 OR BELOW: 0 1.00 INCH OR MORE: 0
[HDD (BASE 65) ]
TOTAL THIS MO. 778 CLEAR (SCALE 0-3) 19
DPTR FM NORMAL -160 PTCLDY (SCALE 4-7) 8
TOTAL FM JUL 1 5921 CLOUDY (SCALE 8-10) 4
DPTR FM NORMAL -381
[CDD (BASE 65) ]
TOTAL THIS MO. 0
DPTR FM NORMAL 0 [PRESSURE DATA]
TOTAL FM JAN 1 0 HIGHEST SLP 30.48 ON 31
DPTR FM NORMAL 0 LOWEST SLP 29.22 ON 29
[REMARKS]
#FINAL-03-21#