000
CXUS53 KUNR 011534
CLMPHP
CLIMATE REPORT
NATIONAL WEATHER SERVICE RAPID CITY SD
934 AM MDT SAT JUL 01 2023
...................................
...THE PHILIP SD CLIMATE SUMMARY FOR THE MONTH OF JUNE 2023...
CLIMATE NORMAL PERIOD 1991 TO 2020
CLIMATE RECORD PERIOD 9999 TO 9999
WEATHER OBSERVED NORMAL DEPART LAST YEAR`S
VALUE DATE(S) VALUE FROM VALUE DATE(S)
NORMAL
................................................................
TEMPERATURE (F)
HIGHEST 96 06/19 103 06/29
LOWEST 45 06/12 36 06/01
AVG. MAXIMUM 83.3 81.0 2.3 83.5
AVG. MINIMUM 55.9 53.7 2.2 52.5
MEAN 69.6 67.4 2.2 68.0
DAYS MAX >= 90 4 9
DAYS MAX <= 32 0 0
DAYS MIN <= 32 0 0
DAYS MIN <= 0 0 0
PRECIPITATION (INCHES)
TOTALS MM 2.90 MM 1.32
DAILY AVG. MM 0.10 MM 0.05
DAYS >= .01 MM 10
DAYS >= .10 MM 5
DAYS >= .50 MM 0
DAYS >= 1.00 MM 0
GREATEST
24 HR. TOTAL MM 0.54
DEGREE DAYS
HEATING TOTAL 16 58 -42 54
SINCE 7/1 6975 7130 -155 MM
COOLING TOTAL 149 129 20 138
SINCE 1/1 194 155 39 MM
................................................................
WIND (MPH)
AVERAGE WIND SPEED 7.7
HIGHEST WIND SPEED/DIRECTION 43/340 DATE 06/23
HIGHEST GUST SPEED/DIRECTION 58/330 DATE 06/23
AVERAGE RH (PERCENT) 68
WEATHER CONDITIONS. NUMBER OF DAYS WITH
THUNDERSTORM 8 MIXED PRECIP 0
HEAVY RAIN MM RAIN MM
LIGHT RAIN MM FREEZING RAIN 0
LT FREEZING RAIN 0 HAIL 0
HEAVY SNOW 0 SNOW 0
LIGHT SNOW 0 SLEET 0
FOG 8 FOG W/VIS <= 1/4 MILE 0
HAZE 0
- INDICATES NEGATIVE NUMBERS.
R INDICATES RECORD WAS SET OR TIED.
MM INDICATES DATA IS MISSING.
T INDICATES TRACE AMOUNT.
$$