000
CXUS53 KILX 010900
CF6PIA
PRELIMINARY LOCAL CLIMATOLOGICAL DATA (WS FORM: F-6)
STATION: PEORIA IL
MONTH: SEPTEMBER
YEAR: 2022
LATITUDE: 40 40 N
LONGITUDE: 89 41 W
TEMPERATURE IN F: :PCPN: SNOW: WIND :SUNSHINE: SKY :PK WND
================================================================================
1 2 3 4 5 6A 6B 7 8 9 10 11 12 13 14 15 16 17 18
12Z AVG MX 2MIN
DY MAX MIN AVG DEP HDD CDD WTR SNW DPTH SPD SPD DIR MIN PSBL S-S WX SPD DR
================================================================================
1 86 63 75 3 0 10 0.00 0.0 0 6.1 15 210 M M 0 19 200
2 85 65 75 3 0 10 0.00 0.0 0 6.9 17 190 M M 1 24 200
3 86 65 76 4 0 11 0.00 0.0 0 5.0 12 230 M M 1 8 15 230
4 80 67 74 3 0 9 T 0.0 0 7.6 18 60 M M 9 138 24 70
5 74 65 70 -1 0 5 0.00 0.0 0 7.9 14 50 M M 9 1 20 50
6 84 64 74 3 0 9 0.00 0.0 0 4.3 10 80 M M 5 15 80
7 83 60 72 2 0 7 0.00 0.0 0 3.2 16 60 M M 2 22 40
8 84 58 71 1 0 6 0.00 0.0 0 1.9 10 180 M M 0 15 180
9 84 58 71 1 0 6 0.00 0.0 0 4.6 13 150 M M 0 19 160
10 87 60 74 4 0 9 0.00 0.0 0 3.9 12 230 M M 1 8 18 220
11 67 53 60 -9 5 0 0.27 0.0 0 7.1 15 340 M M 7 1 26 340
12 68 53 61 -8 4 0 0.03 0.0 0 7.3 23 300 M M 9 34 310
13 80 54 67 -1 0 2 0.00 0.0 0 2.8 7 320 M M 1 M M
14 84 54 69 1 0 4 0.00 0.0 0 2.4 10 200 M M 0 16 180
15 85 58 72 4 0 7 0.00 0.0 0 6.0 16 200 M M 0 23 190
16 85 62 74 7 0 9 0.00 0.0 0 7.0 17 180 M M 0 26 210
17 88 66 77 10 0 12 T 0.0 0 8.9 21 230 M M 3 29 230
18 88 66 77 10 0 12 0.48 0.0 0 7.4 30 250 M M 2 138 48 250
19 86 70 78 12 0 13 T 0.0 0 2.5 9 50 M M 5 12 220
20 96 70 83 17 0 18 0.00 0.0 0 8.2 18 230 M M 0 26 240
21 84 62 73 7 0 8 T 0.0 0 9.7 22 260 M M 1 32 270
22 71 51 61 -4 4 0 0.00 0.0 0 6.6 14 40 M M 0 28 20
23 59 50 55 -10 10 0 0.01 0.0 0 6.5 17 180 M M 5 28 170
24 81 51 66 2 0 1 0.00 0.0 0 5.6 15 250 M M 2 22 320
25 77 57 67 3 0 2 0.00 0.0 0 9.9 21 300 M M 1 35 300
26 67 46 57 -6 8 0 0.00 0.0 0 7.8 21 290 M M 0 35 290
27 68 42 55 -8 10 0 0.00 0.0 0 6.3 16 310 M M 1 26 270
28 65 40 53 -9 12 0 0.00 0.0 0 4.2 12 60 M M 0 17 70
29 69 41 55 -7 10 0 0.00 0.0 0 4.5 12 80 M M 0 17 150
30 72 44 58 -4 7 0 0.00 0.0 0 5.4 13 110 M M 0 16 90
================================================================================
SM 2373 1715 70 170 0.79 0.0 177.5 M 65
================================================================================
AV 79.1 57.2 5.9 FASTST M M 2 MAX(MPH)
MISC ----> 30 250 48 250
================================================================================
NOTES:
# LAST OF SEVERAL OCCURRENCES
COLUMN 17 PEAK WIND IN M.P.H.
PRELIMINARY LOCAL CLIMATOLOGICAL DATA (WS FORM: F-6) , PAGE 2
STATION: PEORIA IL
MONTH: SEPTEMBER
YEAR: 2022
LATITUDE: 40 40 N
LONGITUDE: 89 41 W
[TEMPERATURE DATA] [PRECIPITATION DATA] SYMBOLS USED IN COLUMN 16
AVERAGE MONTHLY: 68.1 TOTAL FOR MONTH: 0.79 1 = FOG OR MIST
DPTR FM NORMAL: 0.7 DPTR FM NORMAL: -2.69 2 = FOG REDUCING VISIBILITY
HIGHEST: 96 ON 20 GRTST 24HR 0.48 ON 17-18 TO 1/4 MILE OR LESS
LOWEST: 40 ON 28 3 = THUNDER
SNOW, ICE PELLETS, HAIL 4 = ICE PELLETS
TOTAL MONTH: 0.0 INCH 5 = HAIL
GRTST 24HR 0.0 6 = FREEZING RAIN OR DRIZZLE
GRTST DEPTH: 0 7 = DUSTSTORM OR SANDSTORM:
VSBY 1/2 MILE OR LESS
8 = SMOKE OR HAZE
[NO. OF DAYS WITH] [WEATHER - DAYS WITH] 9 = BLOWING SNOW
X = TORNADO
MAX 32 OR BELOW: 0 0.01 INCH OR MORE: 4
MAX 90 OR ABOVE: 1 0.10 INCH OR MORE: 2
MIN 32 OR BELOW: 0 0.50 INCH OR MORE: 0
MIN 0 OR BELOW: 0 1.00 INCH OR MORE: 0
[HDD (BASE 65) ]
TOTAL THIS MO. 70 CLEAR (SCALE 0-3) 23
DPTR FM NORMAL 4 PTCLDY (SCALE 4-7) 4
TOTAL FM JUL 1 70 CLOUDY (SCALE 8-10) 3
DPTR FM NORMAL 2
[CDD (BASE 65) ]
TOTAL THIS MO. 170
DPTR FM NORMAL 33 [PRESSURE DATA]
TOTAL FM JAN 1 1317 HIGHEST SLP 30.52 ON 29
DPTR FM NORMAL 183 LOWEST SLP 29.80 ON 24
[REMARKS]
#FINAL-09-22#