000
CXUS54 KBRO 060856
CF6PIL
PRELIMINARY LOCAL CLIMATOLOGICAL DATA (WS FORM: F-6)
STATION: BAYVIEW
MONTH: MAY
YEAR: 2022
LATITUDE: 26 10 N
LONGITUDE: 97 20 W
TEMPERATURE IN F: :PCPN: SNOW: WIND :SUNSHINE: SKY :PK WND
================================================================================
1 2 3 4 5 6A 6B 7 8 9 10 11 12 13 14 15 16 17 18
12Z AVG MX 2MIN
DY MAX MIN AVG DEP HDD CDD WTR SNW DPTH SPD SPD DIR MIN PSBL S-S WX SPD DR
================================================================================
1 86 76 81 3 0 16 0.00 0.0 0 17.0 28 120 M M 6 37 130
2 88 77 83 5 0 18 0.00 0.0 0 20.5 30 160 M M 7 41 150
3 89 76 83 5 0 18 0.00 0.0 0 15.4 23 140 M M 9 31 140
4 89 77 83 5 0 18 0.00 0.0 0 19.2 30 140 M M 8 41 140
5 91 78 85 7 0 20 0.00 0.0 0 16.5 28 150 M M 6 40 160
6 92 78 85 6 0 20 0.00 0.0 0 11.3 18 120 M M 7 1 24 130
7 92 78 85 6 0 20 0.00 0.0 0 14.5 20 150 M M 8 31 140
8 89 78 84 5 0 19 0.00 0.0 0 17.2 26 140 M M 9 8 35 140
9 92 79 86 7 0 21 0.00 0.0 0 17.5 25 150 M M 9 34 150
10 90 78 84 4 0 19 0.00 0.0 0 15.0 23 110 M M 10 32 100
11 88 75 82 2 0 17 0.00 0.0 0 13.3 22 110 M M 4 30 110
12 89 68 79 -1 0 14 0.00 0.0 0 11.8 22 130 M M 2 30 120
13 90 71 81 1 0 16 0.00 0.0 0 12.8 23 120 M M 2 31 120
14 91 74 83 3 0 18 0.00 0.0 0 12.9 24 120 M M 2 34 130
15 91 71 81 1 0 16 0.00 0.0 0 11.5 23 150 M M 2 34 150
16 91 71 81 0 0 16 0.00 0.0 0 12.6 23 150 M M 1 32 160
17 91 74 83 2 0 18 0.00 0.0 0 15.3 25 150 M M 2 36 170
18 91 76 84 3 0 19 0.00 0.0 0 16.8 25 150 M M 2 34 150
19 90 76 83 2 0 18 0.00 0.0 0 17.7 26 160 M M 5 38 150
20 94 79 87 6 0 22 T 0.0 0 20.6 33 160 M M 7 8 45 160
21 96 78 87 5 0 22 0.00 0.0 0 16.8 26 180 M M 6 40 160
22 85 77 81 -1 0 16 0.03 0.0 0 11.9 30 70 M M 6 3 41 80
23 87 71 79 -3 0 14 T 0.0 0 12.0 24 110 M M 2 3 31 100
24 88 69 79 -3 0 14 3.19 0.0 0 17.9 44 320 M M 4 13 52 320
25 86 66 76 -6 0 11 0.60 0.0 0 12.3 45 330 M M 6 13 57 350
26 90 73 82 0 0 17 0.00 0.0 0 9.0 17 90 M M 1 24 70
27 89 76 83 0 0 18 0.00 0.0 0 10.2 18 100 M M 3 23 90
28 91 77 84 1 0 19 0.00 0.0 0 12.6 20 150 M M 4 1 27 140
29 90 79 85 2 0 20 0.00 0.0 0 18.5 28 150 M M 4 42 150
30 90 79 85 2 0 20 0.00 0.0 0 18.7 30 150 M M 5 40 150
31 89 79 84 1 0 19 0.00 0.0 0 14.7 21 110 M M 4 27 110
================================================================================
SM 2785 2334 0 553 3.82 0.0 464.0 M 153
================================================================================
AV 89.8 75.3 15.0 FASTST M M 5 MAX(MPH)
MISC ----> 45 330 57 350
================================================================================
NOTES:
# LAST OF SEVERAL OCCURRENCES
COLUMN 17 PEAK WIND IN M.P.H.
PRELIMINARY LOCAL CLIMATOLOGICAL DATA (WS FORM: F-6) , PAGE 2
STATION: BAYVIEW
MONTH: MAY
YEAR: 2022
LATITUDE: 26 10 N
LONGITUDE: 97 20 W
[TEMPERATURE DATA] [PRECIPITATION DATA] SYMBOLS USED IN COLUMN 16
AVERAGE MONTHLY: 82.6 TOTAL FOR MONTH: 3.82 1 = FOG OR MIST
DPTR FM NORMAL: 2.0 DPTR FM NORMAL: 1.69 2 = FOG REDUCING VISIBILITY
HIGHEST: 96 ON 21 GRTST 24HR 3.19 ON 23-24 TO 1/4 MILE OR LESS
LOWEST: 66 ON 25 3 = THUNDER
SNOW, ICE PELLETS, HAIL 4 = ICE PELLETS
TOTAL MONTH: 0.0 INCH 5 = HAIL
GRTST 24HR 0.0 6 = FREEZING RAIN OR DRIZZLE
GRTST DEPTH: 0 7 = DUSTSTORM OR SANDSTORM:
VSBY 1/2 MILE OR LESS
8 = SMOKE OR HAZE
[NO. OF DAYS WITH] [WEATHER - DAYS WITH] 9 = BLOWING SNOW
X = TORNADO
MAX 32 OR BELOW: 0 0.01 INCH OR MORE: 3
MAX 90 OR ABOVE: 18 0.10 INCH OR MORE: 2
MIN 32 OR BELOW: 0 0.50 INCH OR MORE: 2
MIN 0 OR BELOW: 0 1.00 INCH OR MORE: 1
[HDD (BASE 65) ]
TOTAL THIS MO. 0 CLEAR (SCALE 0-3) 9
DPTR FM NORMAL 0 PTCLDY (SCALE 4-7) 16
TOTAL FM JUL 1 579 CLOUDY (SCALE 8-10) 6
DPTR FM NORMAL 53
[CDD (BASE 65) ]
TOTAL THIS MO. 553
DPTR FM NORMAL 69 [PRESSURE DATA]
TOTAL FM JAN 1 1156 HIGHEST SLP 30.08 ON 22
DPTR FM NORMAL 18 LOWEST SLP 29.57 ON 20
[REMARKS]
#FINAL-05-22#