000
CXUS53 KAPX 010631
CF6PLN
PRELIMINARY LOCAL CLIMATOLOGICAL DATA (WS FORM: F-6)
STATION: PELLSTON
MONTH: MARCH
YEAR: 2020
LATITUDE: 45 34 N
LONGITUDE: 84 48 W
TEMPERATURE IN F: :PCPN: SNOW: WIND :SUNSHINE: SKY :PK WND
================================================================================
1 2 3 4 5 6A 6B 7 8 9 10 11 12 13 14 15 16 17 18
12Z AVG MX 2MIN
DY MAX MIN AVG DEP HDD CDD WTR SNW DPTH SPD SPD DIR MIN PSBL S-S WX SPD DR
================================================================================
1 47 18 33 12 32 0 0.00 M M 6.5 18 190 M M 4 27 190
2 42 19 31 10 34 0 0.00 M M 6.8 16 320 M M 4 23 250
3 40 13 27 6 38 0 0.07 M M 5.6 17 240 M M 5 1 23 260
4 33 12 23 1 42 0 0.02 M M 9.1 23 310 M M 8 1 31 320
5 39 9 24 2 41 0 0.05 M M 5.9 17 110 M M 8 18 24 100
6 33 6 20 -2 45 0 T M M 11.3 23 30 M M 6 1 33 30
7 46 2 24 1 41 0 0.00 M M 5.8 17 220 M M 0 28 200
8 55 33 44 21 21 0 0.00 M M 9.0 20 230 M M 1 33 230
9 52 32 42 19 23 0 0.30 M M 10.0 18 220 M M 7 1 32 220
10 35 22 29 5 36 0 0.06 M M 10.0 23 320 M M 5 16 32 310
11 39 25 32 8 33 0 T M M 1.4 12 150 M M 10 1 14 150
12 46 33 40 16 25 0 0.26 M M 8.1 21 270 M M 9 1 36 280
13 40 30 35 10 30 0 0.01 M M 18.4 37 300 M M 9 1 47 310
14 34 19 27 2 38 0 0.00 M M 9.4 21 310 M M 6 30 300
15 33 14 24 -2 41 0 0.00 M M 6.5 14 70 M M 0 19 80
16 37 20 29 3 36 0 0.01 M M 7.3 15 250 M M 7 18 24 240
17 37 20 29 3 36 0 0.01 M M 10.8 24 280 M M 5 1 36 270
18 38 20 29 2 36 0 0.00 M M 4.0 12 80 M M 9 16 90
19 47 24 36 9 29 0 0.57 M M 5.9 14 100 M M 8 1 21 120
20 36 10 23 -5 42 0 0.05 M M 15.4 31 320 M M 9 1 43 310
21 28 1 15 -13 50 0 0.00 M M 3.8 12 100 M M 0 16 90
22 39 4 22 -7 43 0 0.00 M M 5.8 15 160 M M 2 22 140
23 41 22 32 3 33 0 0.00 M M 3.3 16 270 M M 3 1 23 270
24 47 29 38 8 27 0 0.00 M M 4.3 13 100 M M 8 1 18 140
25 51 34 43 13 22 0 0.39 M M 4.6 16 240 M M 10 1 22 240
26 42 35 39 8 26 0 0.33 M M 2.9 9 360 M M 10 1 12 350
27 50 29 40 9 25 0 0.00 M M 3.8 15 90 M M 5 128 20 70
28 46 30 38 6 27 0 0.01 M M 7.0 18 110 M M 9 29 100
29 50 39 45 13 20 0 0.54 M M 7.1 18 110 M M 10 1 26 110
30 39 35 37 5 28 0 0.01 M M 11.0 17 330 M M 10 1 25 330
31 40 34 37 4 28 0 0.00 M M 6.5 13 70 M M 10 18 17 70
================================================================================
SM 1282 673 1028 0 2.69 M 227.3 M 197
================================================================================
AV 41.4 21.7 7.3 FASTST M M 6 MAX(MPH)
MISC ----> # 37 300 # 47 310
================================================================================
NOTES:
# LAST OF SEVERAL OCCURRENCES
COLUMN 17 PEAK WIND IN M.P.H.
PRELIMINARY LOCAL CLIMATOLOGICAL DATA (WS FORM: F-6) , PAGE 2
STATION: PELLSTON
MONTH: MARCH
YEAR: 2020
LATITUDE: 45 34 N
LONGITUDE: 84 48 W
[TEMPERATURE DATA] [PRECIPITATION DATA] SYMBOLS USED IN COLUMN 16
AVERAGE MONTHLY: 31.5 TOTAL FOR MONTH: 2.69 1 = FOG OR MIST
DPTR FM NORMAL: 5.1 DPTR FM NORMAL: 0.84 2 = FOG REDUCING VISIBILITY
HIGHEST: 55 ON 8 GRTST 24HR 0.57 ON 19-19 TO 1/4 MILE OR LESS
LOWEST: 1 ON 21 3 = THUNDER
SNOW, ICE PELLETS, HAIL 4 = ICE PELLETS
TOTAL MONTH: M 5 = HAIL
GRTST 24HR M ON M 6 = FREEZING RAIN OR DRIZZLE
GRTST DEPTH: M ON M 7 = DUSTSTORM OR SANDSTORM:
VSBY 1/2 MILE OR LESS
8 = SMOKE OR HAZE
[NO. OF DAYS WITH] [WEATHER - DAYS WITH] 9 = BLOWING SNOW
X = TORNADO
MAX 32 OR BELOW: 1 0.01 INCH OR MORE: 16
MAX 90 OR ABOVE: 0 0.10 INCH OR MORE: 6
MIN 32 OR BELOW: 24 0.50 INCH OR MORE: 2
MIN 0 OR BELOW: 0 1.00 INCH OR MORE: 0
[HDD (BASE 65) ]
TOTAL THIS MO. 1028 CLEAR (SCALE 0-3) 6
DPTR FM NORMAL -170 PTCLDY (SCALE 4-7) 14
TOTAL FM JUL 1 6649 CLOUDY (SCALE 8-10) 11
DPTR FM NORMAL -658
[CDD (BASE 65) ]
TOTAL THIS MO. 0
DPTR FM NORMAL 0 [PRESSURE DATA]
TOTAL FM JAN 1 0 HIGHEST SLP M ON M
DPTR FM NORMAL 0 LOWEST SLP 29.40 ON 29
[REMARKS]
#FINAL-03-20#
#FINAL-03-20#