000
CXUS56 KLOX 011630
CLMPMD
CLIMATE REPORT
NATIONAL WEATHER SERVICE LOS ANGELES/OXNARD
930 AM PDT MON APR 01 2024
...................................
...THE PALMDALE AIRPORT CA CLIMATE SUMMARY FOR THE MONTH OF MARCH 2024...
CLIMATE NORMAL PERIOD: 1991 TO 2020
CLIMATE RECORD PERIOD: 1931 TO 2024
WEATHER OBSERVED NORMAL DEPART LAST YEAR`S
VALUE DATE(S) VALUE FROM VALUE
NORMAL
..............................................................
TEMPERATURE (F)
HIGHEST 77 03/20
LOWEST 32 03/09
AVG. MAXIMUM 64.0 67.5 -3.5
AVG. MINIMUM 40.0 40.2 -0.2
MEAN 52.0 53.8 -1.8
DAYS MAX >= 90 0
DAYS MAX <= 32 0
DAYS MIN <= 32 1
DAYS MIN <= 0 0
PRECIPITATION (INCHES)
TOTALS 1.61 0.87 0.74
DAILY AVG. 0.05
DAYS >= .01 6
DAYS >= .10 3
DAYS >= .50 1
DAYS >= 1.00 1
GREATEST
24 HR. TOTAL 1.13 03/30 TO 03/31
STORM TOTAL 1.12
DEGREE DAYS
HEATING TOTAL 395 348 47 527
SINCE 7/1 2367 2504 -137 MM
COOLING TOTAL 0 2 -2 0
SINCE 1/1 0 2 -2 MM
..............................................................
WIND (MPH)
AVERAGE WIND SPEED 12.2
HIGHEST WIND SPEED/DIRECTION 36/290 DATE 03/12
36/060 03/14
36/280 03/24
36/310 03/25
36/200 03/29
HIGHEST GUST SPEED/DIRECTION 48/030 DATE 03/14
SKY COVER
POSSIBLE SUNSHINE (PERCENT) MM
AVERAGE SKY COVER 0.21
NUMBER OF DAYS FAIR 22
NUMBER OF DAYS PC 8
NUMBER OF DAYS CLOUDY 1
AVERAGE RH (PERCENT) 56
WEATHER CONDITIONS. NUMBER OF DAYS WITH
THUNDERSTORM 1 MIXED PRECIP 0
HEAVY RAIN 2 RAIN 2
LIGHT RAIN 8 FREEZING RAIN 0
LT FREEZING RAIN 0 HAIL 0
HEAVY SNOW 0 SNOW 0
LIGHT SNOW 0 SLEET 0
FOG 2 FOG W/VIS <= 1/4 MILE 0
HAZE 1
- INDICATES NEGATIVE NUMBERS.
R INDICATES RECORD WAS SET OR TIED.
MM INDICATES DATA IS MISSING.
T INDICATES TRACE AMOUNT.
$$