000
CXUS52 KMFL 011000
CF6PMP
PRELIMINARY LOCAL CLIMATOLOGICAL DATA (WS FORM: F-6)
STATION: POMPANO BEACH ARPK
MONTH: MARCH
YEAR: 2020
LATITUDE: 26 14 N
LONGITUDE: 80 7 W
TEMPERATURE IN F: :PCPN: SNOW: WIND :SUNSHINE: SKY :PK WND
================================================================================
1 2 3 4 5 6A 6B 7 8 9 10 11 12 13 14 15 16 17 18
12Z AVG MX 2MIN
DY MAX MIN AVG DEP HDD CDD WTR SNW DPTH SPD SPD DIR MIN PSBL S-S WX SPD DR
================================================================================
1 75 51 63 -7 2 0 0.00 0.0 0 10.7 18 90 M M 3 23 120
2 79 69 74 4 0 9 0.00 0.0 0 14.7 22 140 M M 5 28 130
3 82 71 77 7 0 12 0.00 0.0 0 12.1 22 150 M M 4 30 150
4 84 66 75 5 0 10 0.00 0.0 0 9.2 22 150 M M 1 1 28 150
5 88 76 82 12 0 17 0.00 0.0 0 11.0 20 160 M M 3 24 150
6 83 66 75 5 0 10 T 0.0 0 11.7 22 280 M M 5 28 310
7 75 58 67 -3 0 2 0.00 0.0 0 16.3 25 40 M M 5 33 40
8 74 67 71 1 0 6 0.00 0.0 0 18.9 26 70 M M 9 33 70
9 78 67 73 2 0 8 0.03 0.0 0 20.0 29 100 M M 8 42 90
10 79 67 73 2 0 8 0.14 0.0 0 13.5 26 110 M M 7 32 100
11 80 70 75 4 0 10 0.14 0.0 0 9.6 20 80 M M 7 25 70
12 80 67 74 3 0 9 0.19 0.0 0 7.3 16 60 M M 4 21 60
13 81 70 76 5 0 11 T 0.0 0 9.2 15 80 M M 3 19 70
14 83 75 79 8 0 14 0.00 0.0 0 10.1 15 110 M M 3 21 80
15 82 75 79 8 0 14 0.00 0.0 0 9.3 14 110 M M 3 17 110
16 82 72 77 6 0 12 T 0.0 0 9.1 15 80 M M 2 19 80
17 82 75 79 8 0 14 T 0.0 0 11.3 17 100 M M 3 21 100
18 83 74 79 8 0 14 0.00 0.0 0 10.5 15 110 M M 3 19 80
19 83 75 79 7 0 14 T 0.0 0 13.9 20 100 M M 3 24 110
20 84 75 80 8 0 15 T 0.0 0 12.3 21 130 M M 2 24 130
21 83 75 79 7 0 14 0.00 0.0 0 10.1 16 130 M M 2 19 120
22 83 74 79 7 0 14 0.00 0.0 0 10.0 16 130 M M 3 23 110
23 84 74 79 7 0 14 0.00 0.0 0 9.9 18 140 M M 3 23 140
24 84 71 78 6 0 13 0.00 0.0 0 9.4 18 150 M M 2 23 150
25 94 69 82 10 0 17 0.00 0.0 0 7.6 18 160 M M 2 23 160
26 89 73 81 9 0 16 0.00 0.0 0 7.3 16 40 M M 3 8 20 80
27 88 73 81 9 0 16 0.00 0.0 0 6.1 15 100 M M 2 8 22 120
28 87 76 82 10 0 17 0.00 0.0 0 11.0 17 130 M M 3 22 130
29 89 79 84 11 0 19 0.00 0.0 0 10.8 17 150 M M 2 21 150
30 90 79 85 12 0 20 0.00 0.0 0 8.5 15 120 M M 1 20 120
31 96 78 87 14 0 22 0.00 0.0 0 11.6 23 270 M M 4 30 260
================================================================================
SM 2584 2207 2 391 0.50 0.0 343.0 M 110
================================================================================
AV 83.4 71.2 11.1 FASTST M M 4 MAX(MPH)
MISC ----> # 29 100 # 42 90
================================================================================
NOTES:
# LAST OF SEVERAL OCCURRENCES
COLUMN 17 PEAK WIND IN M.P.H.
PRELIMINARY LOCAL CLIMATOLOGICAL DATA (WS FORM: F-6) , PAGE 2
STATION: POMPANO BEACH ARPK
MONTH: MARCH
YEAR: 2020
LATITUDE: 26 14 N
LONGITUDE: 80 7 W
[TEMPERATURE DATA] [PRECIPITATION DATA] SYMBOLS USED IN COLUMN 16
AVERAGE MONTHLY: 77.3 TOTAL FOR MONTH: 0.50 1 = FOG OR MIST
DPTR FM NORMAL: 6.0 DPTR FM NORMAL: -3.99 2 = FOG REDUCING VISIBILITY
HIGHEST: 96 ON 31 GRTST 24HR 0.19 ON 12-12 TO 1/4 MILE OR LESS
LOWEST: 51 ON 1 3 = THUNDER
SNOW, ICE PELLETS, HAIL 4 = ICE PELLETS
TOTAL MONTH: 0.0 INCH 5 = HAIL
GRTST 24HR 0.0 6 = FREEZING RAIN OR DRIZZLE
GRTST DEPTH: 0 7 = DUSTSTORM OR SANDSTORM:
VSBY 1/2 MILE OR LESS
8 = SMOKE OR HAZE
[NO. OF DAYS WITH] [WEATHER - DAYS WITH] 9 = BLOWING SNOW
X = TORNADO
MAX 32 OR BELOW: 0 0.01 INCH OR MORE: 4
MAX 90 OR ABOVE: 3 0.10 INCH OR MORE: 3
MIN 32 OR BELOW: 0 0.50 INCH OR MORE: 0
MIN 0 OR BELOW: 0 1.00 INCH OR MORE: 0
[HDD (BASE 65) ]
TOTAL THIS MO. 2 CLEAR (SCALE 0-3) 16
DPTR FM NORMAL -13 PTCLDY (SCALE 4-7) 13
TOTAL FM JUL 1 78 CLOUDY (SCALE 8-10) 2
DPTR FM NORMAL -93
[CDD (BASE 65) ]
TOTAL THIS MO. 391
DPTR FM NORMAL 180 [PRESSURE DATA]
TOTAL FM JAN 1 828 HIGHEST SLP 30.45 ON 9
DPTR FM NORMAL 343 LOWEST SLP 29.78 ON 31
[REMARKS]
#FINAL-03-20#