000
CXUS54 KOUN 010810
CF6PNC
PRELIMINARY LOCAL CLIMATOLOGICAL DATA (WS FORM: F-6)
STATION: PONCA CITY
MONTH: MAY
YEAR: 2021
LATITUDE: 36 44 N
LONGITUDE: 97 6 W
TEMPERATURE IN F: :PCPN: SNOW: WIND :SUNSHINE: SKY :PK WND
================================================================================
1 2 3 4 5 6A 6B 7 8 9 10 11 12 13 14 15 16 17 18
12Z AVG MX 2MIN
DY MAX MIN AVG DEP HDD CDD WTR SNW DPTH SPD SPD DIR MIN PSBL S-S WX SPD DR
================================================================================
1 74 57 66 3 0 1 0.00 M M 8.6 22 170 M M 3 32 170
2 77 61 69 6 0 4 0.00 M M 9.4 16 140 M M 6 25 160
3 78 58 68 4 0 3 0.00 M M 13.7 28 360 M M 6 36 360
4 69 47 58 -6 7 0 0.19 M M 11.3 25 360 M M 4 13 31 10
5 71 40 56 -8 9 0 0.11 M M 3.9 12 160 M M 4 14 160
6 75 45 60 -5 5 0 0.00 M M 7.7 21 350 M M 0 1 25 350
7 80 52 66 1 0 1 0.00 M M 12.9 24 160 M M 2 29 150
8 87 62 75 10 0 10 0.00 M M 13.8 23 160 M M 0 31 220
9 78 51 65 -1 0 0 0.00 M M 16.7 25 350 M M 8 33 350
10 63 46 55 -11 10 0 0.19 M M 9.3 20 40 M M 6 1 24 30
11 64 44 54 -12 11 0 0.02 M M 10.1 21 80 M M 8 25 80
12 69 46 58 -9 7 0 0.00 M M 8.5 15 60 M M 4 20 90
13 73 40 57 -10 8 0 0.00 M M 4.6 13 160 M M 0 14 130
14 79 52 66 -1 0 1 0.02 M M 12.5 25 150 M M 2 33 150
15 81 60 71 3 0 6 0.03 M M 9.3 21 140 M M 6 27 160
16 76 62 69 1 0 4 0.34 M M 10.5 23 150 M M 6 1 28 150
17 78 62 70 2 0 5 0.00 M M 6.8 16 60 M M 7 1 21 80
18 78 65 72 3 0 7 0.20 M M 7.7 20 160 M M 7 123 24 160
19 74 63 69 0 0 4 0.04 M M 9.1 17 140 M M 5 1 20 150
20 70 64 67 -3 0 2 0.03 M M 7.3 15 130 M M 5 1 18 140
21 81 64 73 3 0 8 0.00 M M 13.4 24 130 M M 9 1 29 140
22 76 69 73 3 0 8 T M M 12.1 22 150 M M 9 1 26 150
23 74 67 71 0 0 6 0.04 M M 10.7 20 150 M M 8 24 150
24 73 66 70 -1 0 5 0.02 M M 12.8 23 150 M M 7 1 28 150
25 82 66 74 3 0 9 0.00 M M 9.0 21 160 M M 5 1 24 160
26 85 65 75 3 0 10 T M M 9.5 22 150 M M 6 123 28 150
27 79 62 71 -1 0 6 0.63 M M 8.8 22 150 M M 6 13 28 150
28 72 52 62 -10 3 0 0.00 M M 9.3 20 10 M M 0 24 10
29 70 51 61 -12 4 0 0.00 M M 9.5 16 110 M M 1 21 90
30 70 50 60 -13 5 0 0.00 M M 7.9 15 130 M M 5 19 130
31 65 57 61 -12 4 0 0.60 0.0 M 8.6 16 100 M M 9 1 21 110
================================================================================
SM 2321 1746 73 100 2.46 0.0 305.3 M 154
================================================================================
AV 74.9 56.3 9.8 FASTST M M 5 MAX(MPH)
MISC ----> 28 360 36 360
================================================================================
NOTES:
# LAST OF SEVERAL OCCURRENCES
COLUMN 17 PEAK WIND IN M.P.H.
PRELIMINARY LOCAL CLIMATOLOGICAL DATA (WS FORM: F-6) , PAGE 2
STATION: PONCA CITY
MONTH: MAY
YEAR: 2021
LATITUDE: 36 44 N
LONGITUDE: 97 6 W
[TEMPERATURE DATA] [PRECIPITATION DATA] SYMBOLS USED IN COLUMN 16
AVERAGE MONTHLY: 65.6 TOTAL FOR MONTH: 2.46 1 = FOG OR MIST
DPTR FM NORMAL: -2.5 DPTR FM NORMAL: -2.64 2 = FOG REDUCING VISIBILITY
HIGHEST: 87 ON 8 GRTST 24HR 0.63 ON 27-27 TO 1/4 MILE OR LESS
LOWEST: 40 ON 13, 5 3 = THUNDER
SNOW, ICE PELLETS, HAIL 4 = ICE PELLETS
TOTAL MONTH: 0.0 INCH 5 = HAIL
GRTST 24HR 0.0 6 = FREEZING RAIN OR DRIZZLE
GRTST DEPTH: M ON M 7 = DUSTSTORM OR SANDSTORM:
VSBY 1/2 MILE OR LESS
8 = SMOKE OR HAZE
[NO. OF DAYS WITH] [WEATHER - DAYS WITH] 9 = BLOWING SNOW
X = TORNADO
MAX 32 OR BELOW: 0 0.01 INCH OR MORE: 14
MAX 90 OR ABOVE: 0 0.10 INCH OR MORE: 7
MIN 32 OR BELOW: 0 0.50 INCH OR MORE: 2
MIN 0 OR BELOW: 0 1.00 INCH OR MORE: 0
[HDD (BASE 65) ]
TOTAL THIS MO. 73 CLEAR (SCALE 0-3) 7
DPTR FM NORMAL 11 PTCLDY (SCALE 4-7) 20
TOTAL FM JUL 1 3935 CLOUDY (SCALE 8-10) 4
DPTR FM NORMAL -20
[CDD (BASE 65) ]
TOTAL THIS MO. 100
DPTR FM NORMAL -58 [PRESSURE DATA]
TOTAL FM JAN 1 146 HIGHEST SLP M ON M
DPTR FM NORMAL -61 LOWEST SLP 29.43 ON 2
[REMARKS]
#FINAL-05-21#