000
CXUS51 KALY 010629
CLMPOU
CLIMATE REPORT
NATIONAL WEATHER SERVICE ALBANY NY
229 AM EDT TUE AUG 01 2023
...................................
...THE POUGHKEEPSIE NY CLIMATE SUMMARY FOR THE MONTH OF JULY 2023...
CLIMATE NORMAL PERIOD: 1991 TO 2020
CLIMATE RECORD PERIOD: 1931 TO 2023
WEATHER OBSERVED NORMAL DEPART LAST YEAR`S
VALUE DATE(S) VALUE FROM VALUE DATE(S)
NORMAL
................................................................
TEMPERATURE (F)
RECORD
HIGH 103 07/16/1995
07/03/1966
07/10/1936
LOW 43 07/04/1986
07/03/1957
HIGHEST 92 07/06 97 07/20
07/27
07/21
07/23
LOWEST 54 07/31 52 07/10
AVG. MAXIMUM 85.9 84.8 1.1 89.2
AVG. MINIMUM 65.3 62.3 3.0 63.3
MEAN 75.6 73.6 2.0 76.2
DAYS MAX >= 90 7 8.2 -1.2 13
DAYS MAX <= 32 0 0.0 0.0 0
DAYS MIN <= 32 0 0.0 0.0 0
DAYS MIN <= 0 0 0.0 0.0 0
PRECIPITATION (INCHES)
RECORD
MAXIMUM 13.63 1975
MINIMUM 0.72 1968
TOTALS 7.52 3.78 3.74 1.25
DAILY AVG. 0.25 0.04
DAYS >= .01 13 11.3 1.7 7
DAYS >= .10 10 6.6 3.4 3
DAYS >= .50 4 2.5 1.5 2
DAYS >= 1.00 2 1.0 1.0 0
GREATEST
24 HR. TOTAL 3.21 07/09 TO 07/10
DEGREE DAYS
HEATING TOTAL 0 3 -3 0
SINCE 7/1 0 0 0 0
COOLING TOTAL 327 268 59 355
SINCE 1/1 457 447 10 531
................................................................
WIND (MPH)
AVERAGE WIND SPEED 3.2
HIGHEST WIND SPEED/DIRECTION 28/030 DATE 07/24
HIGHEST GUST SPEED/DIRECTION 39/010 DATE 07/24
SKY COVER
AVERAGE SKY COVER 0.33
AVERAGE RH (PERCENT) 74
WEATHER CONDITIONS. NUMBER OF DAYS WITH
THUNDERSTORM 13 MIXED PRECIP 0
HEAVY RAIN 10 RAIN 8
LIGHT RAIN 14 FREEZING RAIN 0
LT FREEZING RAIN 0 HAIL 0
HEAVY SNOW 0 SNOW 0
LIGHT SNOW 0 SLEET 0
FOG 21 FOG W/VIS <= 1/4 MILE 2
HAZE 4
- INDICATES NEGATIVE NUMBERS.
R INDICATES RECORD WAS SET OR TIED.
MM INDICATES DATA IS MISSING.
T INDICATES TRACE AMOUNT.
$$