000
CXUS56 KLOX 011155
CF6PRB
PRELIMINARY LOCAL CLIMATOLOGICAL DATA (WS FORM: F-6)
STATION: PASO ROBLES AIRPORT CA
MONTH: JULY
YEAR: 2023
LATITUDE: 35 40 N
LONGITUDE: 120 38 W
TEMPERATURE IN F: :PCPN: SNOW: WIND :SUNSHINE: SKY :PK WND
================================================================================
1 2 3 4 5 6A 6B 7 8 9 10 11 12 13 14 15 16 17 18
12Z AVG MX 2MIN
DY MAX MIN AVG DEP HDD CDD WTR SNW DPTH SPD SPD DIR MIN PSBL S-S WX SPD DR
================================================================================
1 111 59 85 13 0 20 0.00 M M 5.3 18 300 M M 0 24 300
2 105 61 83 11 0 18 0.00 M M 7.2 21 210 M M 0 24 210
3 101 56 79 7 0 14 0.00 M M 7.4 20 200 M M 0 23 210
4 92 51 72 0 0 7 0.00 M M 8.6 24 200 M M 2 1 29 210
5 88 50 69 -3 0 4 0.00 M M 9.1 24 190 M M 2 18 30 210
6 81 51 66 -7 0 1 0.00 M M 8.9 24 200 M M 3 28 200
7 89 53 71 -2 0 6 0.00 M M 10.9 22 320 M M 4 26 320
8 91 52 72 -1 0 7 0.00 M M 11.6 21 300 M M 3 26 300
9 85 51 68 -5 0 3 0.00 M M 10.3 21 310 M M 3 25 310
10 95 49 72 -1 0 7 0.00 M M 6.7 16 300 M M 2 20 290
11 97 50 74 1 0 9 0.00 M M 5.6 20 210 M M 0 24 190
12 99 50 75 2 0 10 0.00 M M 5.3 18 200 M M 0 22 210
13 103 50 77 4 0 12 0.00 M M 6.5 20 320 M M 0 23 310
14 105 53 79 5 0 14 0.00 M M 5.2 21 310 M M 0 25 320
15 112 55 84 10 0 19 0.00 M M 4.4 16 190 M M 0 20 190
16 99 62 81 7 0 16 0.00 M M 6.6 21 190 M M 0 24 210
17 95 59 77 3 0 12 0.00 M M 8.2 21 240 M M 0 25 240
18 96 60 78 4 0 13 0.00 M M 6.9 22 210 M M 0 8 26 210
19 99 56 78 4 0 13 0.00 M M 6.4 21 200 M M 0 8 24 210
20 106 51 79 5 0 14 0.00 M M 6.7 20 310 M M 0 128 25 290
21 108 56 82 8 0 17 0.00 M M 4.6 17 200 M M 0 20 210
22 107 59 83 9 0 18 0.00 M M 5.5 22 190 M M 0 26 200
23 93 62 78 4 0 13 0.00 M M 9.2 24 210 M M 0 28 210
24 103 53 78 4 0 13 0.00 M M 7.4 20 300 M M 0 26 300
25 105 56 81 7 0 16 0.00 M M 6.4 20 310 M M 0 24 300
26 102 59 81 7 0 16 0.00 M M 6.9 18 190 M M 0 22 300
27 103 51 77 3 0 12 0.00 M M 7.6 22 310 M M 1 128 26 310
28 103 53 78 4 0 13 0.00 M M 7.8 24 310 M M 0 30 300
29 104 58 81 7 0 16 0.00 M M 8.3 23 310 M M 0 29 310
30 106 56 81 7 0 16 0.00 M M 7.8 21 310 M M 0 26 320
31 101 57 79 5 0 14 0.00 M M 6.3 20 200 M M 0 24 200
================================================================================
SM 3084 1699 0 383 0.00 M 225.6 M 20
================================================================================
AV 99.5 54.8 7.3 FASTST M M 1 MAX(MPH)
MISC ----> # 24 200 # 30 210
================================================================================
NOTES:
# LAST OF SEVERAL OCCURRENCES
COLUMN 17 PEAK WIND IN M.P.H.
PRELIMINARY LOCAL CLIMATOLOGICAL DATA (WS FORM: F-6) , PAGE 2
STATION: PASO ROBLES AIRPORT CA
MONTH: JULY
YEAR: 2023
LATITUDE: 35 40 N
LONGITUDE: 120 38 W
[TEMPERATURE DATA] [PRECIPITATION DATA] SYMBOLS USED IN COLUMN 16
AVERAGE MONTHLY: 77.1 TOTAL FOR MONTH: 0.00 1 = FOG OR MIST
DPTR FM NORMAL: 3.7 DPTR FM NORMAL: -0.08 2 = FOG REDUCING VISIBILITY
HIGHEST: 112 ON 15 GRTST 24HR 0.00 ON 1- 1 TO 1/4 MILE OR LESS
LOWEST: 49 ON 10 3 = THUNDER
SNOW, ICE PELLETS, HAIL 4 = ICE PELLETS
TOTAL MONTH: M 5 = HAIL
GRTST 24HR M ON M 6 = FREEZING RAIN OR DRIZZLE
GRTST DEPTH: M ON M 7 = DUSTSTORM OR SANDSTORM:
VSBY 1/2 MILE OR LESS
8 = SMOKE OR HAZE
[NO. OF DAYS WITH] [WEATHER - DAYS WITH] 9 = BLOWING SNOW
X = TORNADO
MAX 32 OR BELOW: 0 0.01 INCH OR MORE: 0
MAX 90 OR ABOVE: 27 0.10 INCH OR MORE: 0
MIN 32 OR BELOW: 0 0.50 INCH OR MORE: 0
MIN 0 OR BELOW: 0 1.00 INCH OR MORE: 0
[HDD (BASE 65) ]
TOTAL THIS MO. 0 CLEAR (SCALE 0-3) 29
DPTR FM NORMAL -4 PTCLDY (SCALE 4-7) 2
TOTAL FM JUL 1 0 CLOUDY (SCALE 8-10) 0
DPTR FM NORMAL 0
[CDD (BASE 65) ]
TOTAL THIS MO. 383
DPTR FM NORMAL 119 [PRESSURE DATA]
TOTAL FM JAN 1 519 HIGHEST SLP 30.03 ON 29
DPTR FM NORMAL 42 LOWEST SLP 29.75 ON 22
[REMARKS]
#FINAL-07-23#