000
CXUS56 KFGZ 010910
CF6PRC
PRELIMINARY LOCAL CLIMATOLOGICAL DATA (WS FORM: F-6)
STATION: PRESCOTT AZ AIRPORT
MONTH: AUGUST
YEAR: 2023
LATITUDE: 34 39 N
LONGITUDE: 112 26 W
TEMPERATURE IN F: :PCPN: SNOW: WIND :SUNSHINE: SKY :PK WND
================================================================================
1 2 3 4 5 6A 6B 7 8 9 10 11 12 13 14 15 16 17 18
12Z AVG MX 2MIN
DY MAX MIN AVG DEP HDD CDD WTR SNW DPTH SPD SPD DIR MIN PSBL S-S WX SPD DR
================================================================================
1 84 60 72 -4 0 7 T M M 4.7 14 130 M M 2 3 19 40
2 88 63 76 0 0 11 0.05 M M 7.5 25 230 M M 2 3 32 240
3 90 62 76 0 0 11 0.00 M M 7.2 16 240 M M 1 24 200
4 92 59 76 0 0 11 0.00 M M 8.2 21 210 M M 0 36 240
5 96 60 78 2 0 13 0.00 M M 9.8 23 220 M M 0 34 230
6 95 61 78 2 0 13 0.00 M M 9.9 23 230 M M 0 27 230
7 92 73 83 7 0 18 0.00 M M 10.4 26 240 M M 3 33 210
8 90 70 80 4 0 15 0.00 M M 9.2 24 260 M M 1 32 250
9 90 71 81 5 0 16 T M M 8.1 24 230 M M 3 3 29 230
10 89 65 77 2 0 12 0.00 M M 8.3 23 240 M M 2 30 220
11 88 63 76 1 0 11 0.00 M M 6.9 20 230 M M 0 26 220
12 89 65 77 2 0 12 T M M 6.4 32 20 M M 2 3 37 20
13 86 59 73 -2 0 8 0.03 M M 6.8 26 180 M M 2 3 36 170
14 91 59 75 0 0 10 0.00 M M 4.7 20 150 M M 3 25 140
15 90 67 79 4 0 14 0.21 M M 7.1 30 10 M M 5 3 36 10
16 88 64 76 1 0 11 0.09 M M 5.8 22 120 M M 5 13 30 120
17 93 63 78 3 0 13 0.13 M M 5.8 28 230 M M 3 3 32 230
18 87 63 75 0 0 10 0.14 M M 5.2 21 120 M M 4 1 27 130
19 85 62 74 -1 0 9 T M M 6.5 21 230 M M 4 3 23 230
20 83 65 74 0 0 9 0.01 M M 9.0 25 160 M M 7 1 33 150
21 72 63 68 -6 0 3 0.05 M M 7.5 15 140 M M 7 3 19 140
22 86 59 73 -1 0 8 0.02 M M 5.8 20 160 M M 5 13 26 150
23 90 60 75 1 0 10 0.02 M M 7.4 24 130 M M 5 38 33 130
24 86 62 74 0 0 9 T M M 4.6 16 300 M M 4 3 21 300
25 89 60 75 1 0 10 0.01 M M 5.0 16 50 M M 2 23 40
26 92 61 77 3 0 12 0.00 M M 4.8 13 240 M M 1 17 320
27 95 63 79 5 0 14 0.00 M M 4.3 14 290 M M 1 19 280
28 97 63 80 6 0 15 0.00 M M 5.8 20 220 M M 0 31 230
29 97 65 81 8 0 16 0.00 M M 6.0 15 220 M M 2 3 21 160
30 96 63 80 7 0 15 0.00 M M 7.6 17 290 M M 1 28 290
31 91 66 79 6 0 14 0.15 M M 5.4 24 230 M M 3 38 33 160
================================================================================
SM 2777 1959 0 360 0.91 M 211.7 M 80
================================================================================
AV 89.6 63.2 6.8 FASTST M M 3 MAX(MPH)
MISC ----> 32 20 37 20
================================================================================
NOTES:
# LAST OF SEVERAL OCCURRENCES
COLUMN 17 PEAK WIND IN M.P.H.
PRELIMINARY LOCAL CLIMATOLOGICAL DATA (WS FORM: F-6) , PAGE 2
STATION: PRESCOTT AZ AIRPORT
MONTH: AUGUST
YEAR: 2023
LATITUDE: 34 39 N
LONGITUDE: 112 26 W
[TEMPERATURE DATA] [PRECIPITATION DATA] SYMBOLS USED IN COLUMN 16
AVERAGE MONTHLY: 76.4 TOTAL FOR MONTH: 0.91 1 = FOG OR MIST
DPTR FM NORMAL: 1.6 DPTR FM NORMAL: -1.55 2 = FOG REDUCING VISIBILITY
HIGHEST: 97 ON 29,28 GRTST 24HR 0.30 ON 31- 1 TO 1/4 MILE OR LESS
LOWEST: 59 ON 22,14 3 = THUNDER
SNOW, ICE PELLETS, HAIL 4 = ICE PELLETS
TOTAL MONTH: M 5 = HAIL
GRTST 24HR M ON M 6 = FREEZING RAIN OR DRIZZLE
GRTST DEPTH: M ON M 7 = DUSTSTORM OR SANDSTORM:
VSBY 1/2 MILE OR LESS
8 = SMOKE OR HAZE
[NO. OF DAYS WITH] [WEATHER - DAYS WITH] 9 = BLOWING SNOW
X = TORNADO
MAX 32 OR BELOW: 0 0.01 INCH OR MORE: 12
MAX 90 OR ABOVE: 17 0.10 INCH OR MORE: 4
MIN 32 OR BELOW: 0 0.50 INCH OR MORE: 0
MIN 0 OR BELOW: 0 1.00 INCH OR MORE: 0
[HDD (BASE 65) ]
TOTAL THIS MO. 0 CLEAR (SCALE 0-3) 22
DPTR FM NORMAL -1 PTCLDY (SCALE 4-7) 9
TOTAL FM JUL 1 0 CLOUDY (SCALE 8-10) 0
DPTR FM NORMAL 0
[CDD (BASE 65) ]
TOTAL THIS MO. 360
DPTR FM NORMAL 57 [PRESSURE DATA]
TOTAL FM JAN 1 943 HIGHEST SLP M ON M
DPTR FM NORMAL 22 LOWEST SLP 29.75 ON 20
[REMARKS]
#FINAL-08-23#