000
CXUS54 KFWD 050716
CF6PRX
PRELIMINARY LOCAL CLIMATOLOGICAL DATA (WS FORM: F-6)
STATION: PARIS
MONTH: SEPTEMBER
YEAR: 2022
LATITUDE: 33 37 N
LONGITUDE: 95 27 W
TEMPERATURE IN F: :PCPN: SNOW: WIND :SUNSHINE: SKY :PK WND
================================================================================
1 2 3 4 5 6A 6B 7 8 9 10 11 12 13 14 15 16 17 18
12Z AVG MX 2MIN
DY MAX MIN AVG DEP HDD CDD WTR SNW DPTH SPD SPD DIR MIN PSBL S-S WX SPD DR
================================================================================
1 93 72 83 1 0 18 0.18 M M 3.1 12 320 M M 4 13 M M
2 90 72 81 -1 0 16 0.08 M M 7.0 16 210 M M 6 1 20 210
3 95 71 83 2 0 18 0.00 M M 4.8 10 50 M M 1 12 M M
4 93 70 82 1 0 17 0.00 M M 4.7 12 120 M M 1 1 M M
5 94 67 81 0 0 16 0.00 M M 5.8 13 200 M M 1 18 200
6 93 70 82 2 0 17 0.06 M M 5.4 12 190 M M 3 38 20 180
7 91 71 81 1 0 16 0.00 M M 5.7 9 40 M M 2 1 M M
8 88 69 79 -1 0 14 0.00 M M 6.3 12 100 M M 2 17 100
9 87 65 76 -3 0 11 0.00 M M 5.4 10 70 M M 2 16 90
10 90 63 77 -2 0 12 0.00 M M 3.7 7 30 M M 1 M M
11 83 64 74 -4 0 9 0.00 M M 9.3 16 320 M M 0 24 340
12 84 56 70 -8 0 5 0.00 M M 5.0 8 90 M M 0 M M
13 88 56 72 -6 0 7 0.00 M M 6.1 10 150 M M 0 M M
14 87 56 72 -5 0 7 0.00 M M 7.0 13 100 M M 0 20 100
15 88 60 74 -3 0 9 0.00 M M 7.5 14 130 M M 0 17 90
16 91 63 77 0 0 12 0.00 M M 8.2 13 150 M M 1 16 150
17 92 67 80 4 0 15 0.00 M M 9.0 14 190 M M 3 23 220
18 95 70 83 7 0 18 0.00 M M 8.1 13 140 M M 0 M M
19 98 69 84 9 0 19 0.00 M M 6.8 13 160 M M 1 8 M M
20 97 69 83 8 0 18 0.00 M M 6.6 13 150 M M 1 M M
21 100 69 85 10 0 20 0.00 M M 5.2 12 170 M M 0 M M
22 100 67 84 10 0 19 0.00 M M 4.9 10 310 M M 0 M M
23 93 65 79 5 0 14 0.00 M M 9.3 14 110 M M 0 16 110
24 99 72 86 13 0 21 0.00 M M 9.1 16 210 M M 0 21 240
25 99 71 85 12 0 20 0.00 M M 8.7 16 360 M M 1 23 10
26 87 59 73 0 0 8 0.00 M M 8.3 13 20 M M 0 8 23 30
27 88 56 72 0 0 7 0.00 M M 6.2 12 110 M M 0 17 150
28 91 57 74 2 0 9 0.00 M M 6.1 9 170 M M 1 16 170
29 78 56 67 -5 0 2 0.00 M M 9.7 18 120 M M 0 M M
30 81 50 66 -5 0 1 0.00 M M 6.0 12 70 M M 0 M M
================================================================================
SM 2733 1942 0 395 0.32 M 199.0 M 31
================================================================================
AV 91.1 64.7 6.6 FASTST M M 1 MAX(MPH)
MISC ----> 18 120 24 340
================================================================================
NOTES:
# LAST OF SEVERAL OCCURRENCES
COLUMN 17 PEAK WIND IN M.P.H.
PRELIMINARY LOCAL CLIMATOLOGICAL DATA (WS FORM: F-6) , PAGE 2
STATION: PARIS
MONTH: SEPTEMBER
YEAR: 2022
LATITUDE: 33 37 N
LONGITUDE: 95 27 W
[TEMPERATURE DATA] [PRECIPITATION DATA] SYMBOLS USED IN COLUMN 16
AVERAGE MONTHLY: 77.9 TOTAL FOR MONTH: 0.32 1 = FOG OR MIST
DPTR FM NORMAL: 1.2 DPTR FM NORMAL: -3.52 2 = FOG REDUCING VISIBILITY
HIGHEST: 100 ON 22,21 GRTST 24HR 0.26 ON 1- 2 TO 1/4 MILE OR LESS
LOWEST: 50 ON 30 3 = THUNDER
SNOW, ICE PELLETS, HAIL 4 = ICE PELLETS
TOTAL MONTH: M 5 = HAIL
GRTST 24HR M ON M 6 = FREEZING RAIN OR DRIZZLE
GRTST DEPTH: M ON M 7 = DUSTSTORM OR SANDSTORM:
VSBY 1/2 MILE OR LESS
8 = SMOKE OR HAZE
[NO. OF DAYS WITH] [WEATHER - DAYS WITH] 9 = BLOWING SNOW
X = TORNADO
MAX 32 OR BELOW: 0 0.01 INCH OR MORE: 3
MAX 90 OR ABOVE: 19 0.10 INCH OR MORE: 1
MIN 32 OR BELOW: 0 0.50 INCH OR MORE: 0
MIN 0 OR BELOW: 0 1.00 INCH OR MORE: 0
[HDD (BASE 65) ]
TOTAL THIS MO. 0 CLEAR (SCALE 0-3) 28
DPTR FM NORMAL -11 PTCLDY (SCALE 4-7) 2
TOTAL FM JUL 1 0 CLOUDY (SCALE 8-10) 0
DPTR FM NORMAL -10
[CDD (BASE 65) ]
TOTAL THIS MO. 395
DPTR FM NORMAL 33 [PRESSURE DATA]
TOTAL FM JAN 1 2598 HIGHEST SLP 30.33 ON 29
DPTR FM NORMAL 197 LOWEST SLP 29.78 ON 9
[REMARKS]
#FINAL-09-22#