000
CXUS55 KALY 240710
CF6PSF
PRELIMINARY LOCAL CLIMATOLOGICAL DATA (WS FORM: F-6)
STATION: PITTSFIELD MA
MONTH: APRIL
YEAR: 2024
LATITUDE: 42 25 N
LONGITUDE: 73 18 W
TEMPERATURE IN F: :PCPN: SNOW: WIND :SUNSHINE: SKY :PK WND
================================================================================
1 2 3 4 5 6A 6B 7 8 9 10 11 12 13 14 15 16 17 18
12Z AVG MX 2MIN
DY MAX MIN AVG DEP HDD CDD WTR SNW DPTH SPD SPD DIR MIN PSBL S-S WX SPD DR
================================================================================
1 54 30 42 4 23 0 0.00 M M 1.8 9 290 M M 5 13 290
2 48 32 40 1 25 0 0.10 M M 5.5 12 120 M M 8 1 21 90
3 39 33 36 -3 29 0 0.60 M M 13.3 29 60 M M 10 18 47 60
4 36 31 34 -6 31 0 0.44 M M 9.5 26 60 M M 10 18 44 60
5 37 31 34 -6 31 0 0.09 M M 10.5 20 290 M M 10 18 26 270
6 41 33 37 -3 28 0 0.01 M M 9.7 21 340 M M 10 1 31 330
7 51 30 41 0 24 0 0.00 M M 5.8 17 310 M M 4 24 340
8 62 26 44 3 21 0 0.00 M M 4.2 15 260 M M 0 26 260
9 71 33 52 10 13 0 0.00 M M 2.6 13 270 M M 0 20 330
10 58 43 51 9 14 0 0.19 M M 3.9 14 140 M M 8 13 22 130
11 59 47 53 10 12 0 0.27 M M 7.9 21 140 M M 10 1 31 140
12 63 50 57 14 8 0 0.21 M M 12.7 23 230 M M 8 1 40 150
13 50 39 45 2 20 0 0.12 M M 16.1 31 290 M M 10 1 45 290
14 54 38 46 2 19 0 0.25 M M 6.7 26 280 M M 6 12 37 290
15 63 36 50 6 15 0 0.00 M M 7.2 23 260 M M 5 12 34 320
16 62 37 50 5 15 0 0.00 M M 8.7 24 310 M M 0 36 330
17 61 32 47 2 18 0 0.18 M M 4.1 14 190 M M 4 1 20 210
18 44 40 42 -4 23 0 0.15 M M 6.2 14 110 M M 10 18 25 90
19 59 41 50 4 15 0 T M M 5.5 23 130 M M 9 34 140
20 59 36 48 2 17 0 0.10 M M 9.7 24 300 M M 8 1 35 290
21 45 31 38 -9 27 0 0.00 M M 9.0 20 280 M M 5 24 300
22 53 31 42 -5 23 0 0.00 M M 8.8 18 290 M M 0 33 280
23 64 27 46 -2 19 0 0.01 M M 6.5 18 190 M M 0 29 220
================================================================================
SM 1233 807 470 0 2.72 M 175.9 M 140
================================================================================
AV 53.6 35.1 7.6 FASTST M M 6 MAX(MPH)
MISC ----> 31 290 47 60
================================================================================
NOTES:
# LAST OF SEVERAL OCCURRENCES
COLUMN 17 PEAK WIND IN M.P.H.
PRELIMINARY LOCAL CLIMATOLOGICAL DATA (WS FORM: F-6) , PAGE 2
STATION: PITTSFIELD MA
MONTH: APRIL
YEAR: 2024
LATITUDE: 42 25 N
LONGITUDE: 73 18 W
[TEMPERATURE DATA] [PRECIPITATION DATA] SYMBOLS USED IN COLUMN 16
AVERAGE MONTHLY: 44.3 TOTAL FOR MONTH: 2.72 1 = FOG OR MIST
DPTR FM NORMAL: 1.3 DPTR FM NORMAL: 0.10 2 = FOG REDUCING VISIBILITY
HIGHEST: 71 ON 9 GRTST 24HR 0.91 ON 3- 4 TO 1/4 MILE OR LESS
LOWEST: 26 ON 8 3 = THUNDER
SNOW, ICE PELLETS, HAIL 4 = ICE PELLETS
TOTAL MONTH: M 5 = HAIL
GRTST 24HR M ON M 6 = FREEZING RAIN OR DRIZZLE
GRTST DEPTH: M ON M 7 = DUSTSTORM OR SANDSTORM:
VSBY 1/2 MILE OR LESS
8 = SMOKE OR HAZE
[NO. OF DAYS WITH] [WEATHER - DAYS WITH] 9 = BLOWING SNOW
X = TORNADO
MAX 32 OR BELOW: 0 0.01 INCH OR MORE: 14
MAX 90 OR ABOVE: 0 0.10 INCH OR MORE: 11
MIN 32 OR BELOW: 10 0.50 INCH OR MORE: 1
MIN 0 OR BELOW: 0 1.00 INCH OR MORE: 0
[HDD (BASE 65) ]
TOTAL THIS MO. 470 CLEAR (SCALE 0-3) 5
DPTR FM NORMAL -37 PTCLDY (SCALE 4-7) 9
TOTAL FM JUL 1 5835 CLOUDY (SCALE 8-10) 9
DPTR FM NORMAL -882
[CDD (BASE 65) ]
TOTAL THIS MO. 0
DPTR FM NORMAL 0 [PRESSURE DATA]
TOTAL FM JAN 1 0 HIGHEST SLP M ON M
DPTR FM NORMAL 0 LOWEST SLP 29.16 ON 12
[REMARKS]