000
CXUS56 KSGX 011145
CF6PSP
PRELIMINARY LOCAL CLIMATOLOGICAL DATA (WS FORM: F-6)
STATION: PALM SPRINGS INTL AIRPORT CA
MONTH: DECEMBER
YEAR: 2020
LATITUDE: 33 49 N
LONGITUDE: 116 30 W
TEMPERATURE IN F: :PCPN: SNOW: WIND :SUNSHINE: SKY :PK WND
================================================================================
1 2 3 4 5 6A 6B 7 8 9 10 11 12 13 14 15 16 17 18
12Z AVG MX 2MIN
DY MAX MIN AVG DEP HDD CDD WTR SNW DPTH SPD SPD DIR MIN PSBL S-S WX SPD DR
================================================================================
1 84 48 66 8 0 1 0.00 0.0 0 4.2 12 100 M M 0 13 10
2 77 49 63 5 2 0 0.00 0.0 0 5.6 15 320 M M 0 21 320
3 72 48 60 3 5 0 0.00 0.0 0 4.7 13 330 M M 0 14 330
4 74 45 60 3 5 0 0.00 0.0 0 5.4 12 340 M M 0 13 310
5 73 41 57 0 8 0 0.00 0.0 0 4.7 10 330 M M 0 12 330
6 76 44 60 3 5 0 0.00 0.0 0 3.7 12 330 M M 0 12 330
7 73 51 62 6 3 0 0.00 0.0 0 5.1 13 320 M M 0 18 320
8 80 60 70 14 0 5 0.00 0.0 0 5.7 10 260 M M 0 18 290
9 74 51 63 7 2 0 0.00 0.0 0 3.9 12 350 M M 0 13 360
10 71 45 58 2 7 0 0.00 M M 2.8 9 140 M M 0 11 110
11 69 45 57 1 8 0 0.00 M M 3.0 10 160 M M 0 14 260
12 71 48 60 5 5 0 0.00 M M 6.2 25 310 M M 1 32 320
13 65 45 55 0 10 0 0.00 M M 2.5 10 340 M M 0 12 130
14 71 41 56 1 9 0 0.00 M M 4.4 14 90 M M 0 16 90
15 71 45 58 3 7 0 0.00 M M 3.9 21 350 M M 0 24 350
16 69 43 56 1 9 0 0.00 M M 3.5 9 330 M M 0 10 340
17 65 45 55 0 10 0 0.00 M M 3.8 12 110 M M 0 14 130
18 73 46 60 5 5 0 0.00 M M 6.7 21 360 M M 0 26 360
19 73 47 60 5 5 0 0.00 M M 4.2 12 330 M M 0 12 340
20 75 42 59 4 6 0 0.00 M M 3.4 10 330 M M 0 12 310
21 78 47 63 8 2 0 0.00 M M 5.1 12 330 M M 0 13 110
22 72 49 61 6 4 0 0.00 M M 3.0 10 100 M M 0 14 120
23 73 52 63 8 2 0 0.00 M M 8.5 18 10 M M 0 24 330
24 66 48 57 2 8 0 0.01 M M 3.3 9 150 M M 1 12 330
25 71 43 57 2 8 0 0.00 M M 5.1 10 330 M M 0 13 320
26 72 44 58 3 7 0 0.00 M M 3.2 10 120 M M 0 13 120
27 72 46 59 4 6 0 0.00 M M 4.5 12 360 M M 0 14 350
28 60 47 54 -2 11 0 0.20 M M 6.6 36 330 M M 6 1 48 320
29 66 43 55 -1 10 0 0.00 M M 6.8 22 20 M M 1 29 20
30 72 45 59 3 6 0 0.00 M M 5.0 14 330 M M 0 17 210
31 70 41 56 0 9 0 0.00 M M 7.5 24 350 M M 1 33 340
================================================================================
SM 2228 1434 184 6 0.21 0.0 146.0 M 10
================================================================================
AV 71.9 46.3 4.7 FASTST M M 0 MAX(MPH)
MISC ----> 36 330 48 320
================================================================================
NOTES:
# LAST OF SEVERAL OCCURRENCES
COLUMN 17 PEAK WIND IN M.P.H.
PRELIMINARY LOCAL CLIMATOLOGICAL DATA (WS FORM: F-6) , PAGE 2
STATION: PALM SPRINGS INTL AIRPORT CA
MONTH: DECEMBER
YEAR: 2020
LATITUDE: 33 49 N
LONGITUDE: 116 30 W
[TEMPERATURE DATA] [PRECIPITATION DATA] SYMBOLS USED IN COLUMN 16
AVERAGE MONTHLY: 59.1 TOTAL FOR MONTH: 0.21 1 = FOG OR MIST
DPTR FM NORMAL: 3.4 DPTR FM NORMAL: -0.67 2 = FOG REDUCING VISIBILITY
HIGHEST: 84 ON 1 GRTST 24HR 0.20 ON 28-28 TO 1/4 MILE OR LESS
LOWEST: 41 ON 31,14 3 = THUNDER
SNOW, ICE PELLETS, HAIL 4 = ICE PELLETS
TOTAL MONTH: 0.0 INCH 5 = HAIL
GRTST 24HR 0.0 6 = FREEZING RAIN OR DRIZZLE
GRTST DEPTH: 0 7 = DUSTSTORM OR SANDSTORM:
VSBY 1/2 MILE OR LESS
8 = SMOKE OR HAZE
[NO. OF DAYS WITH] [WEATHER - DAYS WITH] 9 = BLOWING SNOW
X = TORNADO
MAX 32 OR BELOW: 0 0.01 INCH OR MORE: 2
MAX 90 OR ABOVE: 0 0.10 INCH OR MORE: 1
MIN 32 OR BELOW: 0 0.50 INCH OR MORE: 0
MIN 0 OR BELOW: 0 1.00 INCH OR MORE: 0
[HDD (BASE 65) ]
TOTAL THIS MO. 184 CLEAR (SCALE 0-3) 30
DPTR FM NORMAL -106 PTCLDY (SCALE 4-7) 1
TOTAL FM JUL 1 238 CLOUDY (SCALE 8-10) 0
DPTR FM NORMAL -148
[CDD (BASE 65) ]
TOTAL THIS MO. 6
DPTR FM NORMAL 2 [PRESSURE DATA]
TOTAL FM JAN 1 5115 HIGHEST SLP 30.44 ON 23
DPTR FM NORMAL 974 LOWEST SLP 29.79 ON 28
[REMARKS]
#FINAL-12-20#