000
CXUS54 KHGX 011535
CF6PSX
PRELIMINARY LOCAL CLIMATOLOGICAL DATA (WS FORM: F-6)
STATION: PALACIOS
MONTH: FEBRUARY
YEAR: 2022
LATITUDE: 28 43 N
LONGITUDE: 96 15 W
TEMPERATURE IN F: :PCPN: SNOW: WIND :SUNSHINE: SKY :PK WND
================================================================================
1 2 3 4 5 6A 6B 7 8 9 10 11 12 13 14 15 16 17 18
12Z AVG MX 2MIN
DY MAX MIN AVG DEP HDD CDD WTR SNW DPTH SPD SPD DIR MIN PSBL S-S WX SPD DR
================================================================================
1 69 55 62 5 3 0 0.00 0.0 0 7.4 16 70 M M 4 1 23 80
2 77 50 64 7 1 0 0.02 0.0 0 11.9 29 340 M M 9 12 42 340
3 50 30 40 -17 25 0 0.40 T 0 25.4 32 340 M M 10 16 42 340
4 39 26 33 -24 32 0 0.00 0.0 0 21.7 32 340 M M 7 42 330
5 50 27 39 -19 26 0 0.00 0.0 0 7.3 15 20 M M 0 22 360
6 60 32 46 -12 19 0 0.00 0.0 0 9.7 18 80 M M 5 26 100
7 64 43 54 -4 11 0 T 0.0 0 9.1 22 360 M M 3 27 20
8 65 36 51 -7 14 0 0.00 0.0 0 6.8 14 170 M M 0 17 10
9 67 37 52 -6 13 0 0.00 0.0 0 5.8 13 170 M M 0 1 18 200
10 69 41 55 -3 10 0 0.00 0.0 0 6.1 13 170 M M 0 18 17 170
11 70 41 56 -3 9 0 0.00 0.0 0 7.5 16 160 M M 1 12 21 160
12 65 38 52 -7 13 0 0.04 0.0 0 17.3 43 360 M M 5 12 61 350
13 63 30 47 -12 18 0 0.00 0.0 0 8.7 15 340 M M 0 21 330
14 65 38 52 -7 13 0 0.00 0.0 0 6.1 14 120 M M 0 18 140
15 74 48 61 2 4 0 0.00 0.0 0 10.3 20 170 M M 3 28 160
16 75 61 68 8 0 3 0.03 0.0 0 13.3 26 150 M M 9 18 35 150
17 86 42 64 4 1 0 T 0.0 0 18.5 36 350 M M 5 1 50 350
18 59 37 48 -12 17 0 0.00 0.0 0 15.8 31 350 M M 0 40 340
19 62 43 53 -7 12 0 0.00 0.0 0 8.4 17 130 M M 0 22 140
20 69 45 57 -3 8 0 T 0.0 0 8.5 17 120 M M 7 1 M M
21 73 63 68 8 0 3 T 0.0 0 13.1 25 170 M M 10 128 36 170
22 76 66 71 10 0 6 0.00 0.0 0 11.1 18 160 M M 9 18 28 170
23 71 36 54 -7 11 0 0.01 0.0 0 18.2 28 360 M M 10 1 38 360
24 46 36 41 -20 24 0 T 0.0 0 16.7 26 360 M M 10 1 33 360
25 46 37 42 -19 23 0 0.01 0.0 0 16.8 25 360 M M 10 1 32 10
26 46 39 43 -18 22 0 0.11 0.0 0 13.8 20 360 M M 10 1 24 360
27 63 41 52 -10 13 0 T 0.0 0 16.0 25 350 M M 6 1 33 350
28 66 33 50 -12 15 0 0.00 0.0 0 7.0 14 170 M M 0 20 190
================================================================================
SM 1785 1151 357 12 0.62 T 338.3 M 133
================================================================================
AV 63.8 41.1 12.1 FASTST M M 5 MAX(MPH)
MISC ----> 43 360 61 350
================================================================================
NOTES:
# LAST OF SEVERAL OCCURRENCES
COLUMN 17 PEAK WIND IN M.P.H.
PRELIMINARY LOCAL CLIMATOLOGICAL DATA (WS FORM: F-6) , PAGE 2
STATION: PALACIOS
MONTH: FEBRUARY
YEAR: 2022
LATITUDE: 28 43 N
LONGITUDE: 96 15 W
[TEMPERATURE DATA] [PRECIPITATION DATA] SYMBOLS USED IN COLUMN 16
AVERAGE MONTHLY: 52.4 TOTAL FOR MONTH: 0.62 1 = FOG OR MIST
DPTR FM NORMAL: -6.9 DPTR FM NORMAL: -1.27 2 = FOG REDUCING VISIBILITY
HIGHEST: 86 ON 17 GRTST 24HR 6.97 ON 31- 1 TO 1/4 MILE OR LESS
LOWEST: 26 ON 4 3 = THUNDER
SNOW, ICE PELLETS, HAIL 4 = ICE PELLETS
TOTAL MONTH: T 5 = HAIL
GRTST 24HR T ON 3- 3 6 = FREEZING RAIN OR DRIZZLE
GRTST DEPTH: 0 7 = DUSTSTORM OR SANDSTORM:
VSBY 1/2 MILE OR LESS
8 = SMOKE OR HAZE
[NO. OF DAYS WITH] [WEATHER - DAYS WITH] 9 = BLOWING SNOW
X = TORNADO
MAX 32 OR BELOW: 0 0.01 INCH OR MORE: 7
MAX 90 OR ABOVE: 0 0.10 INCH OR MORE: 2
MIN 32 OR BELOW: 5 0.50 INCH OR MORE: 0
MIN 0 OR BELOW: 0 1.00 INCH OR MORE: 0
[HDD (BASE 65) ]
TOTAL THIS MO. 357 CLEAR (SCALE 0-3) 11
DPTR FM NORMAL 164 PTCLDY (SCALE 4-7) 8
TOTAL FM JUL 1 855 CLOUDY (SCALE 8-10) 9
DPTR FM NORMAL -33
[CDD (BASE 65) ]
TOTAL THIS MO. 12
DPTR FM NORMAL -20 [PRESSURE DATA]
TOTAL FM JAN 1 32 HIGHEST SLP 30.64 ON 4
DPTR FM NORMAL -19 LOWEST SLP 29.74 ON 2
[REMARKS]
#FINAL-02-22#