000
CXUS55 KPUB 011958 CCA
CF6PUB
PRELIMINARY LOCAL CLIMATOLOGICAL DATA (WS FORM: F-6)
STATION: PUEBLO CO
MONTH: FEBRUARY
YEAR: 2021
LATITUDE: 38 16 N
LONGITUDE: 104 31 W
TEMPERATURE IN F: :PCPN: SNOW: WIND :SUNSHINE: SKY :PK WND
================================================================================
1 2 3 4 5 6A 6B 7 8 9 10 11 12 13 14 15 16 17 18
12Z AVG MX 2MIN
DY MAX MIN AVG DEP HDD CDD WTR SNW DPTH SPD SPD DIR MIN PSBL S-S WX SPD DR
================================================================================
1 53 19 36 5 29 0 0.00 0.0 0 4.3 10 250 M M 0 11 250
2 65 25 45 14 20 0 0.00 0.0 0 6.7 15 120 M M 0 19 120
3 71 28 50 18 15 0 T T 0 11.4 43 10 M M 1 55 10
4 43 21 32 0 33 0 T T 0 10.1 38 10 M M 3 45 10
5 46 19 33 1 32 0 0.00 0.0 0 6.3 17 140 M M 1 24 110
6 53 20 37 5 28 0 0.00 0.0 0 11.9 25 310 M M 1 38 310
7 65 13 39 7 26 0 0.00 0.0 0 11.6 32 280 M M 0 42 290
8 40 19 30 -2 35 0 0.01 0.1 0 7.8 22 110 M M 8 168 28 120
9 21 18 20 -12 45 0 T 0.1 T 4.1 12 110 M M 10 1 14 100
10 21 18 20 -13 45 0 T T T 6.1 13 110 M M 10 18 15 110
11 25 12 19 -14 46 0 T 0.2 T 8.4 18 110 M M 10 18 22 100
12 12 5 9 -24 56 0 0.03 1.5 1 10.6 15 80 M M 10 18 19 100
13 9 3 6 -27 59 0 0.05 0.9 1 9.2 16 80 M M 10 18 20 80
14 4 -13 -4 -38 69 0 0.08 1.1 2 9.5 16 100 M M 9 18 19 100
15 6 -20 -7 -41 72 0 T T 2 2.7 8 260 M M 3 10 130
16 24 -6 9 -25 56 0 0.00 0.0 2 5.1 14 110 M M 2 18 17 100
17 31 0 16 -18 49 0 0.07 0.7 2 6.2 16 110 M M 4 18 20 100
18 26 7 17 -17 48 0 0.06 1.2 2 4.7 12 90 M M 9 128 14 100
19 41 16 29 -6 36 0 T T 2 4.6 10 50 M M 4 128 12 50
20 48 15 32 -3 33 0 0.00 0.0 T 8.5 35 10 M M 1 1 43 20
21 51 26 39 4 26 0 0.00 0.0 0 10.4 21 300 M M 1 29 260
22 69 29 49 13 16 0 0.00 0.0 0 11.5 30 300 M M 0 39 290
23 74 22 48 12 17 0 0.00 0.0 0 12.1 33 260 M M 0 44 260
24 46 23 35 -1 30 0 0.04 0.3 0 12.0 25 50 M M 7 1 36 30
25 39 23 31 -6 34 0 0.15 2.6 3 7.2 21 40 M M 5 18 26 30
26 57 19 38 1 27 0 0.00 0.0 T 11.1 30 300 M M 0 39 290
27 57 17 37 0 28 0 0.00 0.0 0 8.3 32 310 M M 0 42 280
28 41 19 30 -8 35 0 0.00 0.0 0 6.3 16 60 M M 5 20 40
================================================================================
SM 1138 397 1045 0 0.49 8.7 228.7 M 114
================================================================================
AV 40.6 14.2 8.2 FASTST M M 4 MAX(MPH)
MISC ----> 43 10 55 10
================================================================================
NOTES:
# LAST OF SEVERAL OCCURRENCES
COLUMN 17 PEAK WIND IN M.P.H.
PRELIMINARY LOCAL CLIMATOLOGICAL DATA (WS FORM: F-6) , PAGE 2
STATION: PUEBLO CO
MONTH: FEBRUARY
YEAR: 2021
LATITUDE: 38 16 N
LONGITUDE: 104 31 W
[TEMPERATURE DATA] [PRECIPITATION DATA] SYMBOLS USED IN COLUMN 16
AVERAGE MONTHLY: 27.4 TOTAL FOR MONTH: 0.49 1 = FOG OR MIST
DPTR FM NORMAL: -6.5 DPTR FM NORMAL: 0.19 2 = FOG REDUCING VISIBILITY
HIGHEST: 74 ON 23 GRTST 24HR 0.19 ON 24-25 TO 1/4 MILE OR LESS
LOWEST: -20 ON 15 3 = THUNDER
SNOW, ICE PELLETS, HAIL 4 = ICE PELLETS
TOTAL MONTH: 8.7 INCHES 5 = HAIL
GRTST 24HR 2.9 ON 24-25 6 = FREEZING RAIN OR DRIZZLE
GRTST DEPTH: 3 ON 25 7 = DUSTSTORM OR SANDSTORM:
VSBY 1/2 MILE OR LESS
8 = SMOKE OR HAZE
[NO. OF DAYS WITH] [WEATHER - DAYS WITH] 9 = BLOWING SNOW
X = TORNADO
MAX 32 OR BELOW: 10 0.01 INCH OR MORE: 8
MAX 90 OR ABOVE: 0 0.10 INCH OR MORE: 1
MIN 32 OR BELOW: 28 0.50 INCH OR MORE: 0
MIN 0 OR BELOW: 4 1.00 INCH OR MORE: 0
[HDD (BASE 65) ]
TOTAL THIS MO. 1045 CLEAR (SCALE 0-3) 15
DPTR FM NORMAL 174 PTCLDY (SCALE 4-7) 5
TOTAL FM JUL 1 4184 CLOUDY (SCALE 8-10) 8
DPTR FM NORMAL -119
[CDD (BASE 65) ]
TOTAL THIS MO. 0
DPTR FM NORMAL 0 [PRESSURE DATA]
TOTAL FM JAN 1 0 HIGHEST SLP 30.51 ON 14
DPTR FM NORMAL 0 LOWEST SLP 29.51 ON 3
[REMARKS]
#FINAL-02-21#