000
CXUS55 KPUB 012029
CLMPUB
CLIMATE REPORT
NATIONAL WEATHER SERVICE
129 PM MST MON JAN 01 2024
...................................
...THE PUEBLO CO CLIMATE SUMMARY FOR THE MONTH OF DECEMBER 2023...
CLIMATE NORMAL PERIOD 1991 TO 2020
CLIMATE RECORD PERIOD 1888 TO 2023
WEATHER OBSERVED NORMAL DEPART LAST YEAR`S
VALUE DATE(S) VALUE FROM VALUE DATE(S)
NORMAL
................................................................
TEMPERATURE (F)
RECORD
HIGH 82 12/17/1980
LOW -28 12/12/1961
HIGHEST 77 12/06 48 29 69 12/27
LOWEST 6 12/10 13 -7 -15 12/22
AVG. MAXIMUM 51.1 47.5 3.6 48.5
AVG. MINIMUM 20.6 15.9 4.7 10.6
MEAN 35.9 31.7 4.2 29.5
DAYS MAX >= 90 0 0.0 0.0
DAYS MAX <= 32 0 4.3 -4.3
DAYS MIN <= 32 31 30.5 0.5
DAYS MIN <= 0 0 1.8 -1.8
PRECIPITATION (INCHES)
RECORD
MAXIMUM 1.35 1913
MINIMUM 0.00 1993
TOTALS 1.31 0.29 1.02 0.13
DAILY AVG. 0.04 0.01 0.03
DAYS >= .01 6 3.3 2.7
DAYS >= .10 3 1.1 1.9
DAYS >= .50 1 0.0 1.0
DAYS >= 1.00 0 0.0 0.0
GREATEST
24 HR. TOTAL 0.57 12/23 TO 12/23
SNOWFALL (INCHES)
RECORDS
TOTAL 18.6 2011
TOTALS 9.5 4.6 4.9 1.3
SINCE 7/1 10.9 10.8 0.1 MM
SNOWDEPTH AVG. 1
DAYS >= 1.0 3 1.7 1.3
GREATEST
SNOW DEPTH 5 12/14 1
12/14
12/15
24 HR TOTAL 5.4 12/13 TO 12/14 MM
DEGREE DAYS
HEATING TOTAL 897 1032 -135 1094
SINCE 7/1 1912 2223 -311 MM
COOLING TOTAL 0 0 0 0
SINCE 1/1 1140 1079 61 MM
................................................................
WIND (MPH)
AVERAGE WIND SPEED 6.0
HIGHEST WIND SPEED/DIRECTION 40/310 DATE 12/07
HIGHEST GUST SPEED/DIRECTION 55/300 DATE 12/07
SKY COVER
POSSIBLE SUNSHINE (PERCENT) MM
AVERAGE SKY COVER 0.25
NUMBER OF DAYS FAIR 22
NUMBER OF DAYS PC 5
NUMBER OF DAYS CLOUDY 4
AVERAGE RH (PERCENT) 60
WEATHER CONDITIONS. NUMBER OF DAYS WITH
THUNDERSTORM 0 MIXED PRECIP 0
HEAVY RAIN 1 RAIN 1
LIGHT RAIN 2 FREEZING RAIN 0
LT FREEZING RAIN 0 HAIL 0
HEAVY SNOW 3 SNOW 4
LIGHT SNOW 6 SLEET 0
FOG 8 FOG W/VIS <= 1/4 MILE 4
HAZE 0
- INDICATES NEGATIVE NUMBERS.
R INDICATES RECORD WAS SET OR TIED.
MM INDICATES DATA IS MISSING.
T INDICATES TRACE AMOUNT.
$$