000
CXUS55 KPUB 011540
CLMPUB
CLIMATE REPORT
NATIONAL WEATHER SERVICE
940 AM MDT SUN OCT 01 2023
...................................
...THE PUEBLO CO CLIMATE SUMMARY FOR THE MONTH OF SEPTEMBER 2023...
CLIMATE NORMAL PERIOD 1991 TO 2020
CLIMATE RECORD PERIOD 1888 TO 2023
WEATHER OBSERVED NORMAL DEPART LAST YEAR`S
VALUE DATE(S) VALUE FROM VALUE DATE(S)
NORMAL
................................................................
TEMPERATURE (F)
RECORD
HIGH 103 09/06/2020
LOW 21 09/29/1999
HIGHEST 101 09/01 85 16 101 09/08
LOWEST 45 09/22 43 2 44 09/12
09/25
AVG. MAXIMUM 85.9 83.1 2.8 88.3
AVG. MINIMUM 52.6 50.1 2.5 51.9
MEAN 69.3 66.6 2.7 70.1
DAYS MAX >= 90 12 9.1 2.9
DAYS MAX <= 32 0 0.0 0.0
DAYS MIN <= 32 0 0.6 -0.6
DAYS MIN <= 0 0 0.0 0.0
PRECIPITATION (INCHES)
RECORD
MAXIMUM 3.93 1909
MINIMUM T 1956
TOTALS 1.63 0.65 0.98 0.49
DAILY AVG. 0.05 0.02 0.03
DAYS >= .01 4 4.6 -0.6
DAYS >= .10 3 1.9 1.1
DAYS >= .50 1 0.3 0.7
DAYS >= 1.00 1 0.0 1.0
GREATEST
24 HR. TOTAL 1.34 09/10 TO 09/11
SNOWFALL (INCHES)
RECORDS
TOTAL 14.0 1959
TOTALS 0.0 0.2 -0.2 0.0
SINCE 7/1 T 0.2 -0.2 MM
SNOWDEPTH AVG. 0
DAYS >= 1.0 0 0.1 -0.1
GREATEST
SNOW DEPTH 0 0
24 HR TOTAL MM MM
DEGREE DAYS
HEATING TOTAL 19 70 -51 25
SINCE 7/1 19 74 -55 MM
COOLING TOTAL 155 118 37 185
SINCE 1/1 1131 1073 58 MM
................................................................
WIND (MPH)
AVERAGE WIND SPEED 7.1
HIGHEST WIND SPEED/DIRECTION 36/190 DATE 09/30
HIGHEST GUST SPEED/DIRECTION 48/210 DATE 09/30
SKY COVER
POSSIBLE SUNSHINE (PERCENT) MM
AVERAGE SKY COVER 0.12
NUMBER OF DAYS FAIR 26
NUMBER OF DAYS PC 2
NUMBER OF DAYS CLOUDY 2
AVERAGE RH (PERCENT) 48
WEATHER CONDITIONS. NUMBER OF DAYS WITH
THUNDERSTORM 4 MIXED PRECIP 0
HEAVY RAIN 2 RAIN 3
LIGHT RAIN 6 FREEZING RAIN 0
LT FREEZING RAIN 0 HAIL 0
HEAVY SNOW 0 SNOW 0
LIGHT SNOW 0 SLEET 0
FOG 6 FOG W/VIS <= 1/4 MILE 2
HAZE 0
- INDICATES NEGATIVE NUMBERS.
R INDICATES RECORD WAS SET OR TIED.
MM INDICATES DATA IS MISSING.
T INDICATES TRACE AMOUNT.
$$