000
CXUS51 KBOX 010810
CF6PVD
PRELIMINARY LOCAL CLIMATOLOGICAL DATA (WS FORM: F-6)
STATION: PROVIDENCE RI
MONTH: APRIL
YEAR: 2022
LATITUDE: 41 43 N
LONGITUDE: 71 26 W
TEMPERATURE IN F: :PCPN: SNOW: WIND :SUNSHINE: SKY :PK WND
================================================================================
1 2 3 4 5 6A 6B 7 8 9 10 11 12 13 14 15 16 17 18
12Z AVG MX 2MIN
DY MAX MIN AVG DEP HDD CDD WTR SNW DPTH SPD SPD DIR MIN PSBL S-S WX SPD DR
================================================================================
1 61 39 50 6 15 0 0.21 0.0 0 12.8 28 270 M M 8 1 38 290
2 55 37 46 2 19 0 0.00 0.0 0 12.1 22 290 M M 3 30 280
3 53 33 43 -2 22 0 0.01 0.0 0 6.1 16 10 M M 8 21 150
4 58 38 48 3 17 0 0.00 0.0 0 10.9 20 330 M M 6 27 310
5 59 36 48 3 17 0 0.00 0.0 0 7.4 20 170 M M 5 25 180
6 49 41 45 -1 20 0 0.55 0.0 0 9.9 20 60 M M 9 1 25 40
7 56 41 49 3 16 0 0.05 0.0 0 12.2 26 100 M M 9 1 33 120
8 66 45 56 10 9 0 0.79 0.0 0 10.5 22 250 M M 6 13 27 270
9 60 43 52 5 13 0 0.03 0.0 0 9.4 28 190 M M 5 1 33 210
10 57 41 49 2 16 0 0.00 0.0 0 12.1 23 300 M M 6 30 280
11 61 39 50 2 15 0 0.00 0.0 0 10.5 20 160 M M 3 22 210
12 70 48 59 11 6 0 0.06 0.0 0 9.1 20 290 M M 6 1 28 300
13 67 44 56 8 9 0 T 0.0 0 8.1 21 150 M M 6 24 150
14 66 50 58 9 7 0 0.06 0.0 0 7.9 15 360 M M 8 1 19 350
15 69 50 60 11 5 0 T 0.0 0 11.9 25 220 M M 5 31 230
16 69 44 57 7 8 0 0.19 0.0 0 14.2 29 210 M M 6 1 40 190
17 51 39 45 -5 20 0 0.02 0.0 0 10.6 25 360 M M 4 34 330
18 55 35 45 -5 20 0 T 0.0 0 10.8 23 80 M M 5 29 90
19 55 42 49 -2 16 0 1.49 0.0 0 18.4 33 130 M M 7 1 50 140
20 59 41 50 -1 15 0 0.00 0.0 0 11.4 25 270 M M 1 35 270
21 62 35 49 -2 16 0 0.00 0.0 0 10.9 26 200 M M 6 35 200
22 67 48 58 6 7 0 0.00 0.0 0 11.0 24 310 M M 2 33 300
23 64 42 53 1 12 0 T 0.0 0 7.8 22 160 M M 4 26 140
24 56 43 50 -2 15 0 T 0.0 0 8.1 18 30 M M 9 24 50
25 61 39 50 -3 15 0 0.00 0.0 0 6.6 18 150 M M 6 22 160
26 52 43 48 -5 17 0 0.07 0.0 0 6.7 14 160 M M 9 1 16 170
27 59 41 50 -3 15 0 0.04 0.0 0 14.9 26 280 M M 6 1 35 290
28 53 39 46 -8 19 0 0.00 0.0 0 15.4 26 320 M M 4 37 360
29 60 39 50 -4 15 0 0.00 0.0 0 12.9 26 340 M M 2 36 320
30 63 41 52 -2 13 0 0.00 0.0 0 9.2 20 150 M M 2 24 160
================================================================================
SM 1793 1236 429 0 3.57 0.0 319.8 M 166
================================================================================
AV 59.8 41.2 10.7 FASTST M M 6 MAX(MPH)
MISC ----> 33 130 50 140
================================================================================
NOTES:
# LAST OF SEVERAL OCCURRENCES
COLUMN 17 PEAK WIND IN M.P.H.
PRELIMINARY LOCAL CLIMATOLOGICAL DATA (WS FORM: F-6) , PAGE 2
STATION: PROVIDENCE RI
MONTH: APRIL
YEAR: 2022
LATITUDE: 41 43 N
LONGITUDE: 71 26 W
[TEMPERATURE DATA] [PRECIPITATION DATA] SYMBOLS USED IN COLUMN 16
AVERAGE MONTHLY: 50.5 TOTAL FOR MONTH: 3.57 1 = FOG OR MIST
DPTR FM NORMAL: 1.2 DPTR FM NORMAL: -0.72 2 = FOG REDUCING VISIBILITY
HIGHEST: 70 ON 12 GRTST 24HR 1.49 ON 19-19 TO 1/4 MILE OR LESS
LOWEST: 33 ON 3 3 = THUNDER
SNOW, ICE PELLETS, HAIL 4 = ICE PELLETS
TOTAL MONTH: 0.0 INCH 5 = HAIL
GRTST 24HR 0.0 6 = FREEZING RAIN OR DRIZZLE
GRTST DEPTH: 0 7 = DUSTSTORM OR SANDSTORM:
VSBY 1/2 MILE OR LESS
8 = SMOKE OR HAZE
[NO. OF DAYS WITH] [WEATHER - DAYS WITH] 9 = BLOWING SNOW
X = TORNADO
MAX 32 OR BELOW: 0 0.01 INCH OR MORE: 13
MAX 90 OR ABOVE: 0 0.10 INCH OR MORE: 5
MIN 32 OR BELOW: 0 0.50 INCH OR MORE: 3
MIN 0 OR BELOW: 0 1.00 INCH OR MORE: 1
[HDD (BASE 65) ]
TOTAL THIS MO. 429 CLEAR (SCALE 0-3) 6
DPTR FM NORMAL -46 PTCLDY (SCALE 4-7) 20
TOTAL FM JUL 1 4722 CLOUDY (SCALE 8-10) 4
DPTR FM NORMAL -506
[CDD (BASE 65) ]
TOTAL THIS MO. 0
DPTR FM NORMAL -3 [PRESSURE DATA]
TOTAL FM JAN 1 0 HIGHEST SLP 30.56 ON 21
DPTR FM NORMAL -3 LOWEST SLP 29.40 ON 1
[REMARKS]
#FINAL-04-22#