000
CXUS53 KMKX 010910
CF6RAC
PRELIMINARY LOCAL CLIMATOLOGICAL DATA (WS FORM: F-6)
STATION: RACINE WI
MONTH: OCTOBER
YEAR: 2020
LATITUDE: 42 45 N
LONGITUDE: 87 49 W
TEMPERATURE IN F: :PCPN: SNOW: WIND :SUNSHINE: SKY :PK WND
================================================================================
1 2 3 4 5 6A 6B 7 8 9 10 11 12 13 14 15 16 17 18
12Z AVG MX 2MIN
DY MAX MIN AVG DEP HDD CDD WTR SNW DPTH SPD SPD DIR MIN PSBL S-S WX SPD DR
================================================================================
1 56 45 51 -6 14 0 0.19 M 0 7.3 20 350 M M 6 1 28 20
2 53 37 45 -11 20 0 0.00 0.0 0 5.8 17 10 M M 5 26 350
3 54 44 49 -7 16 0 0.06 M 0 3.9 13 210 M M 10 1 18 200
4 54 37 46 -10 19 0 T 0.0 0 7.7 17 10 M M 4 8 25 340
5 62 34 48 -7 17 0 0.00 0.0 0 10.2 21 180 M M 0 33 200
6 75 51 63 8 2 0 0.00 0.0 0 11.1 18 230 M M 0 31 230
7 73 48 61 6 4 0 0.00 0.0 0 8.5 20 310 M M 0 31 310
8 62 48 55 1 10 0 0.00 0.0 0 7.3 16 20 M M 0 22 10
9 81 54 68 14 0 3 0.00 0.0 0 13.3 25 220 M M 0 38 210
10 71 52 62 8 3 0 0.00 0.0 0 13.0 21 20 M M 0 28 20
11 62 51 57 4 8 0 0.00 0.0 0 9.8 15 100 M M 4 21 70
12 61 48 55 2 10 0 0.11 M 0 12.3 25 170 M M 5 12 36 290
13 70 45 58 6 7 0 0.00 0.0 0 9.4 29 230 M M 1 42 230
14 73 45 59 7 6 0 T M 0 10.7 26 160 M M 2 37 180
15 62 37 50 -2 15 0 0.00 0.0 0 11.1 25 270 M M 3 39 320
16 53 34 44 -8 21 0 T M 0 7.8 22 210 M M 4 33 210
17 63 33 48 -3 17 0 T M 0 13.8 29 200 M M 6 46 220
18 59 35 47 -4 18 0 0.18 M 0 7.2 18 210 M M 6 1 27 210
19 43 32 38 -12 27 0 0.02 M 0 7.5 18 10 M M 7 24 20
20 50 38 44 -6 21 0 0.12 M 0 9.2 16 120 M M 10 1 22 170
21 55 45 50 0 15 0 0.12 M M 8.3 17 170 M M 7 1 25 290
22 70 46 58 9 7 0 0.99 M 0 7.5 20 110 M M 9 12 28 110
23 50 36 43 -6 22 0 0.42 M 0 9.4 18 330 M M 9 1 29 360
24 44 31 38 -11 27 0 0.00 0.0 0 5.9 12 40 M M 3 14 40
25 43 36 40 -8 25 0 0.00 0.0 0 13.0 21 350 M M 8 29 10
26 38 34 36 -12 29 0 T T 0 6.4 14 340 M M 10 18 22 320
27 42 28 35 -13 30 0 0.00 0.0 0 6.0 12 210 M M 5 17 280
28 53 29 41 -6 24 0 0.00 0.0 M 9.1 17 250 M M 0 25 240
29 47 34 41 -6 24 0 0.01 M 0 15.2 30 10 M M 8 43 20
30 41 24 33 -13 32 0 0.00 0.0 0 5.4 14 360 M M 2 18 19 330
31 57 22 40 -6 25 0 0.00 0.0 0 11.9 25 200 M M 3 40 200
================================================================================
SM 1777 1213 515 3 2.22 T 285.0 M 137
================================================================================
AV 57.3 39.1 9.2 FASTST M M 4 MAX(MPH)
MISC ----> # 30 10 # 46 220
================================================================================
NOTES:
# LAST OF SEVERAL OCCURRENCES
COLUMN 17 PEAK WIND IN M.P.H.
PRELIMINARY LOCAL CLIMATOLOGICAL DATA (WS FORM: F-6) , PAGE 2
STATION: RACINE WI
MONTH: OCTOBER
YEAR: 2020
LATITUDE: 42 45 N
LONGITUDE: 87 49 W
[TEMPERATURE DATA] [PRECIPITATION DATA] SYMBOLS USED IN COLUMN 16
AVERAGE MONTHLY: 48.2 TOTAL FOR MONTH: 2.22 1 = FOG OR MIST
DPTR FM NORMAL: -3.2 DPTR FM NORMAL: -0.56 2 = FOG REDUCING VISIBILITY
HIGHEST: 81 ON 9 GRTST 24HR 0.99 ON 22-22 TO 1/4 MILE OR LESS
LOWEST: 22 ON 31 3 = THUNDER
SNOW, ICE PELLETS, HAIL 4 = ICE PELLETS
TOTAL MONTH: T 5 = HAIL
GRTST 24HR T ON 26-26 6 = FREEZING RAIN OR DRIZZLE
GRTST DEPTH: 0 7 = DUSTSTORM OR SANDSTORM:
VSBY 1/2 MILE OR LESS
8 = SMOKE OR HAZE
[NO. OF DAYS WITH] [WEATHER - DAYS WITH] 9 = BLOWING SNOW
X = TORNADO
MAX 32 OR BELOW: 0 0.01 INCH OR MORE: 10
MAX 90 OR ABOVE: 0 0.10 INCH OR MORE: 7
MIN 32 OR BELOW: 6 0.50 INCH OR MORE: 1
MIN 0 OR BELOW: 0 1.00 INCH OR MORE: 0
[HDD (BASE 65) ]
TOTAL THIS MO. 515 CLEAR (SCALE 0-3) 11
DPTR FM NORMAL 88 PTCLDY (SCALE 4-7) 15
TOTAL FM JUL 1 621 CLOUDY (SCALE 8-10) 5
DPTR FM NORMAL 49
[CDD (BASE 65) ]
TOTAL THIS MO. 3
DPTR FM NORMAL -4 [PRESSURE DATA]
TOTAL FM JAN 1 812 HIGHEST SLP 30.39 ON 30
DPTR FM NORMAL 231 LOWEST SLP 29.48 ON 14
[REMARKS]
#FINAL-10-20#