000
CXUS53 KMKX 010810
CF6RAC
PRELIMINARY LOCAL CLIMATOLOGICAL DATA (WS FORM: F-6)
STATION: RACINE WI
MONTH: OCTOBER
YEAR: 2023
LATITUDE: 42 45 N
LONGITUDE: 87 49 W
TEMPERATURE IN F: :PCPN: SNOW: WIND :SUNSHINE: SKY :PK WND
================================================================================
1 2 3 4 5 6A 6B 7 8 9 10 11 12 13 14 15 16 17 18
12Z AVG MX 2MIN
DY MAX MIN AVG DEP HDD CDD WTR SNW DPTH SPD SPD DIR MIN PSBL S-S WX SPD DR
================================================================================
1 80 60 70 12 0 5 0.00 M M 4.8 12 160 M M 0 1 14 130
2 82 60 71 13 0 6 0.00 M M 5.7 14 160 M M 0 1 18 150
3 80 59 70 13 0 5 0.00 M M 6.9 15 160 M M 0 1 23 160
4 79 70 75 18 0 10 T M M 9.3 17 230 M M 3 27 210
5 72 56 64 8 1 0 0.00 M M 5.3 12 290 M M 1 18 300
6 59 48 54 -2 11 0 0.08 M M 9.5 18 250 M M 5 1 28 220
7 58 42 50 -6 15 0 0.00 M M 10.1 21 310 M M 0 30 290
8 58 42 50 -5 15 0 0.00 M M 5.7 12 290 M M 3 18 320
9 57 38 48 -7 17 0 0.00 M M 8.4 18 290 M M 2 29 300
10 58 46 52 -2 13 0 0.00 M M 5.6 15 310 M M 10 22 320
11 61 43 52 -2 13 0 0.00 M M 6.3 14 70 M M 4 19 80
12 57 54 56 2 9 0 0.06 M M 14.4 24 90 M M 10 33 100
13 57 53 55 2 10 0 0.76 M M 20.0 26 90 M M 10 1 39 80
14 58 48 53 0 12 0 1.23 M M 19.6 31 60 M M 10 1 46 60
15 58 43 51 -1 14 0 0.04 M M 11.4 23 30 M M 5 34 30
16 53 38 46 -6 19 0 0.00 M M 7.4 22 20 M M 8 31 20
17 60 37 49 -3 16 0 0.00 M M 4.9 14 250 M M 0 21 240
18 64 47 56 5 9 0 0.13 M M 9.1 21 160 M M 3 29 160
19 59 52 56 5 9 0 0.07 M M 6.3 12 310 M M 8 1 17 300
20 60 45 53 3 12 0 0.00 M M 8.8 18 300 M M 6 29 310
21 60 40 50 0 15 0 0.12 M M 6.6 28 360 M M 8 1 36 360
22 54 38 46 -4 19 0 0.00 M M 4.9 12 330 M M 1 20 340
23 64 38 51 2 14 0 T M M 11.1 28 160 M M 0 38 160
24 81 60 71 22 0 6 0.00 M M 11.1 23 220 M M 2 37 210
25 68 62 65 17 0 0 0.01 M M 8.0 17 210 M M 10 1 28 200
26 68 62 65 17 0 0 0.44 M M 9.8 18 210 M M 9 13 26 210
27 72 41 57 9 8 0 0.06 M M 11.5 20 320 M M 10 1 32 250
28 49 38 44 -3 21 0 0.00 M M 9.2 16 30 M M 7 22 30
29 46 37 42 -5 23 0 0.00 M M 11.6 20 360 M M 10 26 10
30 40 28 34 -12 31 0 0.00 M M 8.0 17 260 M M 1 28 260
31 38 28 33 -13 32 0 0.05 M M 10.8 29 350 M M 7 128 42 350
================================================================================
SM 1910 1453 358 32 3.05 M 282.1 M 153
================================================================================
AV 61.6 46.9 9.1 FASTST M M 5 MAX(MPH)
MISC ----> 31 60 46 60
================================================================================
NOTES:
# LAST OF SEVERAL OCCURRENCES
COLUMN 17 PEAK WIND IN M.P.H.
PRELIMINARY LOCAL CLIMATOLOGICAL DATA (WS FORM: F-6) , PAGE 2
STATION: RACINE WI
MONTH: OCTOBER
YEAR: 2023
LATITUDE: 42 45 N
LONGITUDE: 87 49 W
[TEMPERATURE DATA] [PRECIPITATION DATA] SYMBOLS USED IN COLUMN 16
AVERAGE MONTHLY: 54.2 TOTAL FOR MONTH: 3.05 1 = FOG OR MIST
DPTR FM NORMAL: 2.1 DPTR FM NORMAL: 0.12 2 = FOG REDUCING VISIBILITY
HIGHEST: 82 ON 2 GRTST 24HR 1.66 ON 13-14 TO 1/4 MILE OR LESS
LOWEST: 28 ON 31,30 3 = THUNDER
SNOW, ICE PELLETS, HAIL 4 = ICE PELLETS
TOTAL MONTH: M 5 = HAIL
GRTST 24HR M ON M 6 = FREEZING RAIN OR DRIZZLE
GRTST DEPTH: M ON M 7 = DUSTSTORM OR SANDSTORM:
VSBY 1/2 MILE OR LESS
8 = SMOKE OR HAZE
[NO. OF DAYS WITH] [WEATHER - DAYS WITH] 9 = BLOWING SNOW
X = TORNADO
MAX 32 OR BELOW: 0 0.01 INCH OR MORE: 12
MAX 90 OR ABOVE: 0 0.10 INCH OR MORE: 5
MIN 32 OR BELOW: 2 0.50 INCH OR MORE: 2
MIN 0 OR BELOW: 0 1.00 INCH OR MORE: 1
[HDD (BASE 65) ]
TOTAL THIS MO. 358 CLEAR (SCALE 0-3) 12
DPTR FM NORMAL -51 PTCLDY (SCALE 4-7) 11
TOTAL FM JUL 1 402 CLOUDY (SCALE 8-10) 8
DPTR FM NORMAL -132
[CDD (BASE 65) ]
TOTAL THIS MO. 32
DPTR FM NORMAL 24 [PRESSURE DATA]
TOTAL FM JAN 1 724 HIGHEST SLP M ON M
DPTR FM NORMAL 69 LOWEST SLP 29.58 ON 21
[REMARKS]
#FINAL-10-23#